{"id":777,"date":"2024-10-25T13:14:42","date_gmt":"2024-10-25T16:14:42","guid":{"rendered":"https:\/\/gifukenjinkai.org.br\/20expo\/?page_id=777"},"modified":"2025-11-12T08:28:05","modified_gmt":"2025-11-12T11:28:05","slug":"mutsukokucinski","status":"publish","type":"page","link":"https:\/\/gifukenjinkai.org.br\/21expo\/artist\/mutsukokucinski\/","title":{"rendered":"MUTSUKO KUCINSKI (\u30e0\u30c4\u30b3\uff65\u30af\u30b7\u30f3\u30b9\u30ad)"},"content":{"rendered":"\n<h2 class=\"wp-block-heading\">MUTSUKO KUCINSKI<br>(\u30e0\u30c4\u30b3\uff65\u30af\u30b7\u30f3\u30b9\u30ad)<\/h2>\n\n\n\n<p>Nascida em Bastos, aprendeu portugu\u00eas num grupo escolar de Adamantina. <br>Foi docente e pesquisadora no IFUSP at\u00e9 se aposentar. <br>Mestrado e doutorado na Inglaterra. <br>Trabalhou em Brasilia em criptografia. <br>Depois de encerrada a vida acad\u00eamica se ocupa com aquarela, guache e acr\u00edlica.<br>Estudou com Setsuko Katayama, Selma Daffre, Naoto Kondo, Sergio Fingermann.<br>\u00c9 membro da APBA. Participou de algumas exposi\u00e7\u00f5es entre elas da ABA, da APBA, do Gigukenjinkai, do Centro Brit\u00e2nico e ganhou algumas medalhas.<\/p>\n\n\n\n<div style=\"height:64px\" aria-hidden=\"true\" class=\"wp-block-spacer\"><\/div>\n\n\n<ul class=\"wp-block-latest-posts__list is-grid columns-3 wp-block-latest-posts\"><li><div class=\"wp-block-latest-posts__featured-image\"><a href=\"https:\/\/gifukenjinkai.org.br\/21expo\/artist-mz\/mutsukokucinski\/acaciadenegev\/\" aria-label=\"Acacia de Negev\"><img loading=\"lazy\" decoding=\"async\" width=\"150\" height=\"150\" src=\"https:\/\/gifukenjinkai.org.br\/wp_expo\/wp-content\/uploads\/expo2025_sq480_MutsukoKucinski_1_AcaciaDeNegev-150x150.png\" class=\"attachment-thumbnail size-thumbnail wp-post-image\" alt=\"\" style=\"\" srcset=\"https:\/\/gifukenjinkai.org.br\/wp_expo\/wp-content\/uploads\/expo2025_sq480_MutsukoKucinski_1_AcaciaDeNegev-150x150.png 150w, https:\/\/gifukenjinkai.org.br\/wp_expo\/wp-content\/uploads\/expo2025_sq480_MutsukoKucinski_1_AcaciaDeNegev-300x300.png 300w, https:\/\/gifukenjinkai.org.br\/wp_expo\/wp-content\/uploads\/expo2025_sq480_MutsukoKucinski_1_AcaciaDeNegev.png 480w\" sizes=\"auto, (max-width: 150px) 100vw, 150px\" \/><\/a><\/div><a class=\"wp-block-latest-posts__post-title\" href=\"https:\/\/gifukenjinkai.org.br\/21expo\/artist-mz\/mutsukokucinski\/acaciadenegev\/\">Acacia de Negev<\/a><\/li>\n<\/ul>\n\n\n<p><\/p>\n","protected":false},"excerpt":{"rendered":"<p>MUTSUKO KUCINSKI(\u30e0\u30c4\u30b3\uff65\u30af\u30b7\u30f3\u30b9\u30ad) Nascida em Bastos, aprendeu portugu\u00eas num grupo escolar de Adamantina. Foi docente e pesquisadora no IFUSP at\u00e9 se [&hellip;]<\/p>\n","protected":false},"author":3,"featured_media":0,"parent":76,"menu_order":0,"comment_status":"closed","ping_status":"closed","template":"","meta":{"_uag_custom_page_level_css":"","site-sidebar-layout":"default","site-content-layout":"","ast-site-content-layout":"default","site-content-style":"default","site-sidebar-style":"default","ast-global-header-display":"","ast-banner-title-visibility":"","ast-main-header-display":"","ast-hfb-above-header-display":"","ast-hfb-below-header-display":"","ast-hfb-mobile-header-display":"","site-post-title":"disabled","ast-breadcrumbs-content":"","ast-featured-img":"disabled","footer-sml-layout":"","ast-disable-related-posts":"","theme-transparent-header-meta":"","adv-header-id-meta":"","stick-header-meta":"","header-above-stick-meta":"","header-main-stick-meta":"","header-below-stick-meta":"","astra-migrate-meta-layouts":"default","ast-page-background-enabled":"default","ast-page-background-meta":{"desktop":{"background-color":"var(--ast-global-color-4)","background-image":"","background-repeat":"repeat","background-position":"center center","background-size":"auto","background-attachment":"scroll","background-type":"","background-media":"","overlay-type":"","overlay-color":"","overlay-opacity":"","overlay-gradient":""},"tablet":{"background-color":"","background-image":"","background-repeat":"repeat","background-position":"center center","background-size":"auto","background-attachment":"scroll","background-type":"","background-media":"","overlay-type":"","overlay-color":"","overlay-opacity":"","overlay-gradient":""},"mobile":{"background-color":"","background-image":"","background-repeat":"repeat","background-position":"center center","background-size":"auto","background-attachment":"scroll","background-type":"","background-media":"","overlay-type":"","overlay-color":"","overlay-opacity":"","overlay-gradient":""}},"ast-content-background-meta":{"desktop":{"background-color":"var(--ast-global-color-5)","background-image":"","background-repeat":"repeat","background-position":"center center","background-size":"auto","background-attachment":"scroll","background-type":"","background-media":"","overlay-type":"","overlay-color":"","overlay-opacity":"","overlay-gradient":""},"tablet":{"background-color":"var(--ast-global-color-5)","background-image":"","background-repeat":"repeat","background-position":"center center","background-size":"auto","background-attachment":"scroll","background-type":"","background-media":"","overlay-type":"","overlay-color":"","overlay-opacity":"","overlay-gradient":""},"mobile":{"background-color":"var(--ast-global-color-5)","background-image":"","background-repeat":"repeat","background-position":"center center","background-size":"auto","background-attachment":"scroll","background-type":"","background-media":"","overlay-type":"","overlay-color":"","overlay-opacity":"","overlay-gradient":""}},"footnotes":""},"class_list":["post-777","page","type-page","status-publish","hentry"],"uagb_featured_image_src":{"full":false,"thumbnail":false,"medium":false,"medium_large":false,"large":false,"1536x1536":false,"2048x2048":false},"uagb_author_info":{"display_name":"admin admin","author_link":"https:\/\/gifukenjinkai.org.br\/21expo\/author\/admin\/"},"uagb_comment_info":0,"uagb_excerpt":"MUTSUKO KUCINSKI(\u30e0\u30c4\u30b3\uff65\u30af\u30b7\u30f3\u30b9\u30ad) Nascida em Bastos, aprendeu portugu\u00eas num grupo escolar de Adamantina. Foi docente e pesquisadora no IFUSP at\u00e9 se [&hellip;]","_links":{"self":[{"href":"https:\/\/gifukenjinkai.org.br\/21expo\/wp-json\/wp\/v2\/pages\/777","targetHints":{"allow":["GET"]}}],"collection":[{"href":"https:\/\/gifukenjinkai.org.br\/21expo\/wp-json\/wp\/v2\/pages"}],"about":[{"href":"https:\/\/gifukenjinkai.org.br\/21expo\/wp-json\/wp\/v2\/types\/page"}],"author":[{"embeddable":true,"href":"https:\/\/gifukenjinkai.org.br\/21expo\/wp-json\/wp\/v2\/users\/3"}],"replies":[{"embeddable":true,"href":"https:\/\/gifukenjinkai.org.br\/21expo\/wp-json\/wp\/v2\/comments?post=777"}],"version-history":[{"count":4,"href":"https:\/\/gifukenjinkai.org.br\/21expo\/wp-json\/wp\/v2\/pages\/777\/revisions"}],"predecessor-version":[{"id":2565,"href":"https:\/\/gifukenjinkai.org.br\/21expo\/wp-json\/wp\/v2\/pages\/777\/revisions\/2565"}],"up":[{"embeddable":true,"href":"https:\/\/gifukenjinkai.org.br\/21expo\/wp-json\/wp\/v2\/pages\/76"}],"wp:attachment":[{"href":"https:\/\/gifukenjinkai.org.br\/21expo\/wp-json\/wp\/v2\/media?parent=777"}],"curies":[{"name":"wp","href":"https:\/\/api.w.org\/{rel}","templated":true}]}}

MUTSUKO KUCINSKI (ムツコ･クシンスキ)

<h2 class="wp-block-heading">MUTSUKO KUCINSKI<br>(ムツコ･クシンスキ)</h2>



<p>Nascida em Bastos, aprendeu português num grupo escolar de Adamantina. <br>Foi docente e pesquisadora no IFUSP até se aposentar. <br>Mestrado e doutorado na Inglaterra. <br>Trabalhou em Brasilia em criptografia. <br>Depois de encerrada a vida acadêmica se ocupa com aquarela, guache e acrílica.<br>Estudou com Setsuko Katayama, Selma Daffre, Naoto Kondo, Sergio Fingermann.<br>É membro da APBA. Participou de algumas exposições entre elas da ABA, da APBA, do Gigukenjinkai, do Centro Britânico e ganhou algumas medalhas.</p>



<div style="height:64px" aria-hidden="true" class="wp-block-spacer"></div>


<ul class="wp-block-latest-posts__list is-grid columns-3 wp-block-latest-posts"><li><div class="wp-block-latest-posts__featured-image"><a href="https://gifukenjinkai.org.br/21expo/artist-mz/mutsukokucinski/acaciadenegev/" aria-label="Acacia de Negev"><img loading="lazy" decoding="async" width="150" height="150" src="https://gifukenjinkai.org.br/wp_expo/wp-content/uploads/expo2025_sq480_MutsukoKucinski_1_AcaciaDeNegev-150x150.png" class="attachment-thumbnail size-thumbnail wp-post-image" alt="" style="" srcset="https://gifukenjinkai.org.br/wp_expo/wp-content/uploads/expo2025_sq480_MutsukoKucinski_1_AcaciaDeNegev-150x150.png 150w, https://gifukenjinkai.org.br/wp_expo/wp-content/uploads/expo2025_sq480_MutsukoKucinski_1_AcaciaDeNegev-300x300.png 300w, https://gifukenjinkai.org.br/wp_expo/wp-content/uploads/expo2025_sq480_MutsukoKucinski_1_AcaciaDeNegev.png 480w" sizes="auto, (max-width: 150px) 100vw, 150px" /></a></div><a class="wp-block-latest-posts__post-title" href="https://gifukenjinkai.org.br/21expo/artist-mz/mutsukokucinski/acaciadenegev/">Acacia de Negev</a></li>
</ul>


<p></p>

<p>MUTSUKO KUCINSKI(ムツコ･クシンスキ) Nascida em Bastos, aprendeu português num grupo escolar de Adamantina. Foi docente e pesquisadora no IFUSP até se [&hellip;]</p>

MUTSUKO KUCINSKI(ムツコ･クシンスキ) Nascida em Bastos, aprendeu português num grupo escolar de Adamantina. Foi docente e pesquisadora no IFUSP até se [&hellip;]
