{"id":767,"date":"2025-11-09T12:43:16","date_gmt":"2025-11-09T15:43:16","guid":{"rendered":"https:\/\/gifukenjinkai.org.br\/20expo\/?page_id=767"},"modified":"2025-11-12T08:17:32","modified_gmt":"2025-11-12T11:17:32","slug":"mclaricesarraf","status":"publish","type":"page","link":"https:\/\/gifukenjinkai.org.br\/21expo\/artist\/mclaricesarraf\/","title":{"rendered":"M. CLARICE SARRAF (M\uff65\u30af\u30e9\u30ea\u30c3\u30bb\uff65\u30b5\u30cf\u30fc)"},"content":{"rendered":"\n<h2 class=\"wp-block-heading\">M. CLARICE SARRAF<br>(M\uff65\u30af\u30e9\u30ea\u30c3\u30bb\uff65\u30b5\u30cf\u30fc)<\/h2>\n\n\n\n<p class=\"has-text-align-right\"> <a href=\"https:\/\/www.instagram.com\/mclaricesarraf\" target=\"_blank\" rel=\"noreferrer noopener\">mclaricesarraf<\/a><br> <a href=\"https:\/\/mclaricesarraf.com.br\" target=\"_blank\" rel=\"noreferrer noopener\">https:\/\/mclaricesarraf.com.br<\/a><br> mclarice1803@gmail.com<br> +55 (11) 99941-1505<\/p>\n\n\n\n<p>Brasileira, natural da cidade de S\u00e3o Paulo.<br>Sua forma\u00e7\u00e3o art\u00edstica teve in\u00edcio em sua adolesc\u00eancia e se estende at\u00e9 os dias atuais. <br>Est\u00e1 envolvida em pesquisa constante no desenho, na pintura a \u00f3leo, no nanquim, no acr\u00edlico, na aquarela e na xilogravura.<br>Autodidata, ainda encontra no figurativo sua maior identidade visual.<br><br>Algumas exposi\u00e7\u00f5es individuais:<br>o Mostra individual de desenhos &#8211; Studio Bildende Kunst &#8211; Berlim &#8211; Alemanha<br>o Mostra individual Gelabert Studios Gallery &#8211; New York &#8211; USA<br>o \u201cContornos do Guaruj\u00e1\u201d &#8211; C\u00e2mara Municipal de Guaruj\u00e1 &#8211; SP<br>o \u201cFormatos e cores\u201d e \u201cM\u00faltiplas vis\u00f5es\u201d &#8211; AMORC &#8211; Ordem Rosacruz S\u00e3o Paulo<br>o \u201cCriando Imagens\u201d &#8211; CEMIC &#8211; Centro de mem\u00f3ria e Integra\u00e7\u00e3o Cultural Bertha Moraes M\u00e9dici &#8211; Santana de Parna\u00edba<br><br>Algumas exposi\u00e7\u00f5es coletivas:<br>o 2 Internationale Biennale Neues Aquarell &#8211; Fulda &#8211; Alemanha<br>o Third GNWP Shanghai China Exhibition &#8211; Shanghai &#8211; China<br>o 3rd Contemporary Art Competition \u201cDalla Venere alle Veneri\u201d &#8211; Genga &#8211; It\u00e1lia<br>o Bienales Internacionales de Acuarela del M\u00e9xico<br>o Exposiciones trienales internacionales de acuarela &#8211; Col\u00f4mbia<br>o FabrianoinAcquarello &#8211; It\u00e1lia &#8211; 2014 a 2024<br>o InWatercolor Traveling Exhibition &#8211; \u201cThe Water that crosses the Oceans\u201d &#8211; Brazil, India, Italy and United Arab Emirates<br>o 3\u00aa FINART &#8211; Faculdade Santa Marcelina &#8211; S\u00e3o Paulo &#8211; SP<br>o 45\u00ba e 56\u00ba Sal\u00f5es Paulistas de Belas Artes &#8211; Secretaria de Estado da Cultura do Estado de S\u00e3o Paulo<br>o Exposi\u00e7\u00e3o Coletiva Internacional de Gravuras \u201cMuseu Florestal, uma inspira\u00e7\u00e3o\u201d &#8211; Museu Florestal Oct\u00e1vio Vecchi &#8211; S\u00e3o Paulo &#8211; SP<br>o Exposi\u00e7\u00f5es de Interc\u00e2mbio Nipo-brasileiro &#8211; Consulado Geral do Jap\u00e3o &#8211; S\u00e3o Paulo &#8211; SP<br>o Grandes Exposi\u00e7\u00f5es de Arte Bunkyo &#8211; Sociedade de Cultura Japonesa &#8211; S\u00e3o Paulo &#8211; SP<br>o Projeto itinerante \u201cPap\u00e9is da Liberdade\u201d &#8211; ABA &#8211; Brasil \u2013 10 cidades brasileiras<\/p>\n\n\n\n<div style=\"height:64px\" aria-hidden=\"true\" class=\"wp-block-spacer\"><\/div>\n\n\n<ul class=\"wp-block-latest-posts__list is-grid columns-3 wp-block-latest-posts\"><li><div class=\"wp-block-latest-posts__featured-image\"><a href=\"https:\/\/gifukenjinkai.org.br\/21expo\/artist-mz\/mclaricesarraf\/vitralpina\/\" aria-label=\"Vitral &#8211; Pina\"><img loading=\"lazy\" decoding=\"async\" width=\"150\" height=\"150\" src=\"https:\/\/gifukenjinkai.org.br\/wp_expo\/wp-content\/uploads\/expo2025_sq480_MClariceSarraf_1_VitralPina-150x150.png\" class=\"attachment-thumbnail size-thumbnail wp-post-image\" alt=\"\" style=\"\" srcset=\"https:\/\/gifukenjinkai.org.br\/wp_expo\/wp-content\/uploads\/expo2025_sq480_MClariceSarraf_1_VitralPina-150x150.png 150w, https:\/\/gifukenjinkai.org.br\/wp_expo\/wp-content\/uploads\/expo2025_sq480_MClariceSarraf_1_VitralPina-300x300.png 300w, https:\/\/gifukenjinkai.org.br\/wp_expo\/wp-content\/uploads\/expo2025_sq480_MClariceSarraf_1_VitralPina.png 480w\" sizes=\"auto, (max-width: 150px) 100vw, 150px\" \/><\/a><\/div><a class=\"wp-block-latest-posts__post-title\" href=\"https:\/\/gifukenjinkai.org.br\/21expo\/artist-mz\/mclaricesarraf\/vitralpina\/\">Vitral &#8211; Pina<\/a><\/li>\n<li><div class=\"wp-block-latest-posts__featured-image\"><a href=\"https:\/\/gifukenjinkai.org.br\/21expo\/artist-mz\/mclaricesarraf\/vitralpina2\/\" aria-label=\"Vitral &#8211; Pina 2\"><img loading=\"lazy\" decoding=\"async\" width=\"150\" height=\"150\" src=\"https:\/\/gifukenjinkai.org.br\/wp_expo\/wp-content\/uploads\/expo2025_sq480_MClariceSarraf_2_VitralPina2-150x150.png\" class=\"attachment-thumbnail size-thumbnail wp-post-image\" alt=\"\" style=\"\" srcset=\"https:\/\/gifukenjinkai.org.br\/wp_expo\/wp-content\/uploads\/expo2025_sq480_MClariceSarraf_2_VitralPina2-150x150.png 150w, https:\/\/gifukenjinkai.org.br\/wp_expo\/wp-content\/uploads\/expo2025_sq480_MClariceSarraf_2_VitralPina2-300x300.png 300w, https:\/\/gifukenjinkai.org.br\/wp_expo\/wp-content\/uploads\/expo2025_sq480_MClariceSarraf_2_VitralPina2.png 480w\" sizes=\"auto, (max-width: 150px) 100vw, 150px\" \/><\/a><\/div><a class=\"wp-block-latest-posts__post-title\" href=\"https:\/\/gifukenjinkai.org.br\/21expo\/artist-mz\/mclaricesarraf\/vitralpina2\/\">Vitral &#8211; Pina 2<\/a><\/li>\n<\/ul>\n\n\n<p><\/p>\n","protected":false},"excerpt":{"rendered":"<p>M. CLARICE SARRAF(M\uff65\u30af\u30e9\u30ea\u30c3\u30bb\uff65\u30b5\u30cf\u30fc) mclaricesarraf https:\/\/mclaricesarraf.com.br mclarice1803@gmail.com +55 (11) 99941-1505 Brasileira, natural da cidade de S\u00e3o Paulo.Sua forma\u00e7\u00e3o art\u00edstica teve in\u00edcio [&hellip;]<\/p>\n","protected":false},"author":3,"featured_media":0,"parent":76,"menu_order":0,"comment_status":"closed","ping_status":"closed","template":"","meta":{"_uag_custom_page_level_css":"","site-sidebar-layout":"default","site-content-layout":"","ast-site-content-layout":"default","site-content-style":"default","site-sidebar-style":"default","ast-global-header-display":"","ast-banner-title-visibility":"","ast-main-header-display":"","ast-hfb-above-header-display":"","ast-hfb-below-header-display":"","ast-hfb-mobile-header-display":"","site-post-title":"disabled","ast-breadcrumbs-content":"","ast-featured-img":"disabled","footer-sml-layout":"","ast-disable-related-posts":"","theme-transparent-header-meta":"","adv-header-id-meta":"","stick-header-meta":"","header-above-stick-meta":"","header-main-stick-meta":"","header-below-stick-meta":"","astra-migrate-meta-layouts":"default","ast-page-background-enabled":"default","ast-page-background-meta":{"desktop":{"background-color":"var(--ast-global-color-4)","background-image":"","background-repeat":"repeat","background-position":"center center","background-size":"auto","background-attachment":"scroll","background-type":"","background-media":"","overlay-type":"","overlay-color":"","overlay-opacity":"","overlay-gradient":""},"tablet":{"background-color":"","background-image":"","background-repeat":"repeat","background-position":"center center","background-size":"auto","background-attachment":"scroll","background-type":"","background-media":"","overlay-type":"","overlay-color":"","overlay-opacity":"","overlay-gradient":""},"mobile":{"background-color":"","background-image":"","background-repeat":"repeat","background-position":"center center","background-size":"auto","background-attachment":"scroll","background-type":"","background-media":"","overlay-type":"","overlay-color":"","overlay-opacity":"","overlay-gradient":""}},"ast-content-background-meta":{"desktop":{"background-color":"var(--ast-global-color-5)","background-image":"","background-repeat":"repeat","background-position":"center center","background-size":"auto","background-attachment":"scroll","background-type":"","background-media":"","overlay-type":"","overlay-color":"","overlay-opacity":"","overlay-gradient":""},"tablet":{"background-color":"var(--ast-global-color-5)","background-image":"","background-repeat":"repeat","background-position":"center center","background-size":"auto","background-attachment":"scroll","background-type":"","background-media":"","overlay-type":"","overlay-color":"","overlay-opacity":"","overlay-gradient":""},"mobile":{"background-color":"var(--ast-global-color-5)","background-image":"","background-repeat":"repeat","background-position":"center center","background-size":"auto","background-attachment":"scroll","background-type":"","background-media":"","overlay-type":"","overlay-color":"","overlay-opacity":"","overlay-gradient":""}},"footnotes":""},"class_list":["post-767","page","type-page","status-publish","hentry"],"uagb_featured_image_src":{"full":false,"thumbnail":false,"medium":false,"medium_large":false,"large":false,"1536x1536":false,"2048x2048":false},"uagb_author_info":{"display_name":"admin admin","author_link":"https:\/\/gifukenjinkai.org.br\/21expo\/author\/admin\/"},"uagb_comment_info":0,"uagb_excerpt":"M. CLARICE SARRAF(M\uff65\u30af\u30e9\u30ea\u30c3\u30bb\uff65\u30b5\u30cf\u30fc) mclaricesarraf https:\/\/mclaricesarraf.com.br mclarice1803@gmail.com +55 (11) 99941-1505 Brasileira, natural da cidade de S\u00e3o Paulo.Sua forma\u00e7\u00e3o art\u00edstica teve in\u00edcio [&hellip;]","_links":{"self":[{"href":"https:\/\/gifukenjinkai.org.br\/21expo\/wp-json\/wp\/v2\/pages\/767","targetHints":{"allow":["GET"]}}],"collection":[{"href":"https:\/\/gifukenjinkai.org.br\/21expo\/wp-json\/wp\/v2\/pages"}],"about":[{"href":"https:\/\/gifukenjinkai.org.br\/21expo\/wp-json\/wp\/v2\/types\/page"}],"author":[{"embeddable":true,"href":"https:\/\/gifukenjinkai.org.br\/21expo\/wp-json\/wp\/v2\/users\/3"}],"replies":[{"embeddable":true,"href":"https:\/\/gifukenjinkai.org.br\/21expo\/wp-json\/wp\/v2\/comments?post=767"}],"version-history":[{"count":5,"href":"https:\/\/gifukenjinkai.org.br\/21expo\/wp-json\/wp\/v2\/pages\/767\/revisions"}],"predecessor-version":[{"id":2556,"href":"https:\/\/gifukenjinkai.org.br\/21expo\/wp-json\/wp\/v2\/pages\/767\/revisions\/2556"}],"up":[{"embeddable":true,"href":"https:\/\/gifukenjinkai.org.br\/21expo\/wp-json\/wp\/v2\/pages\/76"}],"wp:attachment":[{"href":"https:\/\/gifukenjinkai.org.br\/21expo\/wp-json\/wp\/v2\/media?parent=767"}],"curies":[{"name":"wp","href":"https:\/\/api.w.org\/{rel}","templated":true}]}}