{"id":755,"date":"2025-11-09T12:31:26","date_gmt":"2025-11-09T15:31:26","guid":{"rendered":"https:\/\/gifukenjinkai.org.br\/20expo\/?page_id=755"},"modified":"2025-11-12T05:18:46","modified_gmt":"2025-11-12T08:18:46","slug":"harumisuzuki","status":"publish","type":"page","link":"https:\/\/gifukenjinkai.org.br\/21expo\/artist\/harumisuzuki\/","title":{"rendered":"HARUMI SUZUKI (\u9234\u6728 \u30cf\u30eb\u30df)"},"content":{"rendered":"\n<h2 class=\"wp-block-heading\">HARUMI SUZUKI<br>(\u9234\u6728 \u30cf\u30eb\u30df)<\/h2>\n\n\n\n<p class=\"has-text-align-right\"> <a href=\"https:\/\/www.instagram.com\/harumi_s_art\" target=\"_blank\" rel=\"noreferrer noopener\">harumi_s_art<\/a><\/p>\n\n\n\n\n\n\n\n<p>Nascida em Belo Horizonte(MG) morou no Jap\u00e3o desde inf\u00e2ncia at\u00e9 adulto.<br>Estudou na escolas Japonesas, no ensino m\u00e9dio do Jap\u00e3o atuou no clube das artes ganhou alguns pr\u00eamios como paisagem, poster e outros. <br>Pinturas T\u00e9cnica mista sobre papel.<br>Participou de 20Exposi\u00e7\u00e3o de Interc\u00e2mbio Nipo-Brasileiro.<\/p>\n\n\n\n<div style=\"height:64px\" aria-hidden=\"true\" id=\"jp\" class=\"wp-block-spacer\"><\/div>\n\n\n\n<p>\u30df\u30ca\u30b9\u30fb\u30b8\u30a7\u30e9\u30a4\u30b9\u5dde\u751f\u307e\u308c\u306e\u65e5\u672c\u80b2\u3061\u3001\u5e7c\u5c11\u671f\u304b\u3089\u5927\u4eba\u307e\u3067\u306e\u671f\u9593\u3092\u65e5\u672c\u3067\u904e\u3054\u3059\u3002 <br>\u4e2d\u5b66\u6821\u6642\u4ee3\u306f\u7f8e\u8853\u90e8\u306b\u6240\u5c5e\u3001\u5e02\u306e\u4e2d\u5b66\u6821\u7f8e\u8853\u90e8\u5199\u751f\u5927\u4f1a\u3067\u306f\u91d1\u30fb\u9280\u8cde\u53d7\u8cde\u3002 \u4ed6\u306b\u3082\u4e2d\u5b66\u6821\u3067\u306e\u30dd\u30b9\u30bf\u30fc\u30b3\u30f3\u30af\u30eb2\u5e74\u9023\u7d9a\u5165\u9078\u3002<br>\u98a8\u666f\u753b\u3001\u4eba\u7269\u50cf\u3001\u73fe\u4ee3\u30a2\u30fc\u30c8\u3092\u6c34\u5f69\u753b\u3067\u5236\u4f5c\u3002<br>\u7b2c20\u56de\u65e5\u4f2f\u53cb\u60c5\u4ea4\u6d41\u7d75\u753b\u5c552024\u306b\u53c2\u52a0\u3002<\/p>\n\n\n\n<div style=\"height:64px\" aria-hidden=\"true\" class=\"wp-block-spacer\"><\/div>\n\n\n<ul class=\"wp-block-latest-posts__list is-grid columns-3 wp-block-latest-posts\"><li><div class=\"wp-block-latest-posts__featured-image\"><a href=\"https:\/\/gifukenjinkai.org.br\/21expo\/artist-al\/harumisuzuki\/kumamotokennabegataki\/\" aria-label=\"\u718a\u672c\u770c \u934b\u30f6\u6edd\"><img loading=\"lazy\" decoding=\"async\" width=\"150\" height=\"150\" src=\"https:\/\/gifukenjinkai.org.br\/wp_expo\/wp-content\/uploads\/expo2025_sq480_HarumiSuzuki_2_KumamotokenNabegataki-150x150.png\" class=\"attachment-thumbnail size-thumbnail wp-post-image\" alt=\"\" style=\"\" srcset=\"https:\/\/gifukenjinkai.org.br\/wp_expo\/wp-content\/uploads\/expo2025_sq480_HarumiSuzuki_2_KumamotokenNabegataki-150x150.png 150w, https:\/\/gifukenjinkai.org.br\/wp_expo\/wp-content\/uploads\/expo2025_sq480_HarumiSuzuki_2_KumamotokenNabegataki-300x300.png 300w, https:\/\/gifukenjinkai.org.br\/wp_expo\/wp-content\/uploads\/expo2025_sq480_HarumiSuzuki_2_KumamotokenNabegataki.png 480w\" sizes=\"auto, (max-width: 150px) 100vw, 150px\" \/><\/a><\/div><a class=\"wp-block-latest-posts__post-title\" href=\"https:\/\/gifukenjinkai.org.br\/21expo\/artist-al\/harumisuzuki\/kumamotokennabegataki\/\">\u718a\u672c\u770c \u934b\u30f6\u6edd<\/a><\/li>\n<li><div class=\"wp-block-latest-posts__featured-image\"><a href=\"https:\/\/gifukenjinkai.org.br\/21expo\/artist-al\/harumisuzuki\/hamanakoshibukibashi\/\" aria-label=\"\u6d5c\u540d\u6e56 \u5fd7\u3076\u304d\u6a4b\"><img loading=\"lazy\" decoding=\"async\" width=\"150\" height=\"150\" src=\"https:\/\/gifukenjinkai.org.br\/wp_expo\/wp-content\/uploads\/expo2025_sq480_HarumiSuzuki_1_HamanakoShibukibashi-150x150.png\" class=\"attachment-thumbnail size-thumbnail wp-post-image\" alt=\"\" style=\"\" srcset=\"https:\/\/gifukenjinkai.org.br\/wp_expo\/wp-content\/uploads\/expo2025_sq480_HarumiSuzuki_1_HamanakoShibukibashi-150x150.png 150w, https:\/\/gifukenjinkai.org.br\/wp_expo\/wp-content\/uploads\/expo2025_sq480_HarumiSuzuki_1_HamanakoShibukibashi-300x300.png 300w, https:\/\/gifukenjinkai.org.br\/wp_expo\/wp-content\/uploads\/expo2025_sq480_HarumiSuzuki_1_HamanakoShibukibashi.png 480w\" sizes=\"auto, (max-width: 150px) 100vw, 150px\" \/><\/a><\/div><a class=\"wp-block-latest-posts__post-title\" href=\"https:\/\/gifukenjinkai.org.br\/21expo\/artist-al\/harumisuzuki\/hamanakoshibukibashi\/\">\u6d5c\u540d\u6e56 \u5fd7\u3076\u304d\u6a4b<\/a><\/li>\n<\/ul>\n\n\n<p><\/p>\n","protected":false},"excerpt":{"rendered":"<p>HARUMI SUZUKI(\u9234\u6728 \u30cf\u30eb\u30df) harumi_s_art Nascida em Belo Horizonte(MG) morou no Jap\u00e3o desde inf\u00e2ncia at\u00e9 adulto.Estudou na escolas Japonesas, no ensino [&hellip;]<\/p>\n","protected":false},"author":3,"featured_media":0,"parent":76,"menu_order":0,"comment_status":"closed","ping_status":"closed","template":"","meta":{"_uag_custom_page_level_css":"","site-sidebar-layout":"default","site-content-layout":"","ast-site-content-layout":"default","site-content-style":"default","site-sidebar-style":"default","ast-global-header-display":"","ast-banner-title-visibility":"","ast-main-header-display":"","ast-hfb-above-header-display":"","ast-hfb-below-header-display":"","ast-hfb-mobile-header-display":"","site-post-title":"disabled","ast-breadcrumbs-content":"","ast-featured-img":"disabled","footer-sml-layout":"","ast-disable-related-posts":"","theme-transparent-header-meta":"","adv-header-id-meta":"","stick-header-meta":"","header-above-stick-meta":"","header-main-stick-meta":"","header-below-stick-meta":"","astra-migrate-meta-layouts":"default","ast-page-background-enabled":"default","ast-page-background-meta":{"desktop":{"background-color":"var(--ast-global-color-4)","background-image":"","background-repeat":"repeat","background-position":"center center","background-size":"auto","background-attachment":"scroll","background-type":"","background-media":"","overlay-type":"","overlay-color":"","overlay-opacity":"","overlay-gradient":""},"tablet":{"background-color":"","background-image":"","background-repeat":"repeat","background-position":"center center","background-size":"auto","background-attachment":"scroll","background-type":"","background-media":"","overlay-type":"","overlay-color":"","overlay-opacity":"","overlay-gradient":""},"mobile":{"background-color":"","background-image":"","background-repeat":"repeat","background-position":"center center","background-size":"auto","background-attachment":"scroll","background-type":"","background-media":"","overlay-type":"","overlay-color":"","overlay-opacity":"","overlay-gradient":""}},"ast-content-background-meta":{"desktop":{"background-color":"var(--ast-global-color-5)","background-image":"","background-repeat":"repeat","background-position":"center center","background-size":"auto","background-attachment":"scroll","background-type":"","background-media":"","overlay-type":"","overlay-color":"","overlay-opacity":"","overlay-gradient":""},"tablet":{"background-color":"var(--ast-global-color-5)","background-image":"","background-repeat":"repeat","background-position":"center center","background-size":"auto","background-attachment":"scroll","background-type":"","background-media":"","overlay-type":"","overlay-color":"","overlay-opacity":"","overlay-gradient":""},"mobile":{"background-color":"var(--ast-global-color-5)","background-image":"","background-repeat":"repeat","background-position":"center center","background-size":"auto","background-attachment":"scroll","background-type":"","background-media":"","overlay-type":"","overlay-color":"","overlay-opacity":"","overlay-gradient":""}},"footnotes":""},"class_list":["post-755","page","type-page","status-publish","hentry"],"uagb_featured_image_src":{"full":false,"thumbnail":false,"medium":false,"medium_large":false,"large":false,"1536x1536":false,"2048x2048":false},"uagb_author_info":{"display_name":"admin admin","author_link":"https:\/\/gifukenjinkai.org.br\/21expo\/author\/admin\/"},"uagb_comment_info":0,"uagb_excerpt":"HARUMI SUZUKI(\u9234\u6728 \u30cf\u30eb\u30df) harumi_s_art Nascida em Belo Horizonte(MG) morou no Jap\u00e3o desde inf\u00e2ncia at\u00e9 adulto.Estudou na escolas Japonesas, no ensino [&hellip;]","_links":{"self":[{"href":"https:\/\/gifukenjinkai.org.br\/21expo\/wp-json\/wp\/v2\/pages\/755","targetHints":{"allow":["GET"]}}],"collection":[{"href":"https:\/\/gifukenjinkai.org.br\/21expo\/wp-json\/wp\/v2\/pages"}],"about":[{"href":"https:\/\/gifukenjinkai.org.br\/21expo\/wp-json\/wp\/v2\/types\/page"}],"author":[{"embeddable":true,"href":"https:\/\/gifukenjinkai.org.br\/21expo\/wp-json\/wp\/v2\/users\/3"}],"replies":[{"embeddable":true,"href":"https:\/\/gifukenjinkai.org.br\/21expo\/wp-json\/wp\/v2\/comments?post=755"}],"version-history":[{"count":6,"href":"https:\/\/gifukenjinkai.org.br\/21expo\/wp-json\/wp\/v2\/pages\/755\/revisions"}],"predecessor-version":[{"id":2541,"href":"https:\/\/gifukenjinkai.org.br\/21expo\/wp-json\/wp\/v2\/pages\/755\/revisions\/2541"}],"up":[{"embeddable":true,"href":"https:\/\/gifukenjinkai.org.br\/21expo\/wp-json\/wp\/v2\/pages\/76"}],"wp:attachment":[{"href":"https:\/\/gifukenjinkai.org.br\/21expo\/wp-json\/wp\/v2\/media?parent=755"}],"curies":[{"name":"wp","href":"https:\/\/api.w.org\/{rel}","templated":true}]}}