{"id":750,"date":"2025-11-09T12:24:35","date_gmt":"2025-11-09T15:24:35","guid":{"rendered":"https:\/\/gifukenjinkai.org.br\/20expo\/?page_id=750"},"modified":"2025-11-11T11:26:08","modified_gmt":"2025-11-11T14:26:08","slug":"elizabethsaito","status":"publish","type":"page","link":"https:\/\/gifukenjinkai.org.br\/21expo\/artist\/elizabethsaito\/","title":{"rendered":"ELIZABETH SAITO (\u30b5\u30a4\u30c8\u30a6 \u30a8\u30ea\u30b6\u30d9\u30c3\u30c1)"},"content":{"rendered":"\n<h2 class=\"wp-block-heading\">ELIZABETH SAITO<br>(\u30b5\u30a4\u30c8\u30a6 \u30a8\u30ea\u30b6\u30d9\u30c3\u30c1)<\/h2>\n\n\n\n<p class=\"has-text-align-right\" style=\"font-size:16px\"> <a href=\"http:\/\/www.elizabethsaito.com.br\" target=\"_blank\" rel=\"noreferrer noopener\">www.elizabethsaito.com.br<\/a><br> <a href=\"https:\/\/www.instagram.com\/elizabethsaito2\" target=\"_blank\" rel=\"noreferrer noopener\">elizabethsaito2<\/a><br> <a href=\"https:\/\/www.instagram.com\/bethsaitohandmade\" target=\"_blank\" rel=\"noreferrer noopener\">bethsaitohandmade<\/a><br> eksaito01@gmail.com<br> +55 (11) 99632-0683<\/p>\n\n\n\n<p>Nome completo: Elizabeth Kioko Saito, brasileira<br>\u00c9 artista pl\u00e1stica, desenhista, artes\u00e3 e designer t\u00eaxtil.<br>Desde mar\u00e7o\/2021 trabalha com o ramo t\u00eaxtil e criou a empresa Elizabeth Saito.<br>Produz Arte atrav\u00e9s de pe\u00e7as decorativas ou vest\u00edveis artesanais autorais.<br>Proporciona presentes especiais com muito carinho, pinturas, tingimento &#8211; tie dye exclusivos e \u00fanicos para:<br>&#8211; Artwear \/ arte vest\u00edvel \/ Art handcraft,<br>&#8211; Pe\u00e7a artesanal autoral exclusiva \u00fanica<br>&#8211; Artesanato e Arte em tecido e papel (desenho, pintura, origami, orinuno)<br>&#8211; Moda casa e decora\u00e7\u00e3o<br>&#8211; Customiza\u00e7\u00e3o \/ Personaliza\u00e7\u00e3o T\u00eaxtil sob consulta<br>&#8211; Pintura (aquarela acr\u00edlica, batik, roketsuzome, tjap e tulis), tingimentos exclusivos (t\u00e9cnica: tie dye, shibori, arashi, Itajime, bandhani), orinuno e bordado sashiko em tecido<br>&#8211; Trabalha com tecidos de fibra celul\u00f3sica natural 100% e sint\u00e9tica (algod\u00e3o, linho, l\u00e3, viscose, visco linho, poliamida, papel) e seda 100% natural.<br><br>Portfolio de algumas obras e trabalhos no Instagram: @elizabethsaito2 e @bethsaitohandmade www.elizabethsaito.com.br\/loja\/pinturas e www.elizabethsaito.com.br\/loja\/desenhos<br><br>Apresenta\u00e7\u00e3o de trabalhos autorais em tecido com tinta acr\u00edlica, roketsuzome\/ batik, artwear \/ arte vest\u00edvel, orinuno, desenhos em t\u00e9cnica mista premiados com medalhas de ouro, de prata, bronze, men\u00e7\u00e3o honrosa e 1.o lugar; com participa\u00e7\u00e3o em:<br>&#8211; Sal\u00f5es da APBA de 2022 a 2025 (Sal\u00e3o Primavera, Ecol\u00f3gico, Arte Moderna, da Fauna, Livre, da Figura, Miniatura, Modelo Vivo)<br>&#8211; Expo Brasil-SP Amaz\u00f4nia I, II e III de 2022 a 2025 &#8211; Odisseia Casa de Cultura e APBA, S\u00e3o Paulo\/SP<br>&#8211; Expo Cores do Brasil (Ago\/22) &#8211; Odisseia Casa de Cultura, S\u00e3o Paulo\/SP<br>&#8211; Expo Brasil Express\u00f5es (Jun\/23) \u2013 premia\u00e7\u00e3o medalha de ouro \u2013 Arte no Papel Edi\u00e7\u00e3o Circolo Italiano \u2013 S\u00e3o Paulo\/SP;<br>&#8211; 20\u00aa EXPOSI\u00c7\u00c3O DE INTERC\u00c2MBIO NIPO-BRASILEIRO 2024 (Nov\/24) \u2013 pain\u00e9is com tingimentos em tecido \u2013 link: Geom\u00e9trico Azul Cobalto \u2013 20\u00aa EXPOSI\u00c7\u00c3O DE INTERC\u00c2MBIO NIPO-BRASILEIRO 2024; 19\u00aa EXPOSI\u00c7\u00c3O DE INTERC\u00c2MBIO NIPO-BRASILEIRO 2023 (Nov\/23) \u2013 Desenho em papel \u2013 APBA \/ Gifukenjinkai do Brasil \u2013 S\u00e3o Paulo\/SP &#8211; Exposi\u00e7\u00e3o Virtual &#8211; Link: https:\/\/gifukenjinkai.org.br\/19expo\/elizabeth-saito\/index.html<br>&#8211; 15.a Grande Expo de Arte Bunkyo 2023 &#8211; Arte Koguei \u2013 arte em tecido (orinuno) e 14.a Grande Expo de Arte Bunkyo 2022 &#8211; Arte Koguei \u2013 pintura batik em tecido &#8211; Espa\u00e7o Cultural Bunkyo, S\u00e3o Paulo\/SP<br>Link: arte koguei \u2013 Bunkyo \u2013 ano 2022<br>Link: GEAB 2023 &#8211; Cata\u0301logo_site.pdf &#8211; Google Drive \u2013 pg.49 \u2013 ano 2023<br>&#8211; Expo A Po\u00e9tica do Ponto em Movimento (2021) &#8211; Galeria de Arte \u201cA Hebraica\u201d, S\u00e3o Paulo\/SP<br>&#8211; Exposi\u00e7\u00e3o Internacional Luxembourg Art Prize 2021 e 2022 &#8211; https:\/\/www.luxembourgartprize.com\/pt\/home-pt\/<\/p>\n\n\n\n<div style=\"height:64px\" aria-hidden=\"true\" class=\"wp-block-spacer\"><\/div>\n\n\n<ul class=\"wp-block-latest-posts__list wp-block-latest-posts\"><li><div class=\"wp-block-latest-posts__featured-image\"><a href=\"https:\/\/gifukenjinkai.org.br\/21expo\/artist-al\/elizabethsaito\/japonesanajanela\/\" aria-label=\"Japonesa Na Janela\"><img loading=\"lazy\" decoding=\"async\" width=\"150\" height=\"150\" src=\"https:\/\/gifukenjinkai.org.br\/wp_expo\/wp-content\/uploads\/expo2025_sq480_ElizabethSaito_1_JaponesaNaJanela-150x150.png\" class=\"attachment-thumbnail size-thumbnail wp-post-image\" alt=\"\" style=\"\" srcset=\"https:\/\/gifukenjinkai.org.br\/wp_expo\/wp-content\/uploads\/expo2025_sq480_ElizabethSaito_1_JaponesaNaJanela-150x150.png 150w, https:\/\/gifukenjinkai.org.br\/wp_expo\/wp-content\/uploads\/expo2025_sq480_ElizabethSaito_1_JaponesaNaJanela-300x300.png 300w, https:\/\/gifukenjinkai.org.br\/wp_expo\/wp-content\/uploads\/expo2025_sq480_ElizabethSaito_1_JaponesaNaJanela.png 480w\" sizes=\"auto, (max-width: 150px) 100vw, 150px\" \/><\/a><\/div><a class=\"wp-block-latest-posts__post-title\" href=\"https:\/\/gifukenjinkai.org.br\/21expo\/artist-al\/elizabethsaito\/japonesanajanela\/\">Japonesa Na Janela<\/a><\/li>\n<\/ul>\n\n\n<p><\/p>\n\n\n\n<p><\/p>\n","protected":false},"excerpt":{"rendered":"<p>ELIZABETH SAITO(\u30b5\u30a4\u30c8\u30a6 \u30a8\u30ea\u30b6\u30d9\u30c3\u30c1) www.elizabethsaito.com.br elizabethsaito2 bethsaitohandmade eksaito01@gmail.com +55 (11) 99632-0683 Nome completo: Elizabeth Kioko Saito, brasileira\u00c9 artista pl\u00e1stica, desenhista, artes\u00e3 [&hellip;]<\/p>\n","protected":false},"author":3,"featured_media":0,"parent":76,"menu_order":0,"comment_status":"closed","ping_status":"closed","template":"","meta":{"_uag_custom_page_level_css":"","site-sidebar-layout":"default","site-content-layout":"","ast-site-content-layout":"default","site-content-style":"default","site-sidebar-style":"default","ast-global-header-display":"","ast-banner-title-visibility":"","ast-main-header-display":"","ast-hfb-above-header-display":"","ast-hfb-below-header-display":"","ast-hfb-mobile-header-display":"","site-post-title":"disabled","ast-breadcrumbs-content":"","ast-featured-img":"disabled","footer-sml-layout":"","ast-disable-related-posts":"","theme-transparent-header-meta":"","adv-header-id-meta":"","stick-header-meta":"","header-above-stick-meta":"","header-main-stick-meta":"","header-below-stick-meta":"","astra-migrate-meta-layouts":"default","ast-page-background-enabled":"default","ast-page-background-meta":{"desktop":{"background-color":"var(--ast-global-color-4)","background-image":"","background-repeat":"repeat","background-position":"center center","background-size":"auto","background-attachment":"scroll","background-type":"","background-media":"","overlay-type":"","overlay-color":"","overlay-opacity":"","overlay-gradient":""},"tablet":{"background-color":"","background-image":"","background-repeat":"repeat","background-position":"center center","background-size":"auto","background-attachment":"scroll","background-type":"","background-media":"","overlay-type":"","overlay-color":"","overlay-opacity":"","overlay-gradient":""},"mobile":{"background-color":"","background-image":"","background-repeat":"repeat","background-position":"center center","background-size":"auto","background-attachment":"scroll","background-type":"","background-media":"","overlay-type":"","overlay-color":"","overlay-opacity":"","overlay-gradient":""}},"ast-content-background-meta":{"desktop":{"background-color":"var(--ast-global-color-5)","background-image":"","background-repeat":"repeat","background-position":"center center","background-size":"auto","background-attachment":"scroll","background-type":"","background-media":"","overlay-type":"","overlay-color":"","overlay-opacity":"","overlay-gradient":""},"tablet":{"background-color":"var(--ast-global-color-5)","background-image":"","background-repeat":"repeat","background-position":"center center","background-size":"auto","background-attachment":"scroll","background-type":"","background-media":"","overlay-type":"","overlay-color":"","overlay-opacity":"","overlay-gradient":""},"mobile":{"background-color":"var(--ast-global-color-5)","background-image":"","background-repeat":"repeat","background-position":"center center","background-size":"auto","background-attachment":"scroll","background-type":"","background-media":"","overlay-type":"","overlay-color":"","overlay-opacity":"","overlay-gradient":""}},"footnotes":""},"class_list":["post-750","page","type-page","status-publish","hentry"],"uagb_featured_image_src":{"full":false,"thumbnail":false,"medium":false,"medium_large":false,"large":false,"1536x1536":false,"2048x2048":false},"uagb_author_info":{"display_name":"admin admin","author_link":"https:\/\/gifukenjinkai.org.br\/21expo\/author\/admin\/"},"uagb_comment_info":0,"uagb_excerpt":"ELIZABETH SAITO(\u30b5\u30a4\u30c8\u30a6 \u30a8\u30ea\u30b6\u30d9\u30c3\u30c1) www.elizabethsaito.com.br elizabethsaito2 bethsaitohandmade eksaito01@gmail.com +55 (11) 99632-0683 Nome completo: Elizabeth Kioko Saito, brasileira\u00c9 artista pl\u00e1stica, desenhista, artes\u00e3 [&hellip;]","_links":{"self":[{"href":"https:\/\/gifukenjinkai.org.br\/21expo\/wp-json\/wp\/v2\/pages\/750","targetHints":{"allow":["GET"]}}],"collection":[{"href":"https:\/\/gifukenjinkai.org.br\/21expo\/wp-json\/wp\/v2\/pages"}],"about":[{"href":"https:\/\/gifukenjinkai.org.br\/21expo\/wp-json\/wp\/v2\/types\/page"}],"author":[{"embeddable":true,"href":"https:\/\/gifukenjinkai.org.br\/21expo\/wp-json\/wp\/v2\/users\/3"}],"replies":[{"embeddable":true,"href":"https:\/\/gifukenjinkai.org.br\/21expo\/wp-json\/wp\/v2\/comments?post=750"}],"version-history":[{"count":8,"href":"https:\/\/gifukenjinkai.org.br\/21expo\/wp-json\/wp\/v2\/pages\/750\/revisions"}],"predecessor-version":[{"id":2522,"href":"https:\/\/gifukenjinkai.org.br\/21expo\/wp-json\/wp\/v2\/pages\/750\/revisions\/2522"}],"up":[{"embeddable":true,"href":"https:\/\/gifukenjinkai.org.br\/21expo\/wp-json\/wp\/v2\/pages\/76"}],"wp:attachment":[{"href":"https:\/\/gifukenjinkai.org.br\/21expo\/wp-json\/wp\/v2\/media?parent=750"}],"curies":[{"name":"wp","href":"https:\/\/api.w.org\/{rel}","templated":true}]}}