{"id":748,"date":"2025-11-09T12:11:35","date_gmt":"2025-11-09T15:11:35","guid":{"rendered":"https:\/\/gifukenjinkai.org.br\/20expo\/?page_id=748"},"modified":"2025-11-12T05:48:57","modified_gmt":"2025-11-12T08:48:57","slug":"eijiyajima","status":"publish","type":"page","link":"https:\/\/gifukenjinkai.org.br\/21expo\/artist\/eijiyajima\/","title":{"rendered":"EIJI YAJIMA (\u77e2\u5cf6 \u30a8\u30a4\u30b8)"},"content":{"rendered":"\n<h2 class=\"wp-block-heading\">EIJI YAJIMA<br>(\u77e2\u5cf6 \u30a8\u30a4\u30b8)<\/h2>\n\n\n\n<p>Nascido em Getulina (SP), em 1943, \u00e9 Arte-educador e Professor universit\u00e1rio, com gradua\u00e7\u00e3o em Desenho e Pl\u00e1stica, Especializa\u00e7\u00e3o em Aquarela e Mestrado em Arte e Educa\u00e7\u00e3o e Cultura. Publicou livros did\u00e1ticos de Pl\u00e1stica, Desenho e Desenho Geom\u00e9trico pela editora IBEP e Organizador do livro Modelo Vivo 11 olhares pela editora Cal\u00eandula. Premiado em diversos sal\u00f5es com pr\u00eamios aquisitivos, n\u00e3o se limitando somente \u00e0 imagem figurativa, mas envolvendo o pensamento na rela\u00e7\u00e3o gr\u00e1fica e visual entre o modelo vivo e o lugar que ocupa no espa\u00e7o.<\/p>\n\n\n\n<div style=\"height:64px\" aria-hidden=\"true\" class=\"wp-block-spacer\"><\/div>\n\n\n<ul class=\"wp-block-latest-posts__list is-grid columns-3 wp-block-latest-posts\"><li><div class=\"wp-block-latest-posts__featured-image\"><a href=\"https:\/\/gifukenjinkai.org.br\/21expo\/artist-al\/eijiyajima\/primavera\/\" aria-label=\"Primavera\"><img loading=\"lazy\" decoding=\"async\" width=\"150\" height=\"150\" src=\"https:\/\/gifukenjinkai.org.br\/wp_expo\/wp-content\/uploads\/expo2025_sq480_EijiYajima_1_Primavera-150x150.png\" class=\"attachment-thumbnail size-thumbnail wp-post-image\" alt=\"\" style=\"\" srcset=\"https:\/\/gifukenjinkai.org.br\/wp_expo\/wp-content\/uploads\/expo2025_sq480_EijiYajima_1_Primavera-150x150.png 150w, https:\/\/gifukenjinkai.org.br\/wp_expo\/wp-content\/uploads\/expo2025_sq480_EijiYajima_1_Primavera-300x300.png 300w, https:\/\/gifukenjinkai.org.br\/wp_expo\/wp-content\/uploads\/expo2025_sq480_EijiYajima_1_Primavera.png 480w\" sizes=\"auto, (max-width: 150px) 100vw, 150px\" \/><\/a><\/div><a class=\"wp-block-latest-posts__post-title\" href=\"https:\/\/gifukenjinkai.org.br\/21expo\/artist-al\/eijiyajima\/primavera\/\">Primavera<\/a><\/li>\n<\/ul>\n\n\n<p><\/p>\n","protected":false},"excerpt":{"rendered":"<p>EIJI YAJIMA(\u77e2\u5cf6 \u30a8\u30a4\u30b8) Nascido em Getulina (SP), em 1943, \u00e9 Arte-educador e Professor universit\u00e1rio, com gradua\u00e7\u00e3o em Desenho e Pl\u00e1stica, [&hellip;]<\/p>\n","protected":false},"author":3,"featured_media":0,"parent":76,"menu_order":0,"comment_status":"closed","ping_status":"closed","template":"","meta":{"_uag_custom_page_level_css":"","site-sidebar-layout":"default","site-content-layout":"","ast-site-content-layout":"default","site-content-style":"default","site-sidebar-style":"default","ast-global-header-display":"","ast-banner-title-visibility":"","ast-main-header-display":"","ast-hfb-above-header-display":"","ast-hfb-below-header-display":"","ast-hfb-mobile-header-display":"","site-post-title":"disabled","ast-breadcrumbs-content":"","ast-featured-img":"disabled","footer-sml-layout":"","ast-disable-related-posts":"","theme-transparent-header-meta":"","adv-header-id-meta":"","stick-header-meta":"","header-above-stick-meta":"","header-main-stick-meta":"","header-below-stick-meta":"","astra-migrate-meta-layouts":"default","ast-page-background-enabled":"default","ast-page-background-meta":{"desktop":{"background-color":"var(--ast-global-color-4)","background-image":"","background-repeat":"repeat","background-position":"center center","background-size":"auto","background-attachment":"scroll","background-type":"","background-media":"","overlay-type":"","overlay-color":"","overlay-opacity":"","overlay-gradient":""},"tablet":{"background-color":"","background-image":"","background-repeat":"repeat","background-position":"center center","background-size":"auto","background-attachment":"scroll","background-type":"","background-media":"","overlay-type":"","overlay-color":"","overlay-opacity":"","overlay-gradient":""},"mobile":{"background-color":"","background-image":"","background-repeat":"repeat","background-position":"center center","background-size":"auto","background-attachment":"scroll","background-type":"","background-media":"","overlay-type":"","overlay-color":"","overlay-opacity":"","overlay-gradient":""}},"ast-content-background-meta":{"desktop":{"background-color":"var(--ast-global-color-5)","background-image":"","background-repeat":"repeat","background-position":"center center","background-size":"auto","background-attachment":"scroll","background-type":"","background-media":"","overlay-type":"","overlay-color":"","overlay-opacity":"","overlay-gradient":""},"tablet":{"background-color":"var(--ast-global-color-5)","background-image":"","background-repeat":"repeat","background-position":"center center","background-size":"auto","background-attachment":"scroll","background-type":"","background-media":"","overlay-type":"","overlay-color":"","overlay-opacity":"","overlay-gradient":""},"mobile":{"background-color":"var(--ast-global-color-5)","background-image":"","background-repeat":"repeat","background-position":"center center","background-size":"auto","background-attachment":"scroll","background-type":"","background-media":"","overlay-type":"","overlay-color":"","overlay-opacity":"","overlay-gradient":""}},"footnotes":""},"class_list":["post-748","page","type-page","status-publish","hentry"],"uagb_featured_image_src":{"full":false,"thumbnail":false,"medium":false,"medium_large":false,"large":false,"1536x1536":false,"2048x2048":false},"uagb_author_info":{"display_name":"admin admin","author_link":"https:\/\/gifukenjinkai.org.br\/21expo\/author\/admin\/"},"uagb_comment_info":0,"uagb_excerpt":"EIJI YAJIMA(\u77e2\u5cf6 \u30a8\u30a4\u30b8) Nascido em Getulina (SP), em 1943, \u00e9 Arte-educador e Professor universit\u00e1rio, com gradua\u00e7\u00e3o em Desenho e Pl\u00e1stica, [&hellip;]","_links":{"self":[{"href":"https:\/\/gifukenjinkai.org.br\/21expo\/wp-json\/wp\/v2\/pages\/748","targetHints":{"allow":["GET"]}}],"collection":[{"href":"https:\/\/gifukenjinkai.org.br\/21expo\/wp-json\/wp\/v2\/pages"}],"about":[{"href":"https:\/\/gifukenjinkai.org.br\/21expo\/wp-json\/wp\/v2\/types\/page"}],"author":[{"embeddable":true,"href":"https:\/\/gifukenjinkai.org.br\/21expo\/wp-json\/wp\/v2\/users\/3"}],"replies":[{"embeddable":true,"href":"https:\/\/gifukenjinkai.org.br\/21expo\/wp-json\/wp\/v2\/comments?post=748"}],"version-history":[{"count":5,"href":"https:\/\/gifukenjinkai.org.br\/21expo\/wp-json\/wp\/v2\/pages\/748\/revisions"}],"predecessor-version":[{"id":2552,"href":"https:\/\/gifukenjinkai.org.br\/21expo\/wp-json\/wp\/v2\/pages\/748\/revisions\/2552"}],"up":[{"embeddable":true,"href":"https:\/\/gifukenjinkai.org.br\/21expo\/wp-json\/wp\/v2\/pages\/76"}],"wp:attachment":[{"href":"https:\/\/gifukenjinkai.org.br\/21expo\/wp-json\/wp\/v2\/media?parent=748"}],"curies":[{"name":"wp","href":"https:\/\/api.w.org\/{rel}","templated":true}]}}

EIJI YAJIMA (矢島 エイジ)

<h2 class="wp-block-heading">EIJI YAJIMA<br>(矢島 エイジ)</h2>



<p>Nascido em Getulina (SP), em 1943, é Arte-educador e Professor universitário, com graduação em Desenho e Plástica, Especialização em Aquarela e Mestrado em Arte e Educação e Cultura. Publicou livros didáticos de Plástica, Desenho e Desenho Geométrico pela editora IBEP e Organizador do livro Modelo Vivo 11 olhares pela editora Calêndula. Premiado em diversos salões com prêmios aquisitivos, não se limitando somente à imagem figurativa, mas envolvendo o pensamento na relação gráfica e visual entre o modelo vivo e o lugar que ocupa no espaço.</p>



<div style="height:64px" aria-hidden="true" class="wp-block-spacer"></div>


<ul class="wp-block-latest-posts__list is-grid columns-3 wp-block-latest-posts"><li><div class="wp-block-latest-posts__featured-image"><a href="https://gifukenjinkai.org.br/21expo/artist-al/eijiyajima/primavera/" aria-label="Primavera"><img loading="lazy" decoding="async" width="150" height="150" src="https://gifukenjinkai.org.br/wp_expo/wp-content/uploads/expo2025_sq480_EijiYajima_1_Primavera-150x150.png" class="attachment-thumbnail size-thumbnail wp-post-image" alt="" style="" srcset="https://gifukenjinkai.org.br/wp_expo/wp-content/uploads/expo2025_sq480_EijiYajima_1_Primavera-150x150.png 150w, https://gifukenjinkai.org.br/wp_expo/wp-content/uploads/expo2025_sq480_EijiYajima_1_Primavera-300x300.png 300w, https://gifukenjinkai.org.br/wp_expo/wp-content/uploads/expo2025_sq480_EijiYajima_1_Primavera.png 480w" sizes="auto, (max-width: 150px) 100vw, 150px" /></a></div><a class="wp-block-latest-posts__post-title" href="https://gifukenjinkai.org.br/21expo/artist-al/eijiyajima/primavera/">Primavera</a></li>
</ul>


<p></p>

<p>EIJI YAJIMA(矢島 エイジ) Nascido em Getulina (SP), em 1943, é Arte-educador e Professor universitário, com graduação em Desenho e Plástica, [&hellip;]</p>

EIJI YAJIMA(矢島 エイジ) Nascido em Getulina (SP), em 1943, é Arte-educador e Professor universitário, com graduação em Desenho e Plástica, [&hellip;]
