{"id":328,"date":"2024-10-22T17:06:41","date_gmt":"2024-10-22T20:06:41","guid":{"rendered":"https:\/\/gifukenjinkai.org.br\/20expo\/?page_id=328"},"modified":"2025-11-09T13:53:40","modified_gmt":"2025-11-09T16:53:40","slug":"saudacao","status":"publish","type":"page","link":"https:\/\/gifukenjinkai.org.br\/21expo\/br\/saudacao\/","title":{"rendered":"Sauda\u00e7\u00e3o"},"content":{"rendered":"<p style=\"text-align: right;\"><a href=\"https:\/\/gifukenjinkai.org.br\/20expo\/jp\/aisatsu\/\"><\/a><\/p>\n\n\n<div style=\"height:64px\" aria-hidden=\"true\" class=\"wp-block-spacer\"><\/div>\n\n\n<div data-post-id=\"342\" class=\"insert-page insert-page-342 \"><h3><img loading=\"lazy\" decoding=\"async\" class=\"alignleft wp-image-1731\" src=\"https:\/\/gifukenjinkai.org.br\/wp_expo\/wp-content\/uploads\/expo2025_photo_greeting_takamoto_jiro-300x300.png\" alt=\"\" width=\"180\" height=\"180\" srcset=\"https:\/\/gifukenjinkai.org.br\/wp_expo\/wp-content\/uploads\/expo2025_photo_greeting_takamoto_jiro-300x300.png 300w, https:\/\/gifukenjinkai.org.br\/wp_expo\/wp-content\/uploads\/expo2025_photo_greeting_takamoto_jiro-150x150.png 150w, https:\/\/gifukenjinkai.org.br\/wp_expo\/wp-content\/uploads\/expo2025_photo_greeting_takamoto_jiro.png 535w\" sizes=\"auto, (max-width: 180px) 100vw, 180px\" \/>Takamoto Jiro<br \/>\nC\u00f4nsul Geral Adjunto do Jap\u00e3o em S\u00e3o Paulo<\/h3>\n<p>\u00c9 com grande satisfa\u00e7\u00e3o que apresento minhas felicita\u00e7\u00f5es pela realiza\u00e7\u00e3o da 21\u00aa Exposi\u00e7\u00e3o de Interc\u00e2mbio Nipo-Brasileiro. Evento que, ao longo de mais de duas d\u00e9cadas, tem contribu\u00eddo para o fortalecimento dos la\u00e7os entre o Jap\u00e3o e o Brasil por meio da arte. Neste ano, sua realiza\u00e7\u00e3o ganha um significado especial por ocorrer no contexto das celebra\u00e7\u00f5es dos 130 anos de rela\u00e7\u00f5es diplom\u00e1ticas entre nossos pa\u00edses.<\/p>\n<p>A exposi\u00e7\u00e3o re\u00fane obras de artistas japoneses e brasileiros, proporcionando aos visitantes a oportunidade de apreciar diferentes estilos e sensibilidades.<\/p>\n<p>Cada trabalho apresentado expressa a riqueza da diversidade cultural e demonstra como, mesmo com hist\u00f3rias e tradi\u00e7\u00f5es distintas, Jap\u00e3o e Brasil podem se conectar por meio da criatividade e da express\u00e3o art\u00edstica.<\/p>\n<p>Ao longo de sua trajet\u00f3ria, o evento consolidou-se como um elo valioso da amizade entre nossas na\u00e7\u00f5es.<\/p>\n<p>Registro, portanto, meu reconhecimento \u00e0 Associa\u00e7\u00e3o Gifu Kenjinkai, cujo empenho tem sido essencial para a continuidade desta iniciativa, e parabenizo todos os artistas que tornam esta exposi\u00e7\u00e3o poss\u00edvel com seu talento e dedica\u00e7\u00e3o.<\/p>\n<p>Desejo pleno \u00eaxito \u00e0 21\u00aa Exposi\u00e7\u00e3o de Interc\u00e2mbio Nipo-Brasileiro e que este encontro art\u00edstico, realizado em um ano de grande relev\u00e2ncia, reforce ainda mais os v\u00ednculos de amizade e coopera\u00e7\u00e3o entre Jap\u00e3o e Brasil.<\/p>\n<\/div>\n\n\n<div style=\"height:64px\" aria-hidden=\"true\" class=\"wp-block-spacer\"><\/div>\n\n\n<div data-post-id=\"343\" class=\"insert-page insert-page-343 \"><h3><img loading=\"lazy\" decoding=\"async\" class=\"alignleft wp-image-1730\" src=\"https:\/\/gifukenjinkai.org.br\/wp_expo\/wp-content\/uploads\/expo2025_photo_greeting_nagaya_mitsuyoshi-300x300.png\" alt=\"\" width=\"180\" height=\"180\" srcset=\"https:\/\/gifukenjinkai.org.br\/wp_expo\/wp-content\/uploads\/expo2025_photo_greeting_nagaya_mitsuyoshi-300x300.png 300w, https:\/\/gifukenjinkai.org.br\/wp_expo\/wp-content\/uploads\/expo2025_photo_greeting_nagaya_mitsuyoshi-150x150.png 150w, https:\/\/gifukenjinkai.org.br\/wp_expo\/wp-content\/uploads\/expo2025_photo_greeting_nagaya_mitsuyoshi.png 535w\" sizes=\"auto, (max-width: 180px) 100vw, 180px\" \/>Mitsuyoshi Nagaya<br \/>Presidente da Associa\u00e7\u00e3o Gifu Kenjinkai do Brasil<\/h3>\n<p>A Associa\u00e7\u00e3o Gifu do Brasil tem a imensa alegria de informar que, com o valioso apoio do Consulado-Geral do Jap\u00e3o em S\u00e3o Paulo e da Funda\u00e7\u00e3o Kunito Miyasaka, realizar\u00e1 a 21\u00aa Exposi\u00e7\u00e3o de Pintura da Amizade Nipo-Brasileira, de 4 a 14 de novembro, no audit\u00f3rio multifuncional do Consulado-Geral.<\/p>\n<p>Gostar\u00edamos de expressar nossa mais profunda gratid\u00e3o a todos que contribu\u00edram para a concretiza\u00e7\u00e3o desta exposi\u00e7\u00e3o. Manifestamos tamb\u00e9m nosso sincero reconhecimento \u00e0 dedica\u00e7\u00e3o incans\u00e1vel de toda a equipe envolvida, bem como aos artistas expositores, que compartilharam seu talento e sensibilidade, enriquecendo ainda mais este interc\u00e2mbio.<\/p>\n<p>O presente ano marca uma ocasi\u00e3o especial, celebrando os 130 anos de amizade e interc\u00e2mbio entre o Brasil e o Jap\u00e3o. Neste contexto, a exposi\u00e7\u00e3o assume um significado ainda mais profundo, fortalecendo os la\u00e7os de amizade e de entendimento m\u00fatuo entre os dois povos.<\/p>\n<p>Temos a honra de convidar o p\u00fablico em geral a prestigiar a mostra, apreciar as obras apresentadas e sentir, por meio da arte, a amizade que une o Brasil e o Jap\u00e3o.<\/p>\n<p>A todos, reiteramos nossos mais sinceros agradecimentos.<\/p>\n\n\n<p><\/p>\n<\/div>\n\n\n<p><\/p>\n","protected":false},"excerpt":{"rendered":"","protected":false},"author":3,"featured_media":0,"parent":447,"menu_order":0,"comment_status":"closed","ping_status":"closed","template":"","meta":{"_uag_custom_page_level_css":"","site-sidebar-layout":"default","site-content-layout":"","ast-site-content-layout":"default","site-content-style":"default","site-sidebar-style":"default","ast-global-header-display":"","ast-banner-title-visibility":"","ast-main-header-display":"","ast-hfb-above-header-display":"","ast-hfb-below-header-display":"","ast-hfb-mobile-header-display":"","site-post-title":"","ast-breadcrumbs-content":"","ast-featured-img":"","footer-sml-layout":"","ast-disable-related-posts":"","theme-transparent-header-meta":"","adv-header-id-meta":"","stick-header-meta":"","header-above-stick-meta":"","header-main-stick-meta":"","header-below-stick-meta":"","astra-migrate-meta-layouts":"default","ast-page-background-enabled":"default","ast-page-background-meta":{"desktop":{"background-color":"var(--ast-global-color-4)","background-image":"","background-repeat":"repeat","background-position":"center center","background-size":"auto","background-attachment":"scroll","background-type":"","background-media":"","overlay-type":"","overlay-color":"","overlay-opacity":"","overlay-gradient":""},"tablet":{"background-color":"","background-image":"","background-repeat":"repeat","background-position":"center center","background-size":"auto","background-attachment":"scroll","background-type":"","background-media":"","overlay-type":"","overlay-color":"","overlay-opacity":"","overlay-gradient":""},"mobile":{"background-color":"","background-image":"","background-repeat":"repeat","background-position":"center center","background-size":"auto","background-attachment":"scroll","background-type":"","background-media":"","overlay-type":"","overlay-color":"","overlay-opacity":"","overlay-gradient":""}},"ast-content-background-meta":{"desktop":{"background-color":"var(--ast-global-color-5)","background-image":"","background-repeat":"repeat","background-position":"center center","background-size":"auto","background-attachment":"scroll","background-type":"","background-media":"","overlay-type":"","overlay-color":"","overlay-opacity":"","overlay-gradient":""},"tablet":{"background-color":"var(--ast-global-color-5)","background-image":"","background-repeat":"repeat","background-position":"center center","background-size":"auto","background-attachment":"scroll","background-type":"","background-media":"","overlay-type":"","overlay-color":"","overlay-opacity":"","overlay-gradient":""},"mobile":{"background-color":"var(--ast-global-color-5)","background-image":"","background-repeat":"repeat","background-position":"center center","background-size":"auto","background-attachment":"scroll","background-type":"","background-media":"","overlay-type":"","overlay-color":"","overlay-opacity":"","overlay-gradient":""}},"footnotes":""},"class_list":["post-328","page","type-page","status-publish","hentry"],"uagb_featured_image_src":{"full":false,"thumbnail":false,"medium":false,"medium_large":false,"large":false,"1536x1536":false,"2048x2048":false},"uagb_author_info":{"display_name":"admin admin","author_link":"https:\/\/gifukenjinkai.org.br\/21expo\/author\/admin\/"},"uagb_comment_info":0,"uagb_excerpt":null,"_links":{"self":[{"href":"https:\/\/gifukenjinkai.org.br\/21expo\/wp-json\/wp\/v2\/pages\/328","targetHints":{"allow":["GET"]}}],"collection":[{"href":"https:\/\/gifukenjinkai.org.br\/21expo\/wp-json\/wp\/v2\/pages"}],"about":[{"href":"https:\/\/gifukenjinkai.org.br\/21expo\/wp-json\/wp\/v2\/types\/page"}],"author":[{"embeddable":true,"href":"https:\/\/gifukenjinkai.org.br\/21expo\/wp-json\/wp\/v2\/users\/3"}],"replies":[{"embeddable":true,"href":"https:\/\/gifukenjinkai.org.br\/21expo\/wp-json\/wp\/v2\/comments?post=328"}],"version-history":[{"count":2,"href":"https:\/\/gifukenjinkai.org.br\/21expo\/wp-json\/wp\/v2\/pages\/328\/revisions"}],"predecessor-version":[{"id":2214,"href":"https:\/\/gifukenjinkai.org.br\/21expo\/wp-json\/wp\/v2\/pages\/328\/revisions\/2214"}],"up":[{"embeddable":true,"href":"https:\/\/gifukenjinkai.org.br\/21expo\/wp-json\/wp\/v2\/pages\/447"}],"wp:attachment":[{"href":"https:\/\/gifukenjinkai.org.br\/21expo\/wp-json\/wp\/v2\/media?parent=328"}],"curies":[{"name":"wp","href":"https:\/\/api.w.org\/{rel}","templated":true}]}}

Saudação

<p style="text-align: right;"><a href="https://gifukenjinkai.org.br/20expo/jp/aisatsu/"></a></p>


<div style="height:64px" aria-hidden="true" class="wp-block-spacer"></div>


<div data-post-id="342" class="insert-page insert-page-342 "><h3><img loading="lazy" decoding="async" class="alignleft wp-image-1731" src="https://gifukenjinkai.org.br/wp_expo/wp-content/uploads/expo2025_photo_greeting_takamoto_jiro-300x300.png" alt="" width="180" height="180" srcset="https://gifukenjinkai.org.br/wp_expo/wp-content/uploads/expo2025_photo_greeting_takamoto_jiro-300x300.png 300w, https://gifukenjinkai.org.br/wp_expo/wp-content/uploads/expo2025_photo_greeting_takamoto_jiro-150x150.png 150w, https://gifukenjinkai.org.br/wp_expo/wp-content/uploads/expo2025_photo_greeting_takamoto_jiro.png 535w" sizes="auto, (max-width: 180px) 100vw, 180px" />Takamoto Jiro<br />
Cônsul Geral Adjunto do Japão em São Paulo</h3>
<p>É com grande satisfação que apresento minhas felicitações pela realização da 21ª Exposição de Intercâmbio Nipo-Brasileiro. Evento que, ao longo de mais de duas décadas, tem contribuído para o fortalecimento dos laços entre o Japão e o Brasil por meio da arte. Neste ano, sua realização ganha um significado especial por ocorrer no contexto das celebrações dos 130 anos de relações diplomáticas entre nossos países.</p>
<p>A exposição reúne obras de artistas japoneses e brasileiros, proporcionando aos visitantes a oportunidade de apreciar diferentes estilos e sensibilidades.</p>
<p>Cada trabalho apresentado expressa a riqueza da diversidade cultural e demonstra como, mesmo com histórias e tradições distintas, Japão e Brasil podem se conectar por meio da criatividade e da expressão artística.</p>
<p>Ao longo de sua trajetória, o evento consolidou-se como um elo valioso da amizade entre nossas nações.</p>
<p>Registro, portanto, meu reconhecimento à Associação Gifu Kenjinkai, cujo empenho tem sido essencial para a continuidade desta iniciativa, e parabenizo todos os artistas que tornam esta exposição possível com seu talento e dedicação.</p>
<p>Desejo pleno êxito à 21ª Exposição de Intercâmbio Nipo-Brasileiro e que este encontro artístico, realizado em um ano de grande relevância, reforce ainda mais os vínculos de amizade e cooperação entre Japão e Brasil.</p>
</div>


<div style="height:64px" aria-hidden="true" class="wp-block-spacer"></div>


<div data-post-id="343" class="insert-page insert-page-343 "><h3><img loading="lazy" decoding="async" class="alignleft wp-image-1730" src="https://gifukenjinkai.org.br/wp_expo/wp-content/uploads/expo2025_photo_greeting_nagaya_mitsuyoshi-300x300.png" alt="" width="180" height="180" srcset="https://gifukenjinkai.org.br/wp_expo/wp-content/uploads/expo2025_photo_greeting_nagaya_mitsuyoshi-300x300.png 300w, https://gifukenjinkai.org.br/wp_expo/wp-content/uploads/expo2025_photo_greeting_nagaya_mitsuyoshi-150x150.png 150w, https://gifukenjinkai.org.br/wp_expo/wp-content/uploads/expo2025_photo_greeting_nagaya_mitsuyoshi.png 535w" sizes="auto, (max-width: 180px) 100vw, 180px" />Mitsuyoshi Nagaya<br />Presidente da Associação Gifu Kenjinkai do Brasil</h3>
<p>A Associação Gifu do Brasil tem a imensa alegria de informar que, com o valioso apoio do Consulado-Geral do Japão em São Paulo e da Fundação Kunito Miyasaka, realizará a 21ª Exposição de Pintura da Amizade Nipo-Brasileira, de 4 a 14 de novembro, no auditório multifuncional do Consulado-Geral.</p>
<p>Gostaríamos de expressar nossa mais profunda gratidão a todos que contribuíram para a concretização desta exposição. Manifestamos também nosso sincero reconhecimento à dedicação incansável de toda a equipe envolvida, bem como aos artistas expositores, que compartilharam seu talento e sensibilidade, enriquecendo ainda mais este intercâmbio.</p>
<p>O presente ano marca uma ocasião especial, celebrando os 130 anos de amizade e intercâmbio entre o Brasil e o Japão. Neste contexto, a exposição assume um significado ainda mais profundo, fortalecendo os laços de amizade e de entendimento mútuo entre os dois povos.</p>
<p>Temos a honra de convidar o público em geral a prestigiar a mostra, apreciar as obras apresentadas e sentir, por meio da arte, a amizade que une o Brasil e o Japão.</p>
<p>A todos, reiteramos nossos mais sinceros agradecimentos.</p>


<p></p>
</div>


<p></p>
