{"id":238,"date":"2025-11-09T11:59:03","date_gmt":"2025-11-09T14:59:03","guid":{"rendered":"https:\/\/gifukenjinkai.org.br\/20expo\/?page_id=238"},"modified":"2025-11-11T09:39:47","modified_gmt":"2025-11-11T12:39:47","slug":"anatrevisan","status":"publish","type":"page","link":"https:\/\/gifukenjinkai.org.br\/21expo\/artist\/anatrevisan\/","title":{"rendered":"ANA TREVISAN (\u30a2\u30ca\uff65\u30c8\u30ec\u30f4\u30a3\u30b6\u30f3)"},"content":{"rendered":"\n<h2 class=\"wp-block-heading\">ANA TREVISAN<br>(\u30a2\u30ca\uff65\u30c8\u30ec\u30f4\u30a3\u30b6\u30f3)<\/h2>\n\n\n\n<p class=\"has-text-align-right\" style=\"font-size:16px\"> <a href=\"https:\/\/www.instagram.com\/anatrevisanart\" data-type=\"link\" data-id=\"https:\/\/www.instagram.com\/anatrevisanart\" target=\"_blank\" rel=\"noreferrer noopener\">anatrevisanart<\/a><\/p>\n\n\n<p>Formada em artes pl\u00e1sticas pela FAAP trabalho com aquarela, l\u00e1pis grafite e tinta acr\u00edlica. Especializada em artes gr\u00e1ficas atuo como designer gr\u00e1fica editorial desde 1991.<br \/>Participei de exposi\u00e7\u00f5es no Brasil, Argentina, Su\u00ed\u00e7a, EUA (Calif\u00f3rnia e Houston em 2023), Europa (Barcelona em 2023) e Dubai (novamente em 2023).<br \/>Principais pr\u00eamios:<br \/>1\u00ba lugar no 7th Salon of Painting | August 2022 | Los Angeles | California, EUA<br \/>3\u00ba lugar na International Women\u2019s Day | March 2022 | Los Angeles | California EUA<br \/>Men\u00e7\u00e3o Honrosa| Exposi\u00e7\u00e3o de Arte Bunkyo | outubro de 2019 | S\u00e3o Paulo, SP<br \/>Conceito das obras: <br \/>A proximidade f\u00edsica com elementos da natureza poderia nos despertar para a import\u00e2ncia e a urg\u00eancia em salvar nosso planeta? Existe semelhan\u00e7a entre o desenho dos rios, das montanhas, da textura das p\u00e9talas das flores, dos veios das folhas e de nosso sistema sanguineo? Somos todos um?<\/p>\n\n\n<div style=\"height:64px\" aria-hidden=\"true\" class=\"wp-block-spacer\"><\/div>\n\n\n<ul class=\"wp-block-latest-posts__list is-grid columns-3 wp-block-latest-posts\"><li><div class=\"wp-block-latest-posts__featured-image\"><a href=\"https:\/\/gifukenjinkai.org.br\/21expo\/artist-al\/anatrevisan\/antesdofim1\/\" aria-label=\"Antes do Fim I\"><img loading=\"lazy\" decoding=\"async\" width=\"150\" height=\"150\" src=\"https:\/\/gifukenjinkai.org.br\/wp_expo\/wp-content\/uploads\/expo2025_sq480_AnaTrevisan_1_AntesDoFim1_v2-150x150.png\" class=\"attachment-thumbnail size-thumbnail wp-post-image\" alt=\"\" style=\"\" srcset=\"https:\/\/gifukenjinkai.org.br\/wp_expo\/wp-content\/uploads\/expo2025_sq480_AnaTrevisan_1_AntesDoFim1_v2-150x150.png 150w, https:\/\/gifukenjinkai.org.br\/wp_expo\/wp-content\/uploads\/expo2025_sq480_AnaTrevisan_1_AntesDoFim1_v2-300x300.png 300w, https:\/\/gifukenjinkai.org.br\/wp_expo\/wp-content\/uploads\/expo2025_sq480_AnaTrevisan_1_AntesDoFim1_v2.png 480w\" sizes=\"auto, (max-width: 150px) 100vw, 150px\" \/><\/a><\/div><a class=\"wp-block-latest-posts__post-title\" href=\"https:\/\/gifukenjinkai.org.br\/21expo\/artist-al\/anatrevisan\/antesdofim1\/\">Antes do Fim I<\/a><\/li>\n<li><div class=\"wp-block-latest-posts__featured-image\"><a href=\"https:\/\/gifukenjinkai.org.br\/21expo\/artist-al\/anatrevisan\/antesdofim2\/\" aria-label=\"Antes do Fim II\"><img loading=\"lazy\" decoding=\"async\" width=\"150\" height=\"150\" src=\"https:\/\/gifukenjinkai.org.br\/wp_expo\/wp-content\/uploads\/expo2025_sq480_AnaTrevisan_2_AntesDoFim2_v2-150x150.png\" class=\"attachment-thumbnail size-thumbnail wp-post-image\" alt=\"\" style=\"\" srcset=\"https:\/\/gifukenjinkai.org.br\/wp_expo\/wp-content\/uploads\/expo2025_sq480_AnaTrevisan_2_AntesDoFim2_v2-150x150.png 150w, https:\/\/gifukenjinkai.org.br\/wp_expo\/wp-content\/uploads\/expo2025_sq480_AnaTrevisan_2_AntesDoFim2_v2-300x300.png 300w, https:\/\/gifukenjinkai.org.br\/wp_expo\/wp-content\/uploads\/expo2025_sq480_AnaTrevisan_2_AntesDoFim2_v2.png 480w\" sizes=\"auto, (max-width: 150px) 100vw, 150px\" \/><\/a><\/div><a class=\"wp-block-latest-posts__post-title\" href=\"https:\/\/gifukenjinkai.org.br\/21expo\/artist-al\/anatrevisan\/antesdofim2\/\">Antes do Fim II<\/a><\/li>\n<\/ul>\n\n\n<p><\/p>\n","protected":false},"excerpt":{"rendered":"<p>ANA TREVISAN(\u30a2\u30ca\uff65\u30c8\u30ec\u30f4\u30a3\u30b6\u30f3) anatrevisanart Formada em artes pl\u00e1sticas pela FAAP trabalho com aquarela, l\u00e1pis grafite e tinta acr\u00edlica. Especializada em artes [&hellip;]<\/p>\n","protected":false},"author":3,"featured_media":0,"parent":76,"menu_order":0,"comment_status":"closed","ping_status":"closed","template":"","meta":{"_uag_custom_page_level_css":"","site-sidebar-layout":"default","site-content-layout":"","ast-site-content-layout":"default","site-content-style":"default","site-sidebar-style":"default","ast-global-header-display":"","ast-banner-title-visibility":"","ast-main-header-display":"","ast-hfb-above-header-display":"","ast-hfb-below-header-display":"","ast-hfb-mobile-header-display":"","site-post-title":"disabled","ast-breadcrumbs-content":"","ast-featured-img":"","footer-sml-layout":"","ast-disable-related-posts":"","theme-transparent-header-meta":"","adv-header-id-meta":"","stick-header-meta":"","header-above-stick-meta":"","header-main-stick-meta":"","header-below-stick-meta":"","astra-migrate-meta-layouts":"default","ast-page-background-enabled":"default","ast-page-background-meta":{"desktop":{"background-color":"var(--ast-global-color-4)","background-image":"","background-repeat":"repeat","background-position":"center center","background-size":"auto","background-attachment":"scroll","background-type":"","background-media":"","overlay-type":"","overlay-color":"","overlay-opacity":"","overlay-gradient":""},"tablet":{"background-color":"","background-image":"","background-repeat":"repeat","background-position":"center center","background-size":"auto","background-attachment":"scroll","background-type":"","background-media":"","overlay-type":"","overlay-color":"","overlay-opacity":"","overlay-gradient":""},"mobile":{"background-color":"","background-image":"","background-repeat":"repeat","background-position":"center center","background-size":"auto","background-attachment":"scroll","background-type":"","background-media":"","overlay-type":"","overlay-color":"","overlay-opacity":"","overlay-gradient":""}},"ast-content-background-meta":{"desktop":{"background-color":"var(--ast-global-color-5)","background-image":"","background-repeat":"repeat","background-position":"center center","background-size":"auto","background-attachment":"scroll","background-type":"","background-media":"","overlay-type":"","overlay-color":"","overlay-opacity":"","overlay-gradient":""},"tablet":{"background-color":"var(--ast-global-color-5)","background-image":"","background-repeat":"repeat","background-position":"center center","background-size":"auto","background-attachment":"scroll","background-type":"","background-media":"","overlay-type":"","overlay-color":"","overlay-opacity":"","overlay-gradient":""},"mobile":{"background-color":"var(--ast-global-color-5)","background-image":"","background-repeat":"repeat","background-position":"center center","background-size":"auto","background-attachment":"scroll","background-type":"","background-media":"","overlay-type":"","overlay-color":"","overlay-opacity":"","overlay-gradient":""}},"footnotes":""},"class_list":["post-238","page","type-page","status-publish","hentry"],"uagb_featured_image_src":{"full":false,"thumbnail":false,"medium":false,"medium_large":false,"large":false,"1536x1536":false,"2048x2048":false},"uagb_author_info":{"display_name":"admin admin","author_link":"https:\/\/gifukenjinkai.org.br\/21expo\/author\/admin\/"},"uagb_comment_info":0,"uagb_excerpt":"ANA TREVISAN(\u30a2\u30ca\uff65\u30c8\u30ec\u30f4\u30a3\u30b6\u30f3) anatrevisanart Formada em artes pl\u00e1sticas pela FAAP trabalho com aquarela, l\u00e1pis grafite e tinta acr\u00edlica. Especializada em artes [&hellip;]","_links":{"self":[{"href":"https:\/\/gifukenjinkai.org.br\/21expo\/wp-json\/wp\/v2\/pages\/238","targetHints":{"allow":["GET"]}}],"collection":[{"href":"https:\/\/gifukenjinkai.org.br\/21expo\/wp-json\/wp\/v2\/pages"}],"about":[{"href":"https:\/\/gifukenjinkai.org.br\/21expo\/wp-json\/wp\/v2\/types\/page"}],"author":[{"embeddable":true,"href":"https:\/\/gifukenjinkai.org.br\/21expo\/wp-json\/wp\/v2\/users\/3"}],"replies":[{"embeddable":true,"href":"https:\/\/gifukenjinkai.org.br\/21expo\/wp-json\/wp\/v2\/comments?post=238"}],"version-history":[{"count":5,"href":"https:\/\/gifukenjinkai.org.br\/21expo\/wp-json\/wp\/v2\/pages\/238\/revisions"}],"predecessor-version":[{"id":2475,"href":"https:\/\/gifukenjinkai.org.br\/21expo\/wp-json\/wp\/v2\/pages\/238\/revisions\/2475"}],"up":[{"embeddable":true,"href":"https:\/\/gifukenjinkai.org.br\/21expo\/wp-json\/wp\/v2\/pages\/76"}],"wp:attachment":[{"href":"https:\/\/gifukenjinkai.org.br\/21expo\/wp-json\/wp\/v2\/media?parent=238"}],"curies":[{"name":"wp","href":"https:\/\/api.w.org\/{rel}","templated":true}]}}

ANA TREVISAN (アナ･トレヴィザン)

<h2 class="wp-block-heading">ANA TREVISAN<br>(アナ･トレヴィザン)</h2>



<p class="has-text-align-right" style="font-size:16px"> <a href="https://www.instagram.com/anatrevisanart" data-type="link" data-id="https://www.instagram.com/anatrevisanart" target="_blank" rel="noreferrer noopener">anatrevisanart</a></p>


<p>Formada em artes plásticas pela FAAP trabalho com aquarela, lápis grafite e tinta acrílica. Especializada em artes gráficas atuo como designer gráfica editorial desde 1991.<br />Participei de exposições no Brasil, Argentina, Suíça, EUA (Califórnia e Houston em 2023), Europa (Barcelona em 2023) e Dubai (novamente em 2023).<br />Principais prêmios:<br />1º lugar no 7th Salon of Painting | August 2022 | Los Angeles | California, EUA<br />3º lugar na International Women’s Day | March 2022 | Los Angeles | California EUA<br />Menção Honrosa| Exposição de Arte Bunkyo | outubro de 2019 | São Paulo, SP<br />Conceito das obras: <br />A proximidade física com elementos da natureza poderia nos despertar para a importância e a urgência em salvar nosso planeta? Existe semelhança entre o desenho dos rios, das montanhas, da textura das pétalas das flores, dos veios das folhas e de nosso sistema sanguineo? Somos todos um?</p>


<div style="height:64px" aria-hidden="true" class="wp-block-spacer"></div>


<ul class="wp-block-latest-posts__list is-grid columns-3 wp-block-latest-posts"><li><div class="wp-block-latest-posts__featured-image"><a href="https://gifukenjinkai.org.br/21expo/artist-al/anatrevisan/antesdofim1/" aria-label="Antes do Fim I"><img loading="lazy" decoding="async" width="150" height="150" src="https://gifukenjinkai.org.br/wp_expo/wp-content/uploads/expo2025_sq480_AnaTrevisan_1_AntesDoFim1_v2-150x150.png" class="attachment-thumbnail size-thumbnail wp-post-image" alt="" style="" srcset="https://gifukenjinkai.org.br/wp_expo/wp-content/uploads/expo2025_sq480_AnaTrevisan_1_AntesDoFim1_v2-150x150.png 150w, https://gifukenjinkai.org.br/wp_expo/wp-content/uploads/expo2025_sq480_AnaTrevisan_1_AntesDoFim1_v2-300x300.png 300w, https://gifukenjinkai.org.br/wp_expo/wp-content/uploads/expo2025_sq480_AnaTrevisan_1_AntesDoFim1_v2.png 480w" sizes="auto, (max-width: 150px) 100vw, 150px" /></a></div><a class="wp-block-latest-posts__post-title" href="https://gifukenjinkai.org.br/21expo/artist-al/anatrevisan/antesdofim1/">Antes do Fim I</a></li>
<li><div class="wp-block-latest-posts__featured-image"><a href="https://gifukenjinkai.org.br/21expo/artist-al/anatrevisan/antesdofim2/" aria-label="Antes do Fim II"><img loading="lazy" decoding="async" width="150" height="150" src="https://gifukenjinkai.org.br/wp_expo/wp-content/uploads/expo2025_sq480_AnaTrevisan_2_AntesDoFim2_v2-150x150.png" class="attachment-thumbnail size-thumbnail wp-post-image" alt="" style="" srcset="https://gifukenjinkai.org.br/wp_expo/wp-content/uploads/expo2025_sq480_AnaTrevisan_2_AntesDoFim2_v2-150x150.png 150w, https://gifukenjinkai.org.br/wp_expo/wp-content/uploads/expo2025_sq480_AnaTrevisan_2_AntesDoFim2_v2-300x300.png 300w, https://gifukenjinkai.org.br/wp_expo/wp-content/uploads/expo2025_sq480_AnaTrevisan_2_AntesDoFim2_v2.png 480w" sizes="auto, (max-width: 150px) 100vw, 150px" /></a></div><a class="wp-block-latest-posts__post-title" href="https://gifukenjinkai.org.br/21expo/artist-al/anatrevisan/antesdofim2/">Antes do Fim II</a></li>
</ul>


<p></p>

<p>ANA TREVISAN(アナ･トレヴィザン) anatrevisanart Formada em artes plásticas pela FAAP trabalho com aquarela, lápis grafite e tinta acrílica. Especializada em artes [&hellip;]</p>

ANA TREVISAN(アナ･トレヴィザン) anatrevisanart Formada em artes plásticas pela FAAP trabalho com aquarela, lápis grafite e tinta acrílica. Especializada em artes [&hellip;]
