{"id":2124,"date":"2025-11-09T13:04:52","date_gmt":"2025-11-09T16:04:52","guid":{"rendered":"https:\/\/gifukenjinkai.org.br\/21expo\/?page_id=2124"},"modified":"2025-11-12T12:08:56","modified_gmt":"2025-11-12T15:08:56","slug":"sandrabecker","status":"publish","type":"page","link":"https:\/\/gifukenjinkai.org.br\/21expo\/artist\/sandrabecker\/","title":{"rendered":"SANDRA BECKER (\u30b5\u30f3\u30c9\u30e9\uff65\u30d9\u30c3\u30b1\u30eb)"},"content":{"rendered":"\n<h2 class=\"wp-block-heading\">SANDRA BECKER<br>(\u30b5\u30f3\u30c9\u30e9\uff65\u30d9\u30c3\u30b1\u30eb)<\/h2>\n\n\n\n<p class=\"has-text-align-right\" style=\"font-size:16px\"> <a href=\"https:\/\/www.instagram.com\/sandrabbecker\" data-type=\"link\" data-id=\"https:\/\/www.instagram.com\/anatrevisanart\" target=\"_blank\" rel=\"noreferrer noopener\">sandrabbecker<\/a><\/p>\n\n\n\n<p>Sandra Becker (Natal, RN, 1963 \u2013 vive e trabalha em S\u00e3o Paulo) \u00e9 artista visual e professora. <br>Mestre em Artes Visuais pela Faculdade Santa Marcelina, tamb\u00e9m graduada em Moda e Artes Visuais, desenvolve pesquisa entre corpo, mem\u00f3ria e linguagens h\u00edbridas. <br>Participou de resid\u00eancia art\u00edstica na Universidade Dahoe (Suzhou, China, 2023), onde ministrou workshops e exp\u00f4s seus trabalhos.<br>Realizou exposi\u00e7\u00f5es individuais no Centro Municipal de Arte H\u00e9lio Oiticica (RJ, 2025) e na Galeria da Hebraica (SP, 2024). <br>Entre as principais coletivas: Pinacoteca F\u00f3rum das Artes (SP, 2024-25), Museu Hist\u00f3rico Simoense (SP, 2025), Museu Casa de Cora Coralina (GO, 2024), Museu dos Correios (Bras\u00edlia\/RJ, 2022) e MACS Sorocaba (2014).<br>Recebeu a Men\u00e7\u00e3o Est\u00edmulo na Pinacoteca F\u00f3rum das Artes (2025), a Medalha de Ouro da Associa\u00e7\u00e3o Paulista de Belas Artes (2021), e Men\u00e7\u00e3o Honrosa na VII Bienal do Rec\u00f4ncavo (BA, 2005). <br>Possui obras em acervos do Museu Hist\u00f3rico Dr. Renato Cordeiro (SP) e da Universidade Dahoe (China).<\/p>\n\n\n\n<div style=\"height:64px\" aria-hidden=\"true\" class=\"wp-block-spacer\"><\/div>\n\n\n<ul class=\"wp-block-latest-posts__list is-grid columns-3 wp-block-latest-posts\"><li><div class=\"wp-block-latest-posts__featured-image\"><a href=\"https:\/\/gifukenjinkai.org.br\/21expo\/artist-mz\/sandrabecker\/oqueviradoamanha\/\" aria-label=\"O que vir\u00e1 do amanha?\"><img loading=\"lazy\" decoding=\"async\" width=\"150\" height=\"150\" src=\"https:\/\/gifukenjinkai.org.br\/wp_expo\/wp-content\/uploads\/expo2025_sq480_SandraBecker_1_OQueViraDoAmanha_H-150x150.png\" class=\"attachment-thumbnail size-thumbnail wp-post-image\" alt=\"\" style=\"\" srcset=\"https:\/\/gifukenjinkai.org.br\/wp_expo\/wp-content\/uploads\/expo2025_sq480_SandraBecker_1_OQueViraDoAmanha_H-150x150.png 150w, https:\/\/gifukenjinkai.org.br\/wp_expo\/wp-content\/uploads\/expo2025_sq480_SandraBecker_1_OQueViraDoAmanha_H-300x300.png 300w, https:\/\/gifukenjinkai.org.br\/wp_expo\/wp-content\/uploads\/expo2025_sq480_SandraBecker_1_OQueViraDoAmanha_H.png 480w\" sizes=\"auto, (max-width: 150px) 100vw, 150px\" \/><\/a><\/div><a class=\"wp-block-latest-posts__post-title\" href=\"https:\/\/gifukenjinkai.org.br\/21expo\/artist-mz\/sandrabecker\/oqueviradoamanha\/\">O que vir\u00e1 do amanha?<\/a><\/li>\n<\/ul>\n\n\n<p><\/p>\n","protected":false},"excerpt":{"rendered":"<p>SANDRA BECKER(\u30b5\u30f3\u30c9\u30e9\uff65\u30d9\u30c3\u30b1\u30eb) sandrabbecker Sandra Becker (Natal, RN, 1963 \u2013 vive e trabalha em S\u00e3o Paulo) \u00e9 artista visual e professora. [&hellip;]<\/p>\n","protected":false},"author":5,"featured_media":0,"parent":76,"menu_order":0,"comment_status":"closed","ping_status":"closed","template":"","meta":{"_uag_custom_page_level_css":"","site-sidebar-layout":"default","site-content-layout":"","ast-site-content-layout":"default","site-content-style":"default","site-sidebar-style":"default","ast-global-header-display":"","ast-banner-title-visibility":"","ast-main-header-display":"","ast-hfb-above-header-display":"","ast-hfb-below-header-display":"","ast-hfb-mobile-header-display":"","site-post-title":"disabled","ast-breadcrumbs-content":"","ast-featured-img":"","footer-sml-layout":"","ast-disable-related-posts":"","theme-transparent-header-meta":"","adv-header-id-meta":"","stick-header-meta":"","header-above-stick-meta":"","header-main-stick-meta":"","header-below-stick-meta":"","astra-migrate-meta-layouts":"default","ast-page-background-enabled":"default","ast-page-background-meta":{"desktop":{"background-color":"var(--ast-global-color-4)","background-image":"","background-repeat":"repeat","background-position":"center center","background-size":"auto","background-attachment":"scroll","background-type":"","background-media":"","overlay-type":"","overlay-color":"","overlay-opacity":"","overlay-gradient":""},"tablet":{"background-color":"","background-image":"","background-repeat":"repeat","background-position":"center center","background-size":"auto","background-attachment":"scroll","background-type":"","background-media":"","overlay-type":"","overlay-color":"","overlay-opacity":"","overlay-gradient":""},"mobile":{"background-color":"","background-image":"","background-repeat":"repeat","background-position":"center center","background-size":"auto","background-attachment":"scroll","background-type":"","background-media":"","overlay-type":"","overlay-color":"","overlay-opacity":"","overlay-gradient":""}},"ast-content-background-meta":{"desktop":{"background-color":"var(--ast-global-color-5)","background-image":"","background-repeat":"repeat","background-position":"center center","background-size":"auto","background-attachment":"scroll","background-type":"","background-media":"","overlay-type":"","overlay-color":"","overlay-opacity":"","overlay-gradient":""},"tablet":{"background-color":"var(--ast-global-color-5)","background-image":"","background-repeat":"repeat","background-position":"center center","background-size":"auto","background-attachment":"scroll","background-type":"","background-media":"","overlay-type":"","overlay-color":"","overlay-opacity":"","overlay-gradient":""},"mobile":{"background-color":"var(--ast-global-color-5)","background-image":"","background-repeat":"repeat","background-position":"center center","background-size":"auto","background-attachment":"scroll","background-type":"","background-media":"","overlay-type":"","overlay-color":"","overlay-opacity":"","overlay-gradient":""}},"footnotes":""},"class_list":["post-2124","page","type-page","status-publish","hentry"],"uagb_featured_image_src":{"full":false,"thumbnail":false,"medium":false,"medium_large":false,"large":false,"1536x1536":false,"2048x2048":false},"uagb_author_info":{"display_name":"mty","author_link":"https:\/\/gifukenjinkai.org.br\/21expo\/author\/mty\/"},"uagb_comment_info":0,"uagb_excerpt":"SANDRA BECKER(\u30b5\u30f3\u30c9\u30e9\uff65\u30d9\u30c3\u30b1\u30eb) sandrabbecker Sandra Becker (Natal, RN, 1963 \u2013 vive e trabalha em S\u00e3o Paulo) \u00e9 artista visual e professora. [&hellip;]","_links":{"self":[{"href":"https:\/\/gifukenjinkai.org.br\/21expo\/wp-json\/wp\/v2\/pages\/2124","targetHints":{"allow":["GET"]}}],"collection":[{"href":"https:\/\/gifukenjinkai.org.br\/21expo\/wp-json\/wp\/v2\/pages"}],"about":[{"href":"https:\/\/gifukenjinkai.org.br\/21expo\/wp-json\/wp\/v2\/types\/page"}],"author":[{"embeddable":true,"href":"https:\/\/gifukenjinkai.org.br\/21expo\/wp-json\/wp\/v2\/users\/5"}],"replies":[{"embeddable":true,"href":"https:\/\/gifukenjinkai.org.br\/21expo\/wp-json\/wp\/v2\/comments?post=2124"}],"version-history":[{"count":3,"href":"https:\/\/gifukenjinkai.org.br\/21expo\/wp-json\/wp\/v2\/pages\/2124\/revisions"}],"predecessor-version":[{"id":2574,"href":"https:\/\/gifukenjinkai.org.br\/21expo\/wp-json\/wp\/v2\/pages\/2124\/revisions\/2574"}],"up":[{"embeddable":true,"href":"https:\/\/gifukenjinkai.org.br\/21expo\/wp-json\/wp\/v2\/pages\/76"}],"wp:attachment":[{"href":"https:\/\/gifukenjinkai.org.br\/21expo\/wp-json\/wp\/v2\/media?parent=2124"}],"curies":[{"name":"wp","href":"https:\/\/api.w.org\/{rel}","templated":true}]}}

SANDRA BECKER (サンドラ･ベッケル)

<h2 class="wp-block-heading">SANDRA BECKER<br>(サンドラ･ベッケル)</h2>



<p class="has-text-align-right" style="font-size:16px"> <a href="https://www.instagram.com/sandrabbecker" data-type="link" data-id="https://www.instagram.com/anatrevisanart" target="_blank" rel="noreferrer noopener">sandrabbecker</a></p>



<p>Sandra Becker (Natal, RN, 1963 – vive e trabalha em São Paulo) é artista visual e professora. <br>Mestre em Artes Visuais pela Faculdade Santa Marcelina, também graduada em Moda e Artes Visuais, desenvolve pesquisa entre corpo, memória e linguagens híbridas. <br>Participou de residência artística na Universidade Dahoe (Suzhou, China, 2023), onde ministrou workshops e expôs seus trabalhos.<br>Realizou exposições individuais no Centro Municipal de Arte Hélio Oiticica (RJ, 2025) e na Galeria da Hebraica (SP, 2024). <br>Entre as principais coletivas: Pinacoteca Fórum das Artes (SP, 2024-25), Museu Histórico Simoense (SP, 2025), Museu Casa de Cora Coralina (GO, 2024), Museu dos Correios (Brasília/RJ, 2022) e MACS Sorocaba (2014).<br>Recebeu a Menção Estímulo na Pinacoteca Fórum das Artes (2025), a Medalha de Ouro da Associação Paulista de Belas Artes (2021), e Menção Honrosa na VII Bienal do Recôncavo (BA, 2005). <br>Possui obras em acervos do Museu Histórico Dr. Renato Cordeiro (SP) e da Universidade Dahoe (China).</p>



<div style="height:64px" aria-hidden="true" class="wp-block-spacer"></div>


<ul class="wp-block-latest-posts__list is-grid columns-3 wp-block-latest-posts"><li><div class="wp-block-latest-posts__featured-image"><a href="https://gifukenjinkai.org.br/21expo/artist-mz/sandrabecker/oqueviradoamanha/" aria-label="O que virá do amanha?"><img loading="lazy" decoding="async" width="150" height="150" src="https://gifukenjinkai.org.br/wp_expo/wp-content/uploads/expo2025_sq480_SandraBecker_1_OQueViraDoAmanha_H-150x150.png" class="attachment-thumbnail size-thumbnail wp-post-image" alt="" style="" srcset="https://gifukenjinkai.org.br/wp_expo/wp-content/uploads/expo2025_sq480_SandraBecker_1_OQueViraDoAmanha_H-150x150.png 150w, https://gifukenjinkai.org.br/wp_expo/wp-content/uploads/expo2025_sq480_SandraBecker_1_OQueViraDoAmanha_H-300x300.png 300w, https://gifukenjinkai.org.br/wp_expo/wp-content/uploads/expo2025_sq480_SandraBecker_1_OQueViraDoAmanha_H.png 480w" sizes="auto, (max-width: 150px) 100vw, 150px" /></a></div><a class="wp-block-latest-posts__post-title" href="https://gifukenjinkai.org.br/21expo/artist-mz/sandrabecker/oqueviradoamanha/">O que virá do amanha?</a></li>
</ul>


<p></p>

<p>SANDRA BECKER(サンドラ･ベッケル) sandrabbecker Sandra Becker (Natal, RN, 1963 – vive e trabalha em São Paulo) é artista visual e professora. [&hellip;]</p>

SANDRA BECKER(サンドラ･ベッケル) sandrabbecker Sandra Becker (Natal, RN, 1963 – vive e trabalha em São Paulo) é artista visual e professora. [&hellip;]
