{"id":2115,"date":"2025-11-09T12:58:07","date_gmt":"2025-11-09T15:58:07","guid":{"rendered":"https:\/\/gifukenjinkai.org.br\/21expo\/?page_id=2115"},"modified":"2025-11-12T08:32:15","modified_gmt":"2025-11-12T11:32:15","slug":"nestorlampros","status":"publish","type":"page","link":"https:\/\/gifukenjinkai.org.br\/21expo\/artist\/nestorlampros\/","title":{"rendered":"NESTOR LAMPROS (\u30cd\u30b9\u30c8\u30eb\uff65\u30e9\u30f3\u30d7\u30ed\u30b9)"},"content":{"rendered":"\n<h2 class=\"wp-block-heading\">NESTOR LAMPROS<br>(\u30cd\u30b9\u30c8\u30eb\uff65\u30e9\u30f3\u30d7\u30ed\u30b9)<\/h2>\n\n\n\n<p class=\"has-text-align-right\" style=\"font-size:16px\"> <a href=\"https:\/\/www.instagram.com\/artistanestorlampros\" data-type=\"link\" data-id=\"https:\/\/www.instagram.com\/anatrevisanart\" target=\"_blank\" rel=\"noreferrer noopener\">artistanestorlampros<\/a><\/p>\n\n\n\n<p>INDIVIDUAIS<br>2024 &#8211; Fases do Del\u00edrio &#8211; Ata Cultural- Atibaia &#8211; SP<br>2021 &#8211; Paisagens Interiores &#8211; Centro Cultural Andr\u00e9 Carneiro- Atibaia \u2013 SP<br>2021 &#8211; Fome de formas &#8211; C\u00e2mara Municipal de Itatiba &#8211; SP<br>2019 &#8211; Sintonia Fina &#8211; C\u00e2mara Municipal de Atibaia &#8211; SP 2015<br>\u3000\u3000  &#8211; Introspectiva &#8211; 30 anos de pintura- C\u00e2mara Municipal de Atibaia &#8211; SP<br>2014 &#8211; Fome de formas- Museu Municipal Itatiba &#8211; SP<br>\u3000\u3000  &#8211; Introspectiva &#8211; C\u00e2mara Municipal de Atibaia &#8211; SP<br>2012 &#8211; Exporix\u00e1s &#8211; Museu Municipal de Itatiba -SP<br>2004 &#8211; Introspectiva- Pinacoteca de Atibaia &#8211; SP<br>1999 &#8211; Viva a vida! &#8211; Arte Galeria &#8211; Atibaia -SP<br>1998 &#8211; Exposi\u00e7\u00e3o na Monteleone Galeria de Arte- Atibaia &#8211; SP<br>1989 &#8211; Galeria Le March\u00ea &#8211; Atibaia \u2013 SP<br><br>COLETIVAS<br>2025 &#8211; Sal\u00e3o de Aquarelas de Piracicaba &#8211; SP<br>2023 &#8211; Encontro de Artes de Atibaia-SP<br>2017- Selecionado na 1\u00ba Bienal Arte Print Brasil &#8211; Incubadora de Artistas- Atibaia &#8211; SP<br>2011 &#8211; 21\u00ba Encontro de Artes de Atibaia &#8211; SP<br>\u3000\u3000  &#8211; Exposi\u00e7\u00e3o Box -100- Centro de Conven\u00e7\u00f5es &#8211; Atibaia &#8211; SP<br>\u3000\u3000  &#8211; Exposi\u00e7\u00e3o 9X9 &#8211; Atibaia \/ Montevideu (Uruguai)<br>\u3000\u3000  &#8211; Finalista Mapa Cultural Paulista- fase regional &#8211; Indaiatuba &#8211; SP<br>2011- Nova Configura\u00e7\u00e3o- com a parceria da artista pl\u00e1stica, Maria Helena Carnide, no Centro de Conven\u00e7\u00f5es &#8211; Atibaia-SP<br>2008 &#8211; Coletiva na embaixada de Los Angeles &#8211; EUA<br>2006 &#8211; XV Sal\u00e3o de Artes de Atibaia &#8211; SP<br>\u3000\u3000  &#8211; Cinco vozes do Brasil- G\u00eanova &#8211; It\u00e1lia<br>2003 &#8211; XII Sal\u00e3o de Artes de Atibaia &#8211; SP<br>1996 &#8211; XI Sal\u00e3o de artes de Atibaia &#8211; SP<br>1990 &#8211; ATIBAIA 90 &#8211; SP 1989<br>\u3000\u3000  &#8211; Sal\u00e3o de artes Paleta de Ouro- S\u00e3o Paulo &#8211; SP<\/p>\n\n\n\n<div style=\"height:64px\" aria-hidden=\"true\" class=\"wp-block-spacer\"><\/div>\n\n\n<ul class=\"wp-block-latest-posts__list is-grid columns-3 wp-block-latest-posts\"><li><div class=\"wp-block-latest-posts__featured-image\"><a href=\"https:\/\/gifukenjinkai.org.br\/21expo\/artist-mz\/nestorlampros\/remissao\/\" aria-label=\"Remiss\u00e3o\"><img loading=\"lazy\" decoding=\"async\" width=\"150\" height=\"150\" src=\"https:\/\/gifukenjinkai.org.br\/wp_expo\/wp-content\/uploads\/expo2025_sq480_NestorLampros_1_Remissao-150x150.png\" class=\"attachment-thumbnail size-thumbnail wp-post-image\" alt=\"\" style=\"\" srcset=\"https:\/\/gifukenjinkai.org.br\/wp_expo\/wp-content\/uploads\/expo2025_sq480_NestorLampros_1_Remissao-150x150.png 150w, https:\/\/gifukenjinkai.org.br\/wp_expo\/wp-content\/uploads\/expo2025_sq480_NestorLampros_1_Remissao-300x300.png 300w, https:\/\/gifukenjinkai.org.br\/wp_expo\/wp-content\/uploads\/expo2025_sq480_NestorLampros_1_Remissao.png 480w\" sizes=\"auto, (max-width: 150px) 100vw, 150px\" \/><\/a><\/div><a class=\"wp-block-latest-posts__post-title\" href=\"https:\/\/gifukenjinkai.org.br\/21expo\/artist-mz\/nestorlampros\/remissao\/\">Remiss\u00e3o<\/a><\/li>\n<\/ul>\n\n\n<p><\/p>\n","protected":false},"excerpt":{"rendered":"<p>NESTOR LAMPROS(\u30cd\u30b9\u30c8\u30eb\uff65\u30e9\u30f3\u30d7\u30ed\u30b9) artistanestorlampros INDIVIDUAIS2024 &#8211; Fases do Del\u00edrio &#8211; Ata Cultural- Atibaia &#8211; SP2021 &#8211; Paisagens Interiores &#8211; Centro Cultural [&hellip;]<\/p>\n","protected":false},"author":5,"featured_media":0,"parent":76,"menu_order":0,"comment_status":"closed","ping_status":"closed","template":"","meta":{"_uag_custom_page_level_css":"","site-sidebar-layout":"default","site-content-layout":"","ast-site-content-layout":"default","site-content-style":"default","site-sidebar-style":"default","ast-global-header-display":"","ast-banner-title-visibility":"","ast-main-header-display":"","ast-hfb-above-header-display":"","ast-hfb-below-header-display":"","ast-hfb-mobile-header-display":"","site-post-title":"disabled","ast-breadcrumbs-content":"","ast-featured-img":"","footer-sml-layout":"","ast-disable-related-posts":"","theme-transparent-header-meta":"","adv-header-id-meta":"","stick-header-meta":"","header-above-stick-meta":"","header-main-stick-meta":"","header-below-stick-meta":"","astra-migrate-meta-layouts":"default","ast-page-background-enabled":"default","ast-page-background-meta":{"desktop":{"background-color":"var(--ast-global-color-4)","background-image":"","background-repeat":"repeat","background-position":"center center","background-size":"auto","background-attachment":"scroll","background-type":"","background-media":"","overlay-type":"","overlay-color":"","overlay-opacity":"","overlay-gradient":""},"tablet":{"background-color":"","background-image":"","background-repeat":"repeat","background-position":"center center","background-size":"auto","background-attachment":"scroll","background-type":"","background-media":"","overlay-type":"","overlay-color":"","overlay-opacity":"","overlay-gradient":""},"mobile":{"background-color":"","background-image":"","background-repeat":"repeat","background-position":"center center","background-size":"auto","background-attachment":"scroll","background-type":"","background-media":"","overlay-type":"","overlay-color":"","overlay-opacity":"","overlay-gradient":""}},"ast-content-background-meta":{"desktop":{"background-color":"var(--ast-global-color-5)","background-image":"","background-repeat":"repeat","background-position":"center center","background-size":"auto","background-attachment":"scroll","background-type":"","background-media":"","overlay-type":"","overlay-color":"","overlay-opacity":"","overlay-gradient":""},"tablet":{"background-color":"var(--ast-global-color-5)","background-image":"","background-repeat":"repeat","background-position":"center center","background-size":"auto","background-attachment":"scroll","background-type":"","background-media":"","overlay-type":"","overlay-color":"","overlay-opacity":"","overlay-gradient":""},"mobile":{"background-color":"var(--ast-global-color-5)","background-image":"","background-repeat":"repeat","background-position":"center center","background-size":"auto","background-attachment":"scroll","background-type":"","background-media":"","overlay-type":"","overlay-color":"","overlay-opacity":"","overlay-gradient":""}},"footnotes":""},"class_list":["post-2115","page","type-page","status-publish","hentry"],"uagb_featured_image_src":{"full":false,"thumbnail":false,"medium":false,"medium_large":false,"large":false,"1536x1536":false,"2048x2048":false},"uagb_author_info":{"display_name":"mty","author_link":"https:\/\/gifukenjinkai.org.br\/21expo\/author\/mty\/"},"uagb_comment_info":0,"uagb_excerpt":"NESTOR LAMPROS(\u30cd\u30b9\u30c8\u30eb\uff65\u30e9\u30f3\u30d7\u30ed\u30b9) artistanestorlampros INDIVIDUAIS2024 &#8211; Fases do Del\u00edrio &#8211; Ata Cultural- Atibaia &#8211; SP2021 &#8211; Paisagens Interiores &#8211; Centro Cultural [&hellip;]","_links":{"self":[{"href":"https:\/\/gifukenjinkai.org.br\/21expo\/wp-json\/wp\/v2\/pages\/2115","targetHints":{"allow":["GET"]}}],"collection":[{"href":"https:\/\/gifukenjinkai.org.br\/21expo\/wp-json\/wp\/v2\/pages"}],"about":[{"href":"https:\/\/gifukenjinkai.org.br\/21expo\/wp-json\/wp\/v2\/types\/page"}],"author":[{"embeddable":true,"href":"https:\/\/gifukenjinkai.org.br\/21expo\/wp-json\/wp\/v2\/users\/5"}],"replies":[{"embeddable":true,"href":"https:\/\/gifukenjinkai.org.br\/21expo\/wp-json\/wp\/v2\/comments?post=2115"}],"version-history":[{"count":4,"href":"https:\/\/gifukenjinkai.org.br\/21expo\/wp-json\/wp\/v2\/pages\/2115\/revisions"}],"predecessor-version":[{"id":2569,"href":"https:\/\/gifukenjinkai.org.br\/21expo\/wp-json\/wp\/v2\/pages\/2115\/revisions\/2569"}],"up":[{"embeddable":true,"href":"https:\/\/gifukenjinkai.org.br\/21expo\/wp-json\/wp\/v2\/pages\/76"}],"wp:attachment":[{"href":"https:\/\/gifukenjinkai.org.br\/21expo\/wp-json\/wp\/v2\/media?parent=2115"}],"curies":[{"name":"wp","href":"https:\/\/api.w.org\/{rel}","templated":true}]}}

NESTOR LAMPROS (ネストル･ランプロス)

<h2 class="wp-block-heading">NESTOR LAMPROS<br>(ネストル･ランプロス)</h2>



<p class="has-text-align-right" style="font-size:16px"> <a href="https://www.instagram.com/artistanestorlampros" data-type="link" data-id="https://www.instagram.com/anatrevisanart" target="_blank" rel="noreferrer noopener">artistanestorlampros</a></p>



<p>INDIVIDUAIS<br>2024 &#8211; Fases do Delírio &#8211; Ata Cultural- Atibaia &#8211; SP<br>2021 &#8211; Paisagens Interiores &#8211; Centro Cultural André Carneiro- Atibaia – SP<br>2021 &#8211; Fome de formas &#8211; Câmara Municipal de Itatiba &#8211; SP<br>2019 &#8211; Sintonia Fina &#8211; Câmara Municipal de Atibaia &#8211; SP 2015<br>　　  &#8211; Introspectiva &#8211; 30 anos de pintura- Câmara Municipal de Atibaia &#8211; SP<br>2014 &#8211; Fome de formas- Museu Municipal Itatiba &#8211; SP<br>　　  &#8211; Introspectiva &#8211; Câmara Municipal de Atibaia &#8211; SP<br>2012 &#8211; Exporixás &#8211; Museu Municipal de Itatiba -SP<br>2004 &#8211; Introspectiva- Pinacoteca de Atibaia &#8211; SP<br>1999 &#8211; Viva a vida! &#8211; Arte Galeria &#8211; Atibaia -SP<br>1998 &#8211; Exposição na Monteleone Galeria de Arte- Atibaia &#8211; SP<br>1989 &#8211; Galeria Le Marchê &#8211; Atibaia – SP<br><br>COLETIVAS<br>2025 &#8211; Salão de Aquarelas de Piracicaba &#8211; SP<br>2023 &#8211; Encontro de Artes de Atibaia-SP<br>2017- Selecionado na 1º Bienal Arte Print Brasil &#8211; Incubadora de Artistas- Atibaia &#8211; SP<br>2011 &#8211; 21º Encontro de Artes de Atibaia &#8211; SP<br>　　  &#8211; Exposição Box -100- Centro de Convenções &#8211; Atibaia &#8211; SP<br>　　  &#8211; Exposição 9X9 &#8211; Atibaia / Montevideu (Uruguai)<br>　　  &#8211; Finalista Mapa Cultural Paulista- fase regional &#8211; Indaiatuba &#8211; SP<br>2011- Nova Configuração- com a parceria da artista plástica, Maria Helena Carnide, no Centro de Convenções &#8211; Atibaia-SP<br>2008 &#8211; Coletiva na embaixada de Los Angeles &#8211; EUA<br>2006 &#8211; XV Salão de Artes de Atibaia &#8211; SP<br>　　  &#8211; Cinco vozes do Brasil- Gênova &#8211; Itália<br>2003 &#8211; XII Salão de Artes de Atibaia &#8211; SP<br>1996 &#8211; XI Salão de artes de Atibaia &#8211; SP<br>1990 &#8211; ATIBAIA 90 &#8211; SP 1989<br>　　  &#8211; Salão de artes Paleta de Ouro- São Paulo &#8211; SP</p>



<div style="height:64px" aria-hidden="true" class="wp-block-spacer"></div>


<ul class="wp-block-latest-posts__list is-grid columns-3 wp-block-latest-posts"><li><div class="wp-block-latest-posts__featured-image"><a href="https://gifukenjinkai.org.br/21expo/artist-mz/nestorlampros/remissao/" aria-label="Remissão"><img loading="lazy" decoding="async" width="150" height="150" src="https://gifukenjinkai.org.br/wp_expo/wp-content/uploads/expo2025_sq480_NestorLampros_1_Remissao-150x150.png" class="attachment-thumbnail size-thumbnail wp-post-image" alt="" style="" srcset="https://gifukenjinkai.org.br/wp_expo/wp-content/uploads/expo2025_sq480_NestorLampros_1_Remissao-150x150.png 150w, https://gifukenjinkai.org.br/wp_expo/wp-content/uploads/expo2025_sq480_NestorLampros_1_Remissao-300x300.png 300w, https://gifukenjinkai.org.br/wp_expo/wp-content/uploads/expo2025_sq480_NestorLampros_1_Remissao.png 480w" sizes="auto, (max-width: 150px) 100vw, 150px" /></a></div><a class="wp-block-latest-posts__post-title" href="https://gifukenjinkai.org.br/21expo/artist-mz/nestorlampros/remissao/">Remissão</a></li>
</ul>


<p></p>

<p>NESTOR LAMPROS(ネストル･ランプロス) artistanestorlampros INDIVIDUAIS2024 &#8211; Fases do Delírio &#8211; Ata Cultural- Atibaia &#8211; SP2021 &#8211; Paisagens Interiores &#8211; Centro Cultural [&hellip;]</p>

NESTOR LAMPROS(ネストル･ランプロス) artistanestorlampros INDIVIDUAIS2024 &#8211; Fases do Delírio &#8211; Ata Cultural- Atibaia &#8211; SP2021 &#8211; Paisagens Interiores &#8211; Centro Cultural [&hellip;]
