{"id":2108,"date":"2025-11-09T12:52:32","date_gmt":"2025-11-09T15:52:32","guid":{"rendered":"https:\/\/gifukenjinkai.org.br\/21expo\/?page_id=2108"},"modified":"2025-11-12T08:25:12","modified_gmt":"2025-11-12T11:25:12","slug":"marialicefurtado","status":"publish","type":"page","link":"https:\/\/gifukenjinkai.org.br\/21expo\/artist\/marialicefurtado\/","title":{"rendered":"MARIALICE FURTADO (\u30de\u30ea\u30a2\u30ea\u30bb\uff65\u30d5\u30eb\u30bf\u30c9)"},"content":{"rendered":"\n<h2 class=\"wp-block-heading\">MARIALICE FURTADO<br>(\u30de\u30ea\u30a2\u30ea\u30bb\uff65\u30d5\u30eb\u30bf\u30c9)<\/h2>\n\n\n\n<p class=\"has-text-align-right\"> <a href=\"https:\/\/www.instagram.com\/marialicearte\" target=\"_blank\" rel=\"noreferrer noopener\">marialicearte<\/a><\/p>\n\n\n\n<p>Marialice Furtado &#8211; Artista visual com trajet\u00f3ria nacional e internacional. <br>Atua com t\u00e9cnicas como \u00f3leo sobre tela e aquarela, desenvolvendo obras autorais e sob encomenda.<br>Participa de exposi\u00e7\u00f5es individuais e coletivas em diversas capitais brasileiras, al\u00e9m de Portugal, Inglaterra e M\u00e9xico. <br>Seu trabalho aborda temas ligados \u00e0 identidade, natureza e mem\u00f3ria afetiva, com presen\u00e7a no circuito art\u00edstico contempor\u00e2neo.<br>\u2022 Mestrado pela FUCAPE, Vit\u00f3ria \u2013 ES<br>\u2022 Cursos livres de pintura<br>\u2022 Resid\u00eancia Art\u00edstica na Black Brazil Art.<\/p>\n\n\n\n<div style=\"height:64px\" aria-hidden=\"true\" class=\"wp-block-spacer\"><\/div>\n\n\n<ul class=\"wp-block-latest-posts__list is-grid columns-3 wp-block-latest-posts\"><li><div class=\"wp-block-latest-posts__featured-image\"><a href=\"https:\/\/gifukenjinkai.org.br\/21expo\/artist-mz\/marialicefurtado\/plantacaodearroz\/\" aria-label=\"Planta\u00e7\u00e3o de Arroz\"><img loading=\"lazy\" decoding=\"async\" width=\"150\" height=\"150\" src=\"https:\/\/gifukenjinkai.org.br\/wp_expo\/wp-content\/uploads\/expo2025_sq480_MarialiceFurtado_2_PlantacaoDeArroz-150x150.png\" class=\"attachment-thumbnail size-thumbnail wp-post-image\" alt=\"\" style=\"\" srcset=\"https:\/\/gifukenjinkai.org.br\/wp_expo\/wp-content\/uploads\/expo2025_sq480_MarialiceFurtado_2_PlantacaoDeArroz-150x150.png 150w, https:\/\/gifukenjinkai.org.br\/wp_expo\/wp-content\/uploads\/expo2025_sq480_MarialiceFurtado_2_PlantacaoDeArroz-300x300.png 300w, https:\/\/gifukenjinkai.org.br\/wp_expo\/wp-content\/uploads\/expo2025_sq480_MarialiceFurtado_2_PlantacaoDeArroz.png 480w\" sizes=\"auto, (max-width: 150px) 100vw, 150px\" \/><\/a><\/div><a class=\"wp-block-latest-posts__post-title\" href=\"https:\/\/gifukenjinkai.org.br\/21expo\/artist-mz\/marialicefurtado\/plantacaodearroz\/\">Planta\u00e7\u00e3o de Arroz<\/a><\/li>\n<li><div class=\"wp-block-latest-posts__featured-image\"><a href=\"https:\/\/gifukenjinkai.org.br\/21expo\/artist-mz\/marialicefurtado\/tradicoesorientais\/\" aria-label=\"Tradi\u00e7\u00f5es Orientais\"><img loading=\"lazy\" decoding=\"async\" width=\"150\" height=\"150\" src=\"https:\/\/gifukenjinkai.org.br\/wp_expo\/wp-content\/uploads\/expo2025_sq480_MarialiceFurtado_1_TradicoesOrientais-150x150.png\" class=\"attachment-thumbnail size-thumbnail wp-post-image\" alt=\"\" style=\"\" srcset=\"https:\/\/gifukenjinkai.org.br\/wp_expo\/wp-content\/uploads\/expo2025_sq480_MarialiceFurtado_1_TradicoesOrientais-150x150.png 150w, https:\/\/gifukenjinkai.org.br\/wp_expo\/wp-content\/uploads\/expo2025_sq480_MarialiceFurtado_1_TradicoesOrientais-300x300.png 300w, https:\/\/gifukenjinkai.org.br\/wp_expo\/wp-content\/uploads\/expo2025_sq480_MarialiceFurtado_1_TradicoesOrientais.png 480w\" sizes=\"auto, (max-width: 150px) 100vw, 150px\" \/><\/a><\/div><a class=\"wp-block-latest-posts__post-title\" href=\"https:\/\/gifukenjinkai.org.br\/21expo\/artist-mz\/marialicefurtado\/tradicoesorientais\/\">Tradi\u00e7\u00f5es Orientais<\/a><\/li>\n<\/ul>\n\n\n<p><\/p>\n","protected":false},"excerpt":{"rendered":"<p>MARIALICE FURTADO(\u30de\u30ea\u30a2\u30ea\u30bb\uff65\u30d5\u30eb\u30bf\u30c9) marialicearte Marialice Furtado &#8211; Artista visual com trajet\u00f3ria nacional e internacional. Atua com t\u00e9cnicas como \u00f3leo sobre tela [&hellip;]<\/p>\n","protected":false},"author":5,"featured_media":0,"parent":76,"menu_order":0,"comment_status":"closed","ping_status":"closed","template":"","meta":{"_uag_custom_page_level_css":"","site-sidebar-layout":"default","site-content-layout":"","ast-site-content-layout":"default","site-content-style":"default","site-sidebar-style":"default","ast-global-header-display":"","ast-banner-title-visibility":"","ast-main-header-display":"","ast-hfb-above-header-display":"","ast-hfb-below-header-display":"","ast-hfb-mobile-header-display":"","site-post-title":"disabled","ast-breadcrumbs-content":"","ast-featured-img":"disabled","footer-sml-layout":"","ast-disable-related-posts":"","theme-transparent-header-meta":"","adv-header-id-meta":"","stick-header-meta":"","header-above-stick-meta":"","header-main-stick-meta":"","header-below-stick-meta":"","astra-migrate-meta-layouts":"default","ast-page-background-enabled":"default","ast-page-background-meta":{"desktop":{"background-color":"var(--ast-global-color-4)","background-image":"","background-repeat":"repeat","background-position":"center center","background-size":"auto","background-attachment":"scroll","background-type":"","background-media":"","overlay-type":"","overlay-color":"","overlay-opacity":"","overlay-gradient":""},"tablet":{"background-color":"","background-image":"","background-repeat":"repeat","background-position":"center center","background-size":"auto","background-attachment":"scroll","background-type":"","background-media":"","overlay-type":"","overlay-color":"","overlay-opacity":"","overlay-gradient":""},"mobile":{"background-color":"","background-image":"","background-repeat":"repeat","background-position":"center center","background-size":"auto","background-attachment":"scroll","background-type":"","background-media":"","overlay-type":"","overlay-color":"","overlay-opacity":"","overlay-gradient":""}},"ast-content-background-meta":{"desktop":{"background-color":"var(--ast-global-color-5)","background-image":"","background-repeat":"repeat","background-position":"center center","background-size":"auto","background-attachment":"scroll","background-type":"","background-media":"","overlay-type":"","overlay-color":"","overlay-opacity":"","overlay-gradient":""},"tablet":{"background-color":"var(--ast-global-color-5)","background-image":"","background-repeat":"repeat","background-position":"center center","background-size":"auto","background-attachment":"scroll","background-type":"","background-media":"","overlay-type":"","overlay-color":"","overlay-opacity":"","overlay-gradient":""},"mobile":{"background-color":"var(--ast-global-color-5)","background-image":"","background-repeat":"repeat","background-position":"center center","background-size":"auto","background-attachment":"scroll","background-type":"","background-media":"","overlay-type":"","overlay-color":"","overlay-opacity":"","overlay-gradient":""}},"footnotes":""},"class_list":["post-2108","page","type-page","status-publish","hentry"],"uagb_featured_image_src":{"full":false,"thumbnail":false,"medium":false,"medium_large":false,"large":false,"1536x1536":false,"2048x2048":false},"uagb_author_info":{"display_name":"mty","author_link":"https:\/\/gifukenjinkai.org.br\/21expo\/author\/mty\/"},"uagb_comment_info":0,"uagb_excerpt":"MARIALICE FURTADO(\u30de\u30ea\u30a2\u30ea\u30bb\uff65\u30d5\u30eb\u30bf\u30c9) marialicearte Marialice Furtado &#8211; Artista visual com trajet\u00f3ria nacional e internacional. Atua com t\u00e9cnicas como \u00f3leo sobre tela [&hellip;]","_links":{"self":[{"href":"https:\/\/gifukenjinkai.org.br\/21expo\/wp-json\/wp\/v2\/pages\/2108","targetHints":{"allow":["GET"]}}],"collection":[{"href":"https:\/\/gifukenjinkai.org.br\/21expo\/wp-json\/wp\/v2\/pages"}],"about":[{"href":"https:\/\/gifukenjinkai.org.br\/21expo\/wp-json\/wp\/v2\/types\/page"}],"author":[{"embeddable":true,"href":"https:\/\/gifukenjinkai.org.br\/21expo\/wp-json\/wp\/v2\/users\/5"}],"replies":[{"embeddable":true,"href":"https:\/\/gifukenjinkai.org.br\/21expo\/wp-json\/wp\/v2\/comments?post=2108"}],"version-history":[{"count":3,"href":"https:\/\/gifukenjinkai.org.br\/21expo\/wp-json\/wp\/v2\/pages\/2108\/revisions"}],"predecessor-version":[{"id":2563,"href":"https:\/\/gifukenjinkai.org.br\/21expo\/wp-json\/wp\/v2\/pages\/2108\/revisions\/2563"}],"up":[{"embeddable":true,"href":"https:\/\/gifukenjinkai.org.br\/21expo\/wp-json\/wp\/v2\/pages\/76"}],"wp:attachment":[{"href":"https:\/\/gifukenjinkai.org.br\/21expo\/wp-json\/wp\/v2\/media?parent=2108"}],"curies":[{"name":"wp","href":"https:\/\/api.w.org\/{rel}","templated":true}]}}

MARIALICE FURTADO (マリアリセ･フルタド)

<h2 class="wp-block-heading">MARIALICE FURTADO<br>(マリアリセ･フルタド)</h2>



<p class="has-text-align-right"> <a href="https://www.instagram.com/marialicearte" target="_blank" rel="noreferrer noopener">marialicearte</a></p>



<p>Marialice Furtado &#8211; Artista visual com trajetória nacional e internacional. <br>Atua com técnicas como óleo sobre tela e aquarela, desenvolvendo obras autorais e sob encomenda.<br>Participa de exposições individuais e coletivas em diversas capitais brasileiras, além de Portugal, Inglaterra e México. <br>Seu trabalho aborda temas ligados à identidade, natureza e memória afetiva, com presença no circuito artístico contemporâneo.<br>• Mestrado pela FUCAPE, Vitória – ES<br>• Cursos livres de pintura<br>• Residência Artística na Black Brazil Art.</p>



<div style="height:64px" aria-hidden="true" class="wp-block-spacer"></div>


<ul class="wp-block-latest-posts__list is-grid columns-3 wp-block-latest-posts"><li><div class="wp-block-latest-posts__featured-image"><a href="https://gifukenjinkai.org.br/21expo/artist-mz/marialicefurtado/plantacaodearroz/" aria-label="Plantação de Arroz"><img loading="lazy" decoding="async" width="150" height="150" src="https://gifukenjinkai.org.br/wp_expo/wp-content/uploads/expo2025_sq480_MarialiceFurtado_2_PlantacaoDeArroz-150x150.png" class="attachment-thumbnail size-thumbnail wp-post-image" alt="" style="" srcset="https://gifukenjinkai.org.br/wp_expo/wp-content/uploads/expo2025_sq480_MarialiceFurtado_2_PlantacaoDeArroz-150x150.png 150w, https://gifukenjinkai.org.br/wp_expo/wp-content/uploads/expo2025_sq480_MarialiceFurtado_2_PlantacaoDeArroz-300x300.png 300w, https://gifukenjinkai.org.br/wp_expo/wp-content/uploads/expo2025_sq480_MarialiceFurtado_2_PlantacaoDeArroz.png 480w" sizes="auto, (max-width: 150px) 100vw, 150px" /></a></div><a class="wp-block-latest-posts__post-title" href="https://gifukenjinkai.org.br/21expo/artist-mz/marialicefurtado/plantacaodearroz/">Plantação de Arroz</a></li>
<li><div class="wp-block-latest-posts__featured-image"><a href="https://gifukenjinkai.org.br/21expo/artist-mz/marialicefurtado/tradicoesorientais/" aria-label="Tradições Orientais"><img loading="lazy" decoding="async" width="150" height="150" src="https://gifukenjinkai.org.br/wp_expo/wp-content/uploads/expo2025_sq480_MarialiceFurtado_1_TradicoesOrientais-150x150.png" class="attachment-thumbnail size-thumbnail wp-post-image" alt="" style="" srcset="https://gifukenjinkai.org.br/wp_expo/wp-content/uploads/expo2025_sq480_MarialiceFurtado_1_TradicoesOrientais-150x150.png 150w, https://gifukenjinkai.org.br/wp_expo/wp-content/uploads/expo2025_sq480_MarialiceFurtado_1_TradicoesOrientais-300x300.png 300w, https://gifukenjinkai.org.br/wp_expo/wp-content/uploads/expo2025_sq480_MarialiceFurtado_1_TradicoesOrientais.png 480w" sizes="auto, (max-width: 150px) 100vw, 150px" /></a></div><a class="wp-block-latest-posts__post-title" href="https://gifukenjinkai.org.br/21expo/artist-mz/marialicefurtado/tradicoesorientais/">Tradições Orientais</a></li>
</ul>


<p></p>

<p>MARIALICE FURTADO(マリアリセ･フルタド) marialicearte Marialice Furtado &#8211; Artista visual com trajetória nacional e internacional. Atua com técnicas como óleo sobre tela [&hellip;]</p>

MARIALICE FURTADO(マリアリセ･フルタド) marialicearte Marialice Furtado &#8211; Artista visual com trajetória nacional e internacional. Atua com técnicas como óleo sobre tela [&hellip;]
