{"id":2088,"date":"2025-11-09T12:34:44","date_gmt":"2025-11-09T15:34:44","guid":{"rendered":"https:\/\/gifukenjinkai.org.br\/21expo\/?page_id=2088"},"modified":"2025-11-12T05:19:54","modified_gmt":"2025-11-12T08:19:54","slug":"heloizerosa","status":"publish","type":"page","link":"https:\/\/gifukenjinkai.org.br\/21expo\/artist\/heloizerosa\/","title":{"rendered":"HELOIZE ROSA (\u30a8\u30ed\u30a4\u30bc\uff65\u30db\u30b6)"},"content":{"rendered":"\n<h2 class=\"wp-block-heading\">HELOIZE ROSA<br>(\u30a8\u30ed\u30a4\u30bc\uff65\u30db\u30b6)<\/h2>\n\n\n\n<p class=\"has-text-align-right\" style=\"font-size:16px\"> <a href=\"https:\/\/www.instagram.com\/artistaheloizerosa\" data-type=\"link\" data-id=\"https:\/\/www.instagram.com\/anatrevisanart\" target=\"_blank\" rel=\"noreferrer noopener\">artistaheloizerosa<\/a><\/p>\n\n\n\n<p>Artista visual brasileira, paulistana, nascida em 1960.<br>Formada pela Escola Panamericana de Artes.<br>Participante de v\u00e1rias expisi\u00e7\u00f5es coletivas e individuais em espa\u00e7os de relev\u00e2ncia como: Casa Cor, MUbe, Memorial da Am\u00e9rica Latina, MAC Campinas, Espa\u00e7os Institucionais, Galerias de Arte, dentre outros.<br>Participou como jurada do Mapa Cultural Paulista em 2015.<br>Atuou como 2\u00aa Secretaria da APAP (Associa\u00e7\u00e3o dos Artistas pl\u00e1sticos de S\u00e3o Paulo).<br>Em maio de 2016 recebeu o pr\u00eamio de pintura \u201cG\u00e9rard de Valentin\u201d no 4\u00ba Sal\u00e3o de Outono da Am\u00e9rica Latina.<\/p>\n\n\n\n<div style=\"height:64px\" aria-hidden=\"true\" class=\"wp-block-spacer\"><\/div>\n\n\n<ul class=\"wp-block-latest-posts__list is-grid columns-3 wp-block-latest-posts\"><li><div class=\"wp-block-latest-posts__featured-image\"><a href=\"https:\/\/gifukenjinkai.org.br\/21expo\/artist-al\/heloizerosa\/escupintura1\/\" aria-label=\"Escupintura I &#8211; Natureza Presente\"><img loading=\"lazy\" decoding=\"async\" width=\"150\" height=\"150\" src=\"https:\/\/gifukenjinkai.org.br\/wp_expo\/wp-content\/uploads\/expo2025_sq480_HeloizeRosa_1_Escupintura1_v2-150x150.png\" class=\"attachment-thumbnail size-thumbnail wp-post-image\" alt=\"\" style=\"\" srcset=\"https:\/\/gifukenjinkai.org.br\/wp_expo\/wp-content\/uploads\/expo2025_sq480_HeloizeRosa_1_Escupintura1_v2-150x150.png 150w, https:\/\/gifukenjinkai.org.br\/wp_expo\/wp-content\/uploads\/expo2025_sq480_HeloizeRosa_1_Escupintura1_v2-300x300.png 300w, https:\/\/gifukenjinkai.org.br\/wp_expo\/wp-content\/uploads\/expo2025_sq480_HeloizeRosa_1_Escupintura1_v2.png 480w\" sizes=\"auto, (max-width: 150px) 100vw, 150px\" \/><\/a><\/div><a class=\"wp-block-latest-posts__post-title\" href=\"https:\/\/gifukenjinkai.org.br\/21expo\/artist-al\/heloizerosa\/escupintura1\/\">Escupintura I &#8211; Natureza Presente<\/a><\/li>\n<li><div class=\"wp-block-latest-posts__featured-image\"><a href=\"https:\/\/gifukenjinkai.org.br\/21expo\/artist-al\/heloizerosa\/escupintura2\/\" aria-label=\"Escupintura II &#8211; Natureza Presente\"><img loading=\"lazy\" decoding=\"async\" width=\"150\" height=\"150\" src=\"https:\/\/gifukenjinkai.org.br\/wp_expo\/wp-content\/uploads\/expo2025_sq480_HeloizeRosa_2_Escupintura2_v2-150x150.png\" class=\"attachment-thumbnail size-thumbnail wp-post-image\" alt=\"\" style=\"\" srcset=\"https:\/\/gifukenjinkai.org.br\/wp_expo\/wp-content\/uploads\/expo2025_sq480_HeloizeRosa_2_Escupintura2_v2-150x150.png 150w, https:\/\/gifukenjinkai.org.br\/wp_expo\/wp-content\/uploads\/expo2025_sq480_HeloizeRosa_2_Escupintura2_v2-300x300.png 300w, https:\/\/gifukenjinkai.org.br\/wp_expo\/wp-content\/uploads\/expo2025_sq480_HeloizeRosa_2_Escupintura2_v2.png 480w\" sizes=\"auto, (max-width: 150px) 100vw, 150px\" \/><\/a><\/div><a class=\"wp-block-latest-posts__post-title\" href=\"https:\/\/gifukenjinkai.org.br\/21expo\/artist-al\/heloizerosa\/escupintura2\/\">Escupintura II &#8211; Natureza Presente<\/a><\/li>\n<\/ul>\n\n\n<p><\/p>\n","protected":false},"excerpt":{"rendered":"<p>HELOIZE ROSA(\u30a8\u30ed\u30a4\u30bc\uff65\u30db\u30b6) artistaheloizerosa Artista visual brasileira, paulistana, nascida em 1960.Formada pela Escola Panamericana de Artes.Participante de v\u00e1rias expisi\u00e7\u00f5es coletivas e [&hellip;]<\/p>\n","protected":false},"author":5,"featured_media":0,"parent":76,"menu_order":0,"comment_status":"closed","ping_status":"closed","template":"","meta":{"_uag_custom_page_level_css":"","site-sidebar-layout":"default","site-content-layout":"","ast-site-content-layout":"default","site-content-style":"default","site-sidebar-style":"default","ast-global-header-display":"","ast-banner-title-visibility":"","ast-main-header-display":"","ast-hfb-above-header-display":"","ast-hfb-below-header-display":"","ast-hfb-mobile-header-display":"","site-post-title":"disabled","ast-breadcrumbs-content":"","ast-featured-img":"","footer-sml-layout":"","ast-disable-related-posts":"","theme-transparent-header-meta":"","adv-header-id-meta":"","stick-header-meta":"","header-above-stick-meta":"","header-main-stick-meta":"","header-below-stick-meta":"","astra-migrate-meta-layouts":"default","ast-page-background-enabled":"default","ast-page-background-meta":{"desktop":{"background-color":"var(--ast-global-color-4)","background-image":"","background-repeat":"repeat","background-position":"center center","background-size":"auto","background-attachment":"scroll","background-type":"","background-media":"","overlay-type":"","overlay-color":"","overlay-opacity":"","overlay-gradient":""},"tablet":{"background-color":"","background-image":"","background-repeat":"repeat","background-position":"center center","background-size":"auto","background-attachment":"scroll","background-type":"","background-media":"","overlay-type":"","overlay-color":"","overlay-opacity":"","overlay-gradient":""},"mobile":{"background-color":"","background-image":"","background-repeat":"repeat","background-position":"center center","background-size":"auto","background-attachment":"scroll","background-type":"","background-media":"","overlay-type":"","overlay-color":"","overlay-opacity":"","overlay-gradient":""}},"ast-content-background-meta":{"desktop":{"background-color":"var(--ast-global-color-5)","background-image":"","background-repeat":"repeat","background-position":"center center","background-size":"auto","background-attachment":"scroll","background-type":"","background-media":"","overlay-type":"","overlay-color":"","overlay-opacity":"","overlay-gradient":""},"tablet":{"background-color":"var(--ast-global-color-5)","background-image":"","background-repeat":"repeat","background-position":"center center","background-size":"auto","background-attachment":"scroll","background-type":"","background-media":"","overlay-type":"","overlay-color":"","overlay-opacity":"","overlay-gradient":""},"mobile":{"background-color":"var(--ast-global-color-5)","background-image":"","background-repeat":"repeat","background-position":"center center","background-size":"auto","background-attachment":"scroll","background-type":"","background-media":"","overlay-type":"","overlay-color":"","overlay-opacity":"","overlay-gradient":""}},"footnotes":""},"class_list":["post-2088","page","type-page","status-publish","hentry"],"uagb_featured_image_src":{"full":false,"thumbnail":false,"medium":false,"medium_large":false,"large":false,"1536x1536":false,"2048x2048":false},"uagb_author_info":{"display_name":"mty","author_link":"https:\/\/gifukenjinkai.org.br\/21expo\/author\/mty\/"},"uagb_comment_info":0,"uagb_excerpt":"HELOIZE ROSA(\u30a8\u30ed\u30a4\u30bc\uff65\u30db\u30b6) artistaheloizerosa Artista visual brasileira, paulistana, nascida em 1960.Formada pela Escola Panamericana de Artes.Participante de v\u00e1rias expisi\u00e7\u00f5es coletivas e [&hellip;]","_links":{"self":[{"href":"https:\/\/gifukenjinkai.org.br\/21expo\/wp-json\/wp\/v2\/pages\/2088","targetHints":{"allow":["GET"]}}],"collection":[{"href":"https:\/\/gifukenjinkai.org.br\/21expo\/wp-json\/wp\/v2\/pages"}],"about":[{"href":"https:\/\/gifukenjinkai.org.br\/21expo\/wp-json\/wp\/v2\/types\/page"}],"author":[{"embeddable":true,"href":"https:\/\/gifukenjinkai.org.br\/21expo\/wp-json\/wp\/v2\/users\/5"}],"replies":[{"embeddable":true,"href":"https:\/\/gifukenjinkai.org.br\/21expo\/wp-json\/wp\/v2\/comments?post=2088"}],"version-history":[{"count":3,"href":"https:\/\/gifukenjinkai.org.br\/21expo\/wp-json\/wp\/v2\/pages\/2088\/revisions"}],"predecessor-version":[{"id":2542,"href":"https:\/\/gifukenjinkai.org.br\/21expo\/wp-json\/wp\/v2\/pages\/2088\/revisions\/2542"}],"up":[{"embeddable":true,"href":"https:\/\/gifukenjinkai.org.br\/21expo\/wp-json\/wp\/v2\/pages\/76"}],"wp:attachment":[{"href":"https:\/\/gifukenjinkai.org.br\/21expo\/wp-json\/wp\/v2\/media?parent=2088"}],"curies":[{"name":"wp","href":"https:\/\/api.w.org\/{rel}","templated":true}]}}

HELOIZE ROSA (エロイゼ･ホザ)

<h2 class="wp-block-heading">HELOIZE ROSA<br>(エロイゼ･ホザ)</h2>



<p class="has-text-align-right" style="font-size:16px"> <a href="https://www.instagram.com/artistaheloizerosa" data-type="link" data-id="https://www.instagram.com/anatrevisanart" target="_blank" rel="noreferrer noopener">artistaheloizerosa</a></p>



<p>Artista visual brasileira, paulistana, nascida em 1960.<br>Formada pela Escola Panamericana de Artes.<br>Participante de várias expisições coletivas e individuais em espaços de relevância como: Casa Cor, MUbe, Memorial da América Latina, MAC Campinas, Espaços Institucionais, Galerias de Arte, dentre outros.<br>Participou como jurada do Mapa Cultural Paulista em 2015.<br>Atuou como 2ª Secretaria da APAP (Associação dos Artistas plásticos de São Paulo).<br>Em maio de 2016 recebeu o prêmio de pintura “Gérard de Valentin” no 4º Salão de Outono da América Latina.</p>



<div style="height:64px" aria-hidden="true" class="wp-block-spacer"></div>


<ul class="wp-block-latest-posts__list is-grid columns-3 wp-block-latest-posts"><li><div class="wp-block-latest-posts__featured-image"><a href="https://gifukenjinkai.org.br/21expo/artist-al/heloizerosa/escupintura1/" aria-label="Escupintura I &#8211; Natureza Presente"><img loading="lazy" decoding="async" width="150" height="150" src="https://gifukenjinkai.org.br/wp_expo/wp-content/uploads/expo2025_sq480_HeloizeRosa_1_Escupintura1_v2-150x150.png" class="attachment-thumbnail size-thumbnail wp-post-image" alt="" style="" srcset="https://gifukenjinkai.org.br/wp_expo/wp-content/uploads/expo2025_sq480_HeloizeRosa_1_Escupintura1_v2-150x150.png 150w, https://gifukenjinkai.org.br/wp_expo/wp-content/uploads/expo2025_sq480_HeloizeRosa_1_Escupintura1_v2-300x300.png 300w, https://gifukenjinkai.org.br/wp_expo/wp-content/uploads/expo2025_sq480_HeloizeRosa_1_Escupintura1_v2.png 480w" sizes="auto, (max-width: 150px) 100vw, 150px" /></a></div><a class="wp-block-latest-posts__post-title" href="https://gifukenjinkai.org.br/21expo/artist-al/heloizerosa/escupintura1/">Escupintura I &#8211; Natureza Presente</a></li>
<li><div class="wp-block-latest-posts__featured-image"><a href="https://gifukenjinkai.org.br/21expo/artist-al/heloizerosa/escupintura2/" aria-label="Escupintura II &#8211; Natureza Presente"><img loading="lazy" decoding="async" width="150" height="150" src="https://gifukenjinkai.org.br/wp_expo/wp-content/uploads/expo2025_sq480_HeloizeRosa_2_Escupintura2_v2-150x150.png" class="attachment-thumbnail size-thumbnail wp-post-image" alt="" style="" srcset="https://gifukenjinkai.org.br/wp_expo/wp-content/uploads/expo2025_sq480_HeloizeRosa_2_Escupintura2_v2-150x150.png 150w, https://gifukenjinkai.org.br/wp_expo/wp-content/uploads/expo2025_sq480_HeloizeRosa_2_Escupintura2_v2-300x300.png 300w, https://gifukenjinkai.org.br/wp_expo/wp-content/uploads/expo2025_sq480_HeloizeRosa_2_Escupintura2_v2.png 480w" sizes="auto, (max-width: 150px) 100vw, 150px" /></a></div><a class="wp-block-latest-posts__post-title" href="https://gifukenjinkai.org.br/21expo/artist-al/heloizerosa/escupintura2/">Escupintura II &#8211; Natureza Presente</a></li>
</ul>


<p></p>

<p>HELOIZE ROSA(エロイゼ･ホザ) artistaheloizerosa Artista visual brasileira, paulistana, nascida em 1960.Formada pela Escola Panamericana de Artes.Participante de várias expisições coletivas e [&hellip;]</p>

HELOIZE ROSA(エロイゼ･ホザ) artistaheloizerosa Artista visual brasileira, paulistana, nascida em 1960.Formada pela Escola Panamericana de Artes.Participante de várias expisições coletivas e [&hellip;]
