{"id":2083,"date":"2025-11-09T12:30:21","date_gmt":"2025-11-09T15:30:21","guid":{"rendered":"https:\/\/gifukenjinkai.org.br\/21expo\/?page_id=2083"},"modified":"2025-11-11T11:38:45","modified_gmt":"2025-11-11T14:38:45","slug":"francagalloni","status":"publish","type":"page","link":"https:\/\/gifukenjinkai.org.br\/21expo\/artist\/francagalloni\/","title":{"rendered":"FRANCA GALLONI (\u30d5\u30e9\u30f3\u30ab \u30ac\u30ed\u30cb)"},"content":{"rendered":"\n<h2 class=\"wp-block-heading\">FRANCA GALLONI<br>(\u30d5\u30e9\u30f3\u30ab \u30ac\u30ed\u30cb)<\/h2>\n\n\n\n<p class=\"has-text-align-right\" style=\"font-size:16px\"> <a href=\"https:\/\/www.instagram.com\/francaschwarz\" target=\"_blank\" rel=\"noreferrer noopener\">francaschwarz<\/a><\/p>\n\n\n\n<p>FRANCA GALLONI SCHWARZ<br>Nascida na It\u00e1lia, na cidade de Trento,em 19\/10\/1930.<br>Frequentou o curso de Moda e Desenho Art\u00edstico no Instituto Professionale<br>Femminile di Stato Elisabetta Sirani em Bologna.<br><br>Cursos de Arte e Pintura:<br>Pintura com os artistas Giuliana Pedrazzi e Carlos Arias<br>Pintura com o pintor-escultor Paulo Monteiro<br>Aquarela e pintura com a artista Selma Daffr\u00e9<br><br>Exposi\u00e7\u00f5es:<br>EXPRESSIVA Exposi\u00e7\u00e3o Coletiva no espa\u00e7o Del\u00ednea &#8211; Alto de Pinheiros &#8211; S\u00e3o Paulo SP dezembro\/1996<br>Exposi\u00e7\u00e3o de Talentos da Maturidade Dezembro de 2000 do Banco Real em S\u00e3o Paulo SP<br>1o. Sal\u00e3o de Pintura Figurativa Contempor\u00e2nea na Sociedade Japonesa, BUNKYO, maio de 2001 S\u00e3o Paulo SP (Men\u00e7\u00e3o Honrosa)<br>Sal\u00e3o Artes Pl\u00e1sticas do Festival ACESC de Arte e Cultura, em S\u00e3o Paulo SP<br>novembro de 2001<br>VI Sal\u00e3o de Artes Pl\u00e1stica ACESC, 2002 em S\u00e3o Paulo SP<br>2a. Exposi\u00e7\u00e3o de Arte BUNKYO, outubro de 2008, S\u00e3o Paulo SP<br>Grande Exposi\u00e7\u00e3o da Arte BUNKYO, outubro de 2011, S\u00e3o Paulo SP (Men\u00e7\u00e3o Honrosa)<br>Exposi\u00e7\u00e3o Centro Cultural de Capivari &#8220;Homenagem \u00e0 Tarsila do Amaral&#8221;, 2023 Capivari SP<br>Exposi\u00e7\u00e3o Coletiva Centro Cultural Brit\u00e2nico, Pinheiros &#8211; 2023, S\u00e3o Paulo SP<br>Exposi\u00e7\u00e3o Coletiva &#8220;Arte e Mulher&#8221; na Galeria ART LAB, Vila Madalena, 2024 S\u00e3o Paulo SP<br>Exposi\u00e7\u00e3o Coletiva Galeria 3, Piracicaba SP 2024<\/p>\n\n\n\n<div style=\"height:64px\" aria-hidden=\"true\" class=\"wp-block-spacer\"><\/div>\n\n\n<ul class=\"wp-block-latest-posts__list is-grid columns-3 wp-block-latest-posts\"><li><div class=\"wp-block-latest-posts__featured-image\"><a href=\"https:\/\/gifukenjinkai.org.br\/21expo\/artist-al\/francagalloni\/eprimavera1\/\" aria-label=\"\u00c9 Primavera I\"><img loading=\"lazy\" decoding=\"async\" width=\"150\" height=\"150\" src=\"https:\/\/gifukenjinkai.org.br\/wp_expo\/wp-content\/uploads\/expo2025_sq480_FrancaGalloni_1_EPrimavera1-150x150.png\" class=\"attachment-thumbnail size-thumbnail wp-post-image\" alt=\"\" style=\"max-width:150px;max-height:150px;\" srcset=\"https:\/\/gifukenjinkai.org.br\/wp_expo\/wp-content\/uploads\/expo2025_sq480_FrancaGalloni_1_EPrimavera1-150x150.png 150w, https:\/\/gifukenjinkai.org.br\/wp_expo\/wp-content\/uploads\/expo2025_sq480_FrancaGalloni_1_EPrimavera1-300x300.png 300w, https:\/\/gifukenjinkai.org.br\/wp_expo\/wp-content\/uploads\/expo2025_sq480_FrancaGalloni_1_EPrimavera1.png 480w\" sizes=\"auto, (max-width: 150px) 100vw, 150px\" \/><\/a><\/div><a class=\"wp-block-latest-posts__post-title\" href=\"https:\/\/gifukenjinkai.org.br\/21expo\/artist-al\/francagalloni\/eprimavera1\/\">\u00c9 Primavera I<\/a><\/li>\n<li><div class=\"wp-block-latest-posts__featured-image\"><a href=\"https:\/\/gifukenjinkai.org.br\/21expo\/artist-al\/francagalloni\/eprimavera2\/\" aria-label=\"\u00c9 Primavera II\"><img loading=\"lazy\" decoding=\"async\" width=\"150\" height=\"150\" src=\"https:\/\/gifukenjinkai.org.br\/wp_expo\/wp-content\/uploads\/expo2025_sq480_FracaGalloni_2_EPrimavera2-150x150.png\" class=\"attachment-thumbnail size-thumbnail wp-post-image\" alt=\"\" style=\"max-width:150px;max-height:150px;\" srcset=\"https:\/\/gifukenjinkai.org.br\/wp_expo\/wp-content\/uploads\/expo2025_sq480_FracaGalloni_2_EPrimavera2-150x150.png 150w, https:\/\/gifukenjinkai.org.br\/wp_expo\/wp-content\/uploads\/expo2025_sq480_FracaGalloni_2_EPrimavera2-300x300.png 300w, https:\/\/gifukenjinkai.org.br\/wp_expo\/wp-content\/uploads\/expo2025_sq480_FracaGalloni_2_EPrimavera2.png 480w\" sizes=\"auto, (max-width: 150px) 100vw, 150px\" \/><\/a><\/div><a class=\"wp-block-latest-posts__post-title\" href=\"https:\/\/gifukenjinkai.org.br\/21expo\/artist-al\/francagalloni\/eprimavera2\/\">\u00c9 Primavera II<\/a><\/li>\n<\/ul>\n\n\n<p><\/p>\n\n\n\n<p><\/p>\n","protected":false},"excerpt":{"rendered":"<p>FRANCA GALLONI(\u30d5\u30e9\u30f3\u30ab \u30ac\u30ed\u30cb) francaschwarz FRANCA GALLONI SCHWARZNascida na It\u00e1lia, na cidade de Trento,em 19\/10\/1930.Frequentou o curso de Moda e Desenho [&hellip;]<\/p>\n","protected":false},"author":5,"featured_media":0,"parent":76,"menu_order":0,"comment_status":"closed","ping_status":"closed","template":"","meta":{"_uag_custom_page_level_css":"","site-sidebar-layout":"default","site-content-layout":"","ast-site-content-layout":"default","site-content-style":"default","site-sidebar-style":"default","ast-global-header-display":"","ast-banner-title-visibility":"","ast-main-header-display":"","ast-hfb-above-header-display":"","ast-hfb-below-header-display":"","ast-hfb-mobile-header-display":"","site-post-title":"disabled","ast-breadcrumbs-content":"","ast-featured-img":"disabled","footer-sml-layout":"","ast-disable-related-posts":"","theme-transparent-header-meta":"","adv-header-id-meta":"","stick-header-meta":"","header-above-stick-meta":"","header-main-stick-meta":"","header-below-stick-meta":"","astra-migrate-meta-layouts":"default","ast-page-background-enabled":"default","ast-page-background-meta":{"desktop":{"background-color":"var(--ast-global-color-4)","background-image":"","background-repeat":"repeat","background-position":"center center","background-size":"auto","background-attachment":"scroll","background-type":"","background-media":"","overlay-type":"","overlay-color":"","overlay-opacity":"","overlay-gradient":""},"tablet":{"background-color":"","background-image":"","background-repeat":"repeat","background-position":"center center","background-size":"auto","background-attachment":"scroll","background-type":"","background-media":"","overlay-type":"","overlay-color":"","overlay-opacity":"","overlay-gradient":""},"mobile":{"background-color":"","background-image":"","background-repeat":"repeat","background-position":"center center","background-size":"auto","background-attachment":"scroll","background-type":"","background-media":"","overlay-type":"","overlay-color":"","overlay-opacity":"","overlay-gradient":""}},"ast-content-background-meta":{"desktop":{"background-color":"var(--ast-global-color-5)","background-image":"","background-repeat":"repeat","background-position":"center center","background-size":"auto","background-attachment":"scroll","background-type":"","background-media":"","overlay-type":"","overlay-color":"","overlay-opacity":"","overlay-gradient":""},"tablet":{"background-color":"var(--ast-global-color-5)","background-image":"","background-repeat":"repeat","background-position":"center center","background-size":"auto","background-attachment":"scroll","background-type":"","background-media":"","overlay-type":"","overlay-color":"","overlay-opacity":"","overlay-gradient":""},"mobile":{"background-color":"var(--ast-global-color-5)","background-image":"","background-repeat":"repeat","background-position":"center center","background-size":"auto","background-attachment":"scroll","background-type":"","background-media":"","overlay-type":"","overlay-color":"","overlay-opacity":"","overlay-gradient":""}},"footnotes":""},"class_list":["post-2083","page","type-page","status-publish","hentry"],"uagb_featured_image_src":{"full":false,"thumbnail":false,"medium":false,"medium_large":false,"large":false,"1536x1536":false,"2048x2048":false},"uagb_author_info":{"display_name":"mty","author_link":"https:\/\/gifukenjinkai.org.br\/21expo\/author\/mty\/"},"uagb_comment_info":0,"uagb_excerpt":"FRANCA GALLONI(\u30d5\u30e9\u30f3\u30ab \u30ac\u30ed\u30cb) francaschwarz FRANCA GALLONI SCHWARZNascida na It\u00e1lia, na cidade de Trento,em 19\/10\/1930.Frequentou o curso de Moda e Desenho [&hellip;]","_links":{"self":[{"href":"https:\/\/gifukenjinkai.org.br\/21expo\/wp-json\/wp\/v2\/pages\/2083","targetHints":{"allow":["GET"]}}],"collection":[{"href":"https:\/\/gifukenjinkai.org.br\/21expo\/wp-json\/wp\/v2\/pages"}],"about":[{"href":"https:\/\/gifukenjinkai.org.br\/21expo\/wp-json\/wp\/v2\/types\/page"}],"author":[{"embeddable":true,"href":"https:\/\/gifukenjinkai.org.br\/21expo\/wp-json\/wp\/v2\/users\/5"}],"replies":[{"embeddable":true,"href":"https:\/\/gifukenjinkai.org.br\/21expo\/wp-json\/wp\/v2\/comments?post=2083"}],"version-history":[{"count":5,"href":"https:\/\/gifukenjinkai.org.br\/21expo\/wp-json\/wp\/v2\/pages\/2083\/revisions"}],"predecessor-version":[{"id":2532,"href":"https:\/\/gifukenjinkai.org.br\/21expo\/wp-json\/wp\/v2\/pages\/2083\/revisions\/2532"}],"up":[{"embeddable":true,"href":"https:\/\/gifukenjinkai.org.br\/21expo\/wp-json\/wp\/v2\/pages\/76"}],"wp:attachment":[{"href":"https:\/\/gifukenjinkai.org.br\/21expo\/wp-json\/wp\/v2\/media?parent=2083"}],"curies":[{"name":"wp","href":"https:\/\/api.w.org\/{rel}","templated":true}]}}

FRANCA GALLONI (フランカ ガロニ)

<h2 class="wp-block-heading">FRANCA GALLONI<br>(フランカ ガロニ)</h2>



<p class="has-text-align-right" style="font-size:16px"> <a href="https://www.instagram.com/francaschwarz" target="_blank" rel="noreferrer noopener">francaschwarz</a></p>



<p>FRANCA GALLONI SCHWARZ<br>Nascida na Itália, na cidade de Trento,em 19/10/1930.<br>Frequentou o curso de Moda e Desenho Artístico no Instituto Professionale<br>Femminile di Stato Elisabetta Sirani em Bologna.<br><br>Cursos de Arte e Pintura:<br>Pintura com os artistas Giuliana Pedrazzi e Carlos Arias<br>Pintura com o pintor-escultor Paulo Monteiro<br>Aquarela e pintura com a artista Selma Daffré<br><br>Exposições:<br>EXPRESSIVA Exposição Coletiva no espaço Delínea &#8211; Alto de Pinheiros &#8211; São Paulo SP dezembro/1996<br>Exposição de Talentos da Maturidade Dezembro de 2000 do Banco Real em São Paulo SP<br>1o. Salão de Pintura Figurativa Contemporânea na Sociedade Japonesa, BUNKYO, maio de 2001 São Paulo SP (Menção Honrosa)<br>Salão Artes Plásticas do Festival ACESC de Arte e Cultura, em São Paulo SP<br>novembro de 2001<br>VI Salão de Artes Plástica ACESC, 2002 em São Paulo SP<br>2a. Exposição de Arte BUNKYO, outubro de 2008, São Paulo SP<br>Grande Exposição da Arte BUNKYO, outubro de 2011, São Paulo SP (Menção Honrosa)<br>Exposição Centro Cultural de Capivari &#8220;Homenagem à Tarsila do Amaral&#8221;, 2023 Capivari SP<br>Exposição Coletiva Centro Cultural Britânico, Pinheiros &#8211; 2023, São Paulo SP<br>Exposição Coletiva &#8220;Arte e Mulher&#8221; na Galeria ART LAB, Vila Madalena, 2024 São Paulo SP<br>Exposição Coletiva Galeria 3, Piracicaba SP 2024</p>



<div style="height:64px" aria-hidden="true" class="wp-block-spacer"></div>


<ul class="wp-block-latest-posts__list is-grid columns-3 wp-block-latest-posts"><li><div class="wp-block-latest-posts__featured-image"><a href="https://gifukenjinkai.org.br/21expo/artist-al/francagalloni/eprimavera1/" aria-label="É Primavera I"><img loading="lazy" decoding="async" width="150" height="150" src="https://gifukenjinkai.org.br/wp_expo/wp-content/uploads/expo2025_sq480_FrancaGalloni_1_EPrimavera1-150x150.png" class="attachment-thumbnail size-thumbnail wp-post-image" alt="" style="max-width:150px;max-height:150px;" srcset="https://gifukenjinkai.org.br/wp_expo/wp-content/uploads/expo2025_sq480_FrancaGalloni_1_EPrimavera1-150x150.png 150w, https://gifukenjinkai.org.br/wp_expo/wp-content/uploads/expo2025_sq480_FrancaGalloni_1_EPrimavera1-300x300.png 300w, https://gifukenjinkai.org.br/wp_expo/wp-content/uploads/expo2025_sq480_FrancaGalloni_1_EPrimavera1.png 480w" sizes="auto, (max-width: 150px) 100vw, 150px" /></a></div><a class="wp-block-latest-posts__post-title" href="https://gifukenjinkai.org.br/21expo/artist-al/francagalloni/eprimavera1/">É Primavera I</a></li>
<li><div class="wp-block-latest-posts__featured-image"><a href="https://gifukenjinkai.org.br/21expo/artist-al/francagalloni/eprimavera2/" aria-label="É Primavera II"><img loading="lazy" decoding="async" width="150" height="150" src="https://gifukenjinkai.org.br/wp_expo/wp-content/uploads/expo2025_sq480_FracaGalloni_2_EPrimavera2-150x150.png" class="attachment-thumbnail size-thumbnail wp-post-image" alt="" style="max-width:150px;max-height:150px;" srcset="https://gifukenjinkai.org.br/wp_expo/wp-content/uploads/expo2025_sq480_FracaGalloni_2_EPrimavera2-150x150.png 150w, https://gifukenjinkai.org.br/wp_expo/wp-content/uploads/expo2025_sq480_FracaGalloni_2_EPrimavera2-300x300.png 300w, https://gifukenjinkai.org.br/wp_expo/wp-content/uploads/expo2025_sq480_FracaGalloni_2_EPrimavera2.png 480w" sizes="auto, (max-width: 150px) 100vw, 150px" /></a></div><a class="wp-block-latest-posts__post-title" href="https://gifukenjinkai.org.br/21expo/artist-al/francagalloni/eprimavera2/">É Primavera II</a></li>
</ul>


<p></p>



<p></p>

<p>FRANCA GALLONI(フランカ ガロニ) francaschwarz FRANCA GALLONI SCHWARZNascida na Itália, na cidade de Trento,em 19/10/1930.Frequentou o curso de Moda e Desenho [&hellip;]</p>

FRANCA GALLONI(フランカ ガロニ) francaschwarz FRANCA GALLONI SCHWARZNascida na Itália, na cidade de Trento,em 19/10/1930.Frequentou o curso de Moda e Desenho [&hellip;]
