{"id":2073,"date":"2025-11-09T12:21:48","date_gmt":"2025-11-09T15:21:48","guid":{"rendered":"https:\/\/gifukenjinkai.org.br\/21expo\/?page_id=2073"},"modified":"2025-11-11T11:29:30","modified_gmt":"2025-11-11T14:29:30","slug":"elizabethaspahan","status":"publish","type":"page","link":"https:\/\/gifukenjinkai.org.br\/21expo\/artist\/elizabethaspahan\/","title":{"rendered":"ELIZABETH ASPAHAN (\u30a8\u30ea\u30b6\u30d9\u30c3\u30c1 \u30a2\u30b9\u30d1\u30cf\u30f3)"},"content":{"rendered":"\n<h2 class=\"wp-block-heading\">ELIZABETH ASPAHAN<br>(\u30a8\u30ea\u30b6\u30d9\u30c3\u30c1 \u30a2\u30b9\u30d1\u30cf\u30f3)<\/h2>\n\n\n\n<p>Mineira de Te\u00f3filo Otoni, Elizabeth, 79 anos, vive um novo cap\u00edtulo de sua hist\u00f3ria. Formada no Magist\u00e9rio, j\u00e1 atuou como secret\u00e1ria bil\u00edngue. Sempre apaixonada pelo universo art\u00edstico, h\u00e1 um ano decidiu transformar essa admira\u00e7\u00e3o em pr\u00e1tica, iniciando cursos de desenho e pintura, Desde ent\u00e3o, sob orienta\u00e7\u00e3o do mestre Eiji Yajima, dedica-se a explorar cores, formas e express\u00f5es, revelando em suas obras a sensibilidade de quem acredita que nunca \u00e9 tarde para come\u00e7ar algo novo.<\/p>\n\n\n\n<div style=\"height:64px\" aria-hidden=\"true\" class=\"wp-block-spacer\"><\/div>\n\n\n<ul class=\"wp-block-latest-posts__list is-grid columns-3 wp-block-latest-posts\"><li><div class=\"wp-block-latest-posts__featured-image\"><a href=\"https:\/\/gifukenjinkai.org.br\/21expo\/artist-al\/elizabethaspahan\/folhagem\/\" aria-label=\"Folhagem\"><img loading=\"lazy\" decoding=\"async\" width=\"150\" height=\"150\" src=\"https:\/\/gifukenjinkai.org.br\/wp_expo\/wp-content\/uploads\/expo2025_sq480_ElizabethAspahan_1_Folhagem-150x150.png\" class=\"attachment-thumbnail size-thumbnail wp-post-image\" alt=\"\" style=\"\" srcset=\"https:\/\/gifukenjinkai.org.br\/wp_expo\/wp-content\/uploads\/expo2025_sq480_ElizabethAspahan_1_Folhagem-150x150.png 150w, https:\/\/gifukenjinkai.org.br\/wp_expo\/wp-content\/uploads\/expo2025_sq480_ElizabethAspahan_1_Folhagem-300x300.png 300w, https:\/\/gifukenjinkai.org.br\/wp_expo\/wp-content\/uploads\/expo2025_sq480_ElizabethAspahan_1_Folhagem.png 480w\" sizes=\"auto, (max-width: 150px) 100vw, 150px\" \/><\/a><\/div><a class=\"wp-block-latest-posts__post-title\" href=\"https:\/\/gifukenjinkai.org.br\/21expo\/artist-al\/elizabethaspahan\/folhagem\/\">Folhagem<\/a><\/li>\n<\/ul>\n\n\n<p><\/p>\n","protected":false},"excerpt":{"rendered":"<p>ELIZABETH ASPAHAN(\u30a8\u30ea\u30b6\u30d9\u30c3\u30c1 \u30a2\u30b9\u30d1\u30cf\u30f3) Mineira de Te\u00f3filo Otoni, Elizabeth, 79 anos, vive um novo cap\u00edtulo de sua hist\u00f3ria. Formada no Magist\u00e9rio, [&hellip;]<\/p>\n","protected":false},"author":5,"featured_media":0,"parent":76,"menu_order":0,"comment_status":"closed","ping_status":"closed","template":"","meta":{"_uag_custom_page_level_css":"","site-sidebar-layout":"default","site-content-layout":"","ast-site-content-layout":"default","site-content-style":"default","site-sidebar-style":"default","ast-global-header-display":"","ast-banner-title-visibility":"","ast-main-header-display":"","ast-hfb-above-header-display":"","ast-hfb-below-header-display":"","ast-hfb-mobile-header-display":"","site-post-title":"disabled","ast-breadcrumbs-content":"","ast-featured-img":"","footer-sml-layout":"","ast-disable-related-posts":"","theme-transparent-header-meta":"","adv-header-id-meta":"","stick-header-meta":"","header-above-stick-meta":"","header-main-stick-meta":"","header-below-stick-meta":"","astra-migrate-meta-layouts":"default","ast-page-background-enabled":"default","ast-page-background-meta":{"desktop":{"background-color":"var(--ast-global-color-4)","background-image":"","background-repeat":"repeat","background-position":"center center","background-size":"auto","background-attachment":"scroll","background-type":"","background-media":"","overlay-type":"","overlay-color":"","overlay-opacity":"","overlay-gradient":""},"tablet":{"background-color":"","background-image":"","background-repeat":"repeat","background-position":"center center","background-size":"auto","background-attachment":"scroll","background-type":"","background-media":"","overlay-type":"","overlay-color":"","overlay-opacity":"","overlay-gradient":""},"mobile":{"background-color":"","background-image":"","background-repeat":"repeat","background-position":"center center","background-size":"auto","background-attachment":"scroll","background-type":"","background-media":"","overlay-type":"","overlay-color":"","overlay-opacity":"","overlay-gradient":""}},"ast-content-background-meta":{"desktop":{"background-color":"var(--ast-global-color-5)","background-image":"","background-repeat":"repeat","background-position":"center center","background-size":"auto","background-attachment":"scroll","background-type":"","background-media":"","overlay-type":"","overlay-color":"","overlay-opacity":"","overlay-gradient":""},"tablet":{"background-color":"var(--ast-global-color-5)","background-image":"","background-repeat":"repeat","background-position":"center center","background-size":"auto","background-attachment":"scroll","background-type":"","background-media":"","overlay-type":"","overlay-color":"","overlay-opacity":"","overlay-gradient":""},"mobile":{"background-color":"var(--ast-global-color-5)","background-image":"","background-repeat":"repeat","background-position":"center center","background-size":"auto","background-attachment":"scroll","background-type":"","background-media":"","overlay-type":"","overlay-color":"","overlay-opacity":"","overlay-gradient":""}},"footnotes":""},"class_list":["post-2073","page","type-page","status-publish","hentry"],"uagb_featured_image_src":{"full":false,"thumbnail":false,"medium":false,"medium_large":false,"large":false,"1536x1536":false,"2048x2048":false},"uagb_author_info":{"display_name":"mty","author_link":"https:\/\/gifukenjinkai.org.br\/21expo\/author\/mty\/"},"uagb_comment_info":0,"uagb_excerpt":"ELIZABETH ASPAHAN(\u30a8\u30ea\u30b6\u30d9\u30c3\u30c1 \u30a2\u30b9\u30d1\u30cf\u30f3) Mineira de Te\u00f3filo Otoni, Elizabeth, 79 anos, vive um novo cap\u00edtulo de sua hist\u00f3ria. Formada no Magist\u00e9rio, [&hellip;]","_links":{"self":[{"href":"https:\/\/gifukenjinkai.org.br\/21expo\/wp-json\/wp\/v2\/pages\/2073","targetHints":{"allow":["GET"]}}],"collection":[{"href":"https:\/\/gifukenjinkai.org.br\/21expo\/wp-json\/wp\/v2\/pages"}],"about":[{"href":"https:\/\/gifukenjinkai.org.br\/21expo\/wp-json\/wp\/v2\/types\/page"}],"author":[{"embeddable":true,"href":"https:\/\/gifukenjinkai.org.br\/21expo\/wp-json\/wp\/v2\/users\/5"}],"replies":[{"embeddable":true,"href":"https:\/\/gifukenjinkai.org.br\/21expo\/wp-json\/wp\/v2\/comments?post=2073"}],"version-history":[{"count":3,"href":"https:\/\/gifukenjinkai.org.br\/21expo\/wp-json\/wp\/v2\/pages\/2073\/revisions"}],"predecessor-version":[{"id":2525,"href":"https:\/\/gifukenjinkai.org.br\/21expo\/wp-json\/wp\/v2\/pages\/2073\/revisions\/2525"}],"up":[{"embeddable":true,"href":"https:\/\/gifukenjinkai.org.br\/21expo\/wp-json\/wp\/v2\/pages\/76"}],"wp:attachment":[{"href":"https:\/\/gifukenjinkai.org.br\/21expo\/wp-json\/wp\/v2\/media?parent=2073"}],"curies":[{"name":"wp","href":"https:\/\/api.w.org\/{rel}","templated":true}]}}

ELIZABETH ASPAHAN (エリザベッチ アスパハン)

<h2 class="wp-block-heading">ELIZABETH ASPAHAN<br>(エリザベッチ アスパハン)</h2>



<p>Mineira de Teófilo Otoni, Elizabeth, 79 anos, vive um novo capítulo de sua história. Formada no Magistério, já atuou como secretária bilíngue. Sempre apaixonada pelo universo artístico, há um ano decidiu transformar essa admiração em prática, iniciando cursos de desenho e pintura, Desde então, sob orientação do mestre Eiji Yajima, dedica-se a explorar cores, formas e expressões, revelando em suas obras a sensibilidade de quem acredita que nunca é tarde para começar algo novo.</p>



<div style="height:64px" aria-hidden="true" class="wp-block-spacer"></div>


<ul class="wp-block-latest-posts__list is-grid columns-3 wp-block-latest-posts"><li><div class="wp-block-latest-posts__featured-image"><a href="https://gifukenjinkai.org.br/21expo/artist-al/elizabethaspahan/folhagem/" aria-label="Folhagem"><img loading="lazy" decoding="async" width="150" height="150" src="https://gifukenjinkai.org.br/wp_expo/wp-content/uploads/expo2025_sq480_ElizabethAspahan_1_Folhagem-150x150.png" class="attachment-thumbnail size-thumbnail wp-post-image" alt="" style="" srcset="https://gifukenjinkai.org.br/wp_expo/wp-content/uploads/expo2025_sq480_ElizabethAspahan_1_Folhagem-150x150.png 150w, https://gifukenjinkai.org.br/wp_expo/wp-content/uploads/expo2025_sq480_ElizabethAspahan_1_Folhagem-300x300.png 300w, https://gifukenjinkai.org.br/wp_expo/wp-content/uploads/expo2025_sq480_ElizabethAspahan_1_Folhagem.png 480w" sizes="auto, (max-width: 150px) 100vw, 150px" /></a></div><a class="wp-block-latest-posts__post-title" href="https://gifukenjinkai.org.br/21expo/artist-al/elizabethaspahan/folhagem/">Folhagem</a></li>
</ul>


<p></p>

<p>ELIZABETH ASPAHAN(エリザベッチ アスパハン) Mineira de Teófilo Otoni, Elizabeth, 79 anos, vive um novo capítulo de sua história. Formada no Magistério, [&hellip;]</p>

ELIZABETH ASPAHAN(エリザベッチ アスパハン) Mineira de Teófilo Otoni, Elizabeth, 79 anos, vive um novo capítulo de sua história. Formada no Magistério, [&hellip;]
