{"id":2063,"date":"2025-11-09T12:12:36","date_gmt":"2025-11-09T15:12:36","guid":{"rendered":"https:\/\/gifukenjinkai.org.br\/21expo\/?page_id=2063"},"modified":"2025-11-11T11:05:04","modified_gmt":"2025-11-11T14:05:04","slug":"eliobis","status":"publish","type":"page","link":"https:\/\/gifukenjinkai.org.br\/21expo\/artist\/eliobis\/","title":{"rendered":"ELI OBIS (\u30a8\u30ea\uff65\u30aa\u30d3\u30b9)"},"content":{"rendered":"\n<h2 class=\"wp-block-heading\">ELI OBIS<br>(\u30a8\u30ea\uff65\u30aa\u30d3\u30b9)<\/h2>\n\n\n\n<p class=\"has-text-align-right\"> <a href=\"https:\/\/www.instagram.com\/eli_obis\" data-type=\"link\" data-id=\"https:\/\/www.instagram.com\/anatrevisanart\" target=\"_blank\" rel=\"noreferrer noopener\">eli_obis<\/a><br> <a href=\"https:\/\/www.instagram.com\/3eobis\" data-type=\"link\" data-id=\"https:\/\/www.instagram.com\/anatrevisanart\" target=\"_blank\" rel=\"noreferrer noopener\">3eobis<\/a><\/p>\n\n\n\n<p>Arquiteta e fot\u00f3grafa, atua com imagens sobre hist\u00f3ria da arquitetura e arte t\u00eaxtil.<br>Pesquiso frequentemente locais com patrim\u00f4nio arquitet\u00f4nico e cultural, preservado, tombado e diversificado. 62 anos, natural de S\u00e3o Paulo e radicada em Atibaia &#8211; SP.<br><br>Principais exposi\u00e7\u00f5es coletivas em 2025<br>1\u00b0 Sal\u00e3o de Artes l\u00e1DaMata &#8211; Atibaia &#8211; SP<br>1\u00b0 Sal\u00e3o de Artes Visuais da Pinacoteca do Beiru &#8211; Salvador &#8211; BA<br>Po\u00e9ticas visuais \u201co brasil dos viajantes trinta anos\u201d &#8211; USP MariAntonia &#8211; SP<br>Sal\u00e3o de Artes Pl\u00e1sticas Prof Ernesto Quissak &amp; Quissak jr &#8211; Guaratinguet\u00e1 &#8211; SP<br>24\u00b0 Sal\u00e3o de Arte de Atibaia &#8211; Atibaia &#8211; SP<br>4\u00b0 Exposi\u00e7\u00e3o Pequenos Formatos &#8211; Limeira &#8211; SP<br>3\u00b0 Sal\u00e3o de Arte no Papel &#8211; Itapecerica da Serra -SP<br>Di\u00e1logos em 5 &#8211; Casa Ut\u00f3pica &#8211; Atibaia &#8211; SP<br>12\u00b0 FB Nanometragem &#8211; videoarte A Fuga &#8211; Cine It\u00e1 &#8211; Atibaia -SP<br>23\u00ba Semana Nacional Museus &#8211; Fotografia Expandida &#8211; Estilo de Morar &#8211; MM J Batista Conti Atibaia &#8211; SP<\/p>\n\n\n\n<div style=\"height:64px\" aria-hidden=\"true\" class=\"wp-block-spacer\"><\/div>\n\n\n<ul class=\"wp-block-latest-posts__list is-grid columns-3 wp-block-latest-posts\"><li><div class=\"wp-block-latest-posts__featured-image\"><a href=\"https:\/\/gifukenjinkai.org.br\/21expo\/artist-al\/eliobis\/shirakawagoaldeiaviva\/\" aria-label=\"Shirakawa-go Aldeia Viva\"><img loading=\"lazy\" decoding=\"async\" width=\"150\" height=\"150\" src=\"https:\/\/gifukenjinkai.org.br\/wp_expo\/wp-content\/uploads\/expo2025_sq480_EliObis_1_ShirakawagouAldeiaViva-150x150.png\" class=\"attachment-thumbnail size-thumbnail wp-post-image\" alt=\"\" style=\"\" srcset=\"https:\/\/gifukenjinkai.org.br\/wp_expo\/wp-content\/uploads\/expo2025_sq480_EliObis_1_ShirakawagouAldeiaViva-150x150.png 150w, https:\/\/gifukenjinkai.org.br\/wp_expo\/wp-content\/uploads\/expo2025_sq480_EliObis_1_ShirakawagouAldeiaViva-300x300.png 300w, https:\/\/gifukenjinkai.org.br\/wp_expo\/wp-content\/uploads\/expo2025_sq480_EliObis_1_ShirakawagouAldeiaViva.png 480w\" sizes=\"auto, (max-width: 150px) 100vw, 150px\" \/><\/a><\/div><a class=\"wp-block-latest-posts__post-title\" href=\"https:\/\/gifukenjinkai.org.br\/21expo\/artist-al\/eliobis\/shirakawagoaldeiaviva\/\">Shirakawa-go Aldeia Viva<\/a><\/li>\n<\/ul>\n\n\n<p><\/p>\n","protected":false},"excerpt":{"rendered":"<p>ELI OBIS(\u30a8\u30ea\uff65\u30aa\u30d3\u30b9) eli_obis 3eobis Arquiteta e fot\u00f3grafa, atua com imagens sobre hist\u00f3ria da arquitetura e arte t\u00eaxtil.Pesquiso frequentemente locais com [&hellip;]<\/p>\n","protected":false},"author":5,"featured_media":0,"parent":76,"menu_order":0,"comment_status":"closed","ping_status":"closed","template":"","meta":{"_uag_custom_page_level_css":"","site-sidebar-layout":"default","site-content-layout":"","ast-site-content-layout":"default","site-content-style":"default","site-sidebar-style":"default","ast-global-header-display":"","ast-banner-title-visibility":"","ast-main-header-display":"","ast-hfb-above-header-display":"","ast-hfb-below-header-display":"","ast-hfb-mobile-header-display":"","site-post-title":"disabled","ast-breadcrumbs-content":"","ast-featured-img":"disabled","footer-sml-layout":"","ast-disable-related-posts":"","theme-transparent-header-meta":"","adv-header-id-meta":"","stick-header-meta":"","header-above-stick-meta":"","header-main-stick-meta":"","header-below-stick-meta":"","astra-migrate-meta-layouts":"default","ast-page-background-enabled":"default","ast-page-background-meta":{"desktop":{"background-color":"var(--ast-global-color-4)","background-image":"","background-repeat":"repeat","background-position":"center center","background-size":"auto","background-attachment":"scroll","background-type":"","background-media":"","overlay-type":"","overlay-color":"","overlay-opacity":"","overlay-gradient":""},"tablet":{"background-color":"","background-image":"","background-repeat":"repeat","background-position":"center center","background-size":"auto","background-attachment":"scroll","background-type":"","background-media":"","overlay-type":"","overlay-color":"","overlay-opacity":"","overlay-gradient":""},"mobile":{"background-color":"","background-image":"","background-repeat":"repeat","background-position":"center center","background-size":"auto","background-attachment":"scroll","background-type":"","background-media":"","overlay-type":"","overlay-color":"","overlay-opacity":"","overlay-gradient":""}},"ast-content-background-meta":{"desktop":{"background-color":"var(--ast-global-color-5)","background-image":"","background-repeat":"repeat","background-position":"center center","background-size":"auto","background-attachment":"scroll","background-type":"","background-media":"","overlay-type":"","overlay-color":"","overlay-opacity":"","overlay-gradient":""},"tablet":{"background-color":"var(--ast-global-color-5)","background-image":"","background-repeat":"repeat","background-position":"center center","background-size":"auto","background-attachment":"scroll","background-type":"","background-media":"","overlay-type":"","overlay-color":"","overlay-opacity":"","overlay-gradient":""},"mobile":{"background-color":"var(--ast-global-color-5)","background-image":"","background-repeat":"repeat","background-position":"center center","background-size":"auto","background-attachment":"scroll","background-type":"","background-media":"","overlay-type":"","overlay-color":"","overlay-opacity":"","overlay-gradient":""}},"footnotes":""},"class_list":["post-2063","page","type-page","status-publish","hentry"],"uagb_featured_image_src":{"full":false,"thumbnail":false,"medium":false,"medium_large":false,"large":false,"1536x1536":false,"2048x2048":false},"uagb_author_info":{"display_name":"mty","author_link":"https:\/\/gifukenjinkai.org.br\/21expo\/author\/mty\/"},"uagb_comment_info":0,"uagb_excerpt":"ELI OBIS(\u30a8\u30ea\uff65\u30aa\u30d3\u30b9) eli_obis 3eobis Arquiteta e fot\u00f3grafa, atua com imagens sobre hist\u00f3ria da arquitetura e arte t\u00eaxtil.Pesquiso frequentemente locais com [&hellip;]","_links":{"self":[{"href":"https:\/\/gifukenjinkai.org.br\/21expo\/wp-json\/wp\/v2\/pages\/2063","targetHints":{"allow":["GET"]}}],"collection":[{"href":"https:\/\/gifukenjinkai.org.br\/21expo\/wp-json\/wp\/v2\/pages"}],"about":[{"href":"https:\/\/gifukenjinkai.org.br\/21expo\/wp-json\/wp\/v2\/types\/page"}],"author":[{"embeddable":true,"href":"https:\/\/gifukenjinkai.org.br\/21expo\/wp-json\/wp\/v2\/users\/5"}],"replies":[{"embeddable":true,"href":"https:\/\/gifukenjinkai.org.br\/21expo\/wp-json\/wp\/v2\/comments?post=2063"}],"version-history":[{"count":5,"href":"https:\/\/gifukenjinkai.org.br\/21expo\/wp-json\/wp\/v2\/pages\/2063\/revisions"}],"predecessor-version":[{"id":2509,"href":"https:\/\/gifukenjinkai.org.br\/21expo\/wp-json\/wp\/v2\/pages\/2063\/revisions\/2509"}],"up":[{"embeddable":true,"href":"https:\/\/gifukenjinkai.org.br\/21expo\/wp-json\/wp\/v2\/pages\/76"}],"wp:attachment":[{"href":"https:\/\/gifukenjinkai.org.br\/21expo\/wp-json\/wp\/v2\/media?parent=2063"}],"curies":[{"name":"wp","href":"https:\/\/api.w.org\/{rel}","templated":true}]}}

ELI OBIS (エリ･オビス)

<h2 class="wp-block-heading">ELI OBIS<br>(エリ･オビス)</h2>



<p class="has-text-align-right"> <a href="https://www.instagram.com/eli_obis" data-type="link" data-id="https://www.instagram.com/anatrevisanart" target="_blank" rel="noreferrer noopener">eli_obis</a><br> <a href="https://www.instagram.com/3eobis" data-type="link" data-id="https://www.instagram.com/anatrevisanart" target="_blank" rel="noreferrer noopener">3eobis</a></p>



<p>Arquiteta e fotógrafa, atua com imagens sobre história da arquitetura e arte têxtil.<br>Pesquiso frequentemente locais com patrimônio arquitetônico e cultural, preservado, tombado e diversificado. 62 anos, natural de São Paulo e radicada em Atibaia &#8211; SP.<br><br>Principais exposições coletivas em 2025<br>1° Salão de Artes láDaMata &#8211; Atibaia &#8211; SP<br>1° Salão de Artes Visuais da Pinacoteca do Beiru &#8211; Salvador &#8211; BA<br>Poéticas visuais “o brasil dos viajantes trinta anos” &#8211; USP MariAntonia &#8211; SP<br>Salão de Artes Plásticas Prof Ernesto Quissak &amp; Quissak jr &#8211; Guaratinguetá &#8211; SP<br>24° Salão de Arte de Atibaia &#8211; Atibaia &#8211; SP<br>4° Exposição Pequenos Formatos &#8211; Limeira &#8211; SP<br>3° Salão de Arte no Papel &#8211; Itapecerica da Serra -SP<br>Diálogos em 5 &#8211; Casa Utópica &#8211; Atibaia &#8211; SP<br>12° FB Nanometragem &#8211; videoarte A Fuga &#8211; Cine Itá &#8211; Atibaia -SP<br>23º Semana Nacional Museus &#8211; Fotografia Expandida &#8211; Estilo de Morar &#8211; MM J Batista Conti Atibaia &#8211; SP</p>



<div style="height:64px" aria-hidden="true" class="wp-block-spacer"></div>


<ul class="wp-block-latest-posts__list is-grid columns-3 wp-block-latest-posts"><li><div class="wp-block-latest-posts__featured-image"><a href="https://gifukenjinkai.org.br/21expo/artist-al/eliobis/shirakawagoaldeiaviva/" aria-label="Shirakawa-go Aldeia Viva"><img loading="lazy" decoding="async" width="150" height="150" src="https://gifukenjinkai.org.br/wp_expo/wp-content/uploads/expo2025_sq480_EliObis_1_ShirakawagouAldeiaViva-150x150.png" class="attachment-thumbnail size-thumbnail wp-post-image" alt="" style="" srcset="https://gifukenjinkai.org.br/wp_expo/wp-content/uploads/expo2025_sq480_EliObis_1_ShirakawagouAldeiaViva-150x150.png 150w, https://gifukenjinkai.org.br/wp_expo/wp-content/uploads/expo2025_sq480_EliObis_1_ShirakawagouAldeiaViva-300x300.png 300w, https://gifukenjinkai.org.br/wp_expo/wp-content/uploads/expo2025_sq480_EliObis_1_ShirakawagouAldeiaViva.png 480w" sizes="auto, (max-width: 150px) 100vw, 150px" /></a></div><a class="wp-block-latest-posts__post-title" href="https://gifukenjinkai.org.br/21expo/artist-al/eliobis/shirakawagoaldeiaviva/">Shirakawa-go Aldeia Viva</a></li>
</ul>


<p></p>

<p>ELI OBIS(エリ･オビス) eli_obis 3eobis Arquiteta e fotógrafa, atua com imagens sobre história da arquitetura e arte têxtil.Pesquiso frequentemente locais com [&hellip;]</p>

ELI OBIS(エリ･オビス) eli_obis 3eobis Arquiteta e fotógrafa, atua com imagens sobre história da arquitetura e arte têxtil.Pesquiso frequentemente locais com [&hellip;]
