{"id":2055,"date":"2025-11-09T12:05:43","date_gmt":"2025-11-09T15:05:43","guid":{"rendered":"https:\/\/gifukenjinkai.org.br\/21expo\/?page_id=2055"},"modified":"2025-11-11T10:07:54","modified_gmt":"2025-11-11T13:07:54","slug":"claudiacolagrande","status":"publish","type":"page","link":"https:\/\/gifukenjinkai.org.br\/21expo\/artist\/claudiacolagrande\/","title":{"rendered":"CLAUDIA COLAGRANDE (\u30af\u30e9\u30a6\u30b8\u30a2\uff65\u30b3\u30e9\u30b0\u30e9\u30f3\u30c7)"},"content":{"rendered":"\n<h2 class=\"wp-block-heading\">CLAUDIA COLAGRANDE<br>(\u30af\u30e9\u30a6\u30b8\u30a2\uff65\u30b3\u30e9\u30b0\u30e9\u30f3\u30c7)<\/h2>\n\n\n\n<p class=\"has-text-align-right\" style=\"font-size:16px\"> <a href=\"https:\/\/www.instagram.com\/claudiacolagrande\" data-type=\"link\" data-id=\"https:\/\/www.instagram.com\/anatrevisanart\" target=\"_blank\" rel=\"noreferrer noopener\">claudiacolagrande<\/a><\/p>\n\n\n<p>Artista pl\u00e1stica, arte-educadora e arteterapeuta.<br \/>H\u00e1 39 anos trabalha com artes visuais. A cultura a educa\u00e7\u00e3o e o auto- conhecimento foram recursos utilizados em cada parte do caminho art\u00edstico.<\/p>\n<p>Forma\u00e7\u00e3o acad\u00eamica<br \/>Faculdade Belas artes de S\u00e3o Paulo.<br \/>P\u00f3s gradua\u00e7\u00e3o Hist\u00f3ria da Arte, FAAP.<br \/>P\u00f3s gradua\u00e7\u00e3o Arteterapia, Instituto Sedes Sapientiae.<br \/>Hist\u00f3ria da arte no Ocidente, MAC.<br \/>Hist\u00f3ria da arte do Brasil, MAC.<br \/>Ensino da arte e cultura contempor\u00e2nea, ECA USP.<br \/>Mestrado em artes visuais, Faculdade Santa Marcelina, lato sensu.<\/p>\n<p>Artes visuais<br \/>Atelie proprio- desde 1986<br \/>Artes visuais &#8211; criou e aplicou oficinas de criatividade para cegos.<br \/>Palestras de criatividade em artes visuais e hist\u00f3ria da arte.<br \/>Palestra sobre hist\u00f3ria da arte no Congresso de Marketing da Petrobras. <br \/>Oficina de arte para cegos em Torre Vedras, Portugal.<br \/>Oficina de criatividade para Roteirista em Bel\u00e9m do Par\u00e1.<br \/>Palestra sobre processo criativo na Inn Gallery.<\/p>\n<p>E de 20 sal\u00f5es oficiais de 1988 a 2018.<br \/>Participou de 47 exposi\u00e7\u00f5es coletivas de 1989 a 2018.<br \/>1a Bienal de Taubat\u00e9, 2018.<br \/>Exposi\u00e7\u00f5es individuais em S\u00e3o Paulo.<br \/>Mulher Keala em 2021, na Tapetah.<br \/>Exposi\u00e7\u00f5es internacionais na Fran\u00e7a, Portugal, Espanha, It\u00e1lia, Jap\u00e3o, Los Angeles<br \/>Exposi\u00e7\u00e3o projetada na rua em Bel\u00e9m do Par\u00e1 &#8211; mulher Keala<\/p>\n<p>Produ\u00e7\u00e3o cultural em \u00e1udio visual<br \/>1998 &#8211; 2018<br \/>Colaboradora na publica\u00e7\u00e3o do livro Nunca treze a mesa, Companhia das Letras; de Orietta del Sole.<br \/>Design da capa do CD M\u00fasica Comum, cantor Marco Mendes. Colaboradora dos anais em Arteterapia, congresso nacional.<br \/>Cen\u00e1rio da pr\u00e9 estreia do filme Feiticeiros de Waverly Place, Disney, cine Bombril.<br \/>Parecerista dos artigos de Arteterapia da revista da AATESP.<br \/>Story Producer Sunny Side Document, Revanche Produ\u00e7\u00f5es, La Rochelle. Story Producer da s\u00e9rie O Zoo da Zu, Boutique Filmes, Discovery Kids. Story board do Roteirista Eneas Carlos Pereira do longa metragem de anima\u00e7\u00e3o Os Cupins.<\/p>\n<p>Publica\u00e7\u00e3o dos livros: <br \/>Arteterapia na Pratica, di\u00e1logos com a arte- educa\u00e7\u00e3o. WAK, 2010. RJ<br \/>Arteterapia para todos. WAK, 2015. RJ<br \/>Organiza\u00e7\u00e3o a artigos nos Anais do IX Congresso de Arteterapia, AATESP <br \/>Mulher Keala- Eu Sou. Giostri, 2021.<\/p>\n\n\n<div style=\"height:64px\" aria-hidden=\"true\" class=\"wp-block-spacer\"><\/div>\n\n\n<ul class=\"wp-block-latest-posts__list is-grid columns-3 wp-block-latest-posts\"><li><div class=\"wp-block-latest-posts__featured-image\"><a href=\"https:\/\/gifukenjinkai.org.br\/21expo\/artist-al\/claudiacolagrande\/praondevaiabicicleta2\/\" aria-label=\"Pra Onde Vai a Bicicleta 2\"><img loading=\"lazy\" decoding=\"async\" width=\"150\" height=\"150\" src=\"https:\/\/gifukenjinkai.org.br\/wp_expo\/wp-content\/uploads\/expo2025_sq480_ClaudiaColagrande_2_PraOndeVaiABicicleta2-150x150.png\" class=\"attachment-thumbnail size-thumbnail wp-post-image\" alt=\"\" style=\"\" srcset=\"https:\/\/gifukenjinkai.org.br\/wp_expo\/wp-content\/uploads\/expo2025_sq480_ClaudiaColagrande_2_PraOndeVaiABicicleta2-150x150.png 150w, https:\/\/gifukenjinkai.org.br\/wp_expo\/wp-content\/uploads\/expo2025_sq480_ClaudiaColagrande_2_PraOndeVaiABicicleta2-300x300.png 300w, https:\/\/gifukenjinkai.org.br\/wp_expo\/wp-content\/uploads\/expo2025_sq480_ClaudiaColagrande_2_PraOndeVaiABicicleta2.png 480w\" sizes=\"auto, (max-width: 150px) 100vw, 150px\" \/><\/a><\/div><a class=\"wp-block-latest-posts__post-title\" href=\"https:\/\/gifukenjinkai.org.br\/21expo\/artist-al\/claudiacolagrande\/praondevaiabicicleta2\/\">Pra Onde Vai a Bicicleta 2<\/a><\/li>\n<li><div class=\"wp-block-latest-posts__featured-image\"><a href=\"https:\/\/gifukenjinkai.org.br\/21expo\/artist-al\/claudiacolagrande\/praondevaiabicicleta1\/\" aria-label=\"Pra Onde Vai a Bicicleta 1\"><img loading=\"lazy\" decoding=\"async\" width=\"150\" height=\"150\" src=\"https:\/\/gifukenjinkai.org.br\/wp_expo\/wp-content\/uploads\/expo2025_sq480_ClaudiaColagrande_1_PraOndeVaiABicicleta1-150x150.png\" class=\"attachment-thumbnail size-thumbnail wp-post-image\" alt=\"\" style=\"\" srcset=\"https:\/\/gifukenjinkai.org.br\/wp_expo\/wp-content\/uploads\/expo2025_sq480_ClaudiaColagrande_1_PraOndeVaiABicicleta1-150x150.png 150w, https:\/\/gifukenjinkai.org.br\/wp_expo\/wp-content\/uploads\/expo2025_sq480_ClaudiaColagrande_1_PraOndeVaiABicicleta1-300x300.png 300w, https:\/\/gifukenjinkai.org.br\/wp_expo\/wp-content\/uploads\/expo2025_sq480_ClaudiaColagrande_1_PraOndeVaiABicicleta1.png 480w\" sizes=\"auto, (max-width: 150px) 100vw, 150px\" \/><\/a><\/div><a class=\"wp-block-latest-posts__post-title\" href=\"https:\/\/gifukenjinkai.org.br\/21expo\/artist-al\/claudiacolagrande\/praondevaiabicicleta1\/\">Pra Onde Vai a Bicicleta 1<\/a><\/li>\n<\/ul>\n\n\n<p><\/p>\n","protected":false},"excerpt":{"rendered":"<p>CLAUDIA COLAGRANDE(\u30af\u30e9\u30a6\u30b8\u30a2\uff65\u30b3\u30e9\u30b0\u30e9\u30f3\u30c7) claudiacolagrande Artista pl\u00e1stica, arte-educadora e arteterapeuta.H\u00e1 39 anos trabalha com artes visuais. A cultura a educa\u00e7\u00e3o e o [&hellip;]<\/p>\n","protected":false},"author":5,"featured_media":0,"parent":76,"menu_order":0,"comment_status":"closed","ping_status":"closed","template":"","meta":{"_uag_custom_page_level_css":"","site-sidebar-layout":"default","site-content-layout":"","ast-site-content-layout":"default","site-content-style":"default","site-sidebar-style":"default","ast-global-header-display":"","ast-banner-title-visibility":"","ast-main-header-display":"","ast-hfb-above-header-display":"","ast-hfb-below-header-display":"","ast-hfb-mobile-header-display":"","site-post-title":"disabled","ast-breadcrumbs-content":"","ast-featured-img":"","footer-sml-layout":"","ast-disable-related-posts":"","theme-transparent-header-meta":"","adv-header-id-meta":"","stick-header-meta":"","header-above-stick-meta":"","header-main-stick-meta":"","header-below-stick-meta":"","astra-migrate-meta-layouts":"default","ast-page-background-enabled":"default","ast-page-background-meta":{"desktop":{"background-color":"var(--ast-global-color-4)","background-image":"","background-repeat":"repeat","background-position":"center center","background-size":"auto","background-attachment":"scroll","background-type":"","background-media":"","overlay-type":"","overlay-color":"","overlay-opacity":"","overlay-gradient":""},"tablet":{"background-color":"","background-image":"","background-repeat":"repeat","background-position":"center center","background-size":"auto","background-attachment":"scroll","background-type":"","background-media":"","overlay-type":"","overlay-color":"","overlay-opacity":"","overlay-gradient":""},"mobile":{"background-color":"","background-image":"","background-repeat":"repeat","background-position":"center center","background-size":"auto","background-attachment":"scroll","background-type":"","background-media":"","overlay-type":"","overlay-color":"","overlay-opacity":"","overlay-gradient":""}},"ast-content-background-meta":{"desktop":{"background-color":"var(--ast-global-color-5)","background-image":"","background-repeat":"repeat","background-position":"center center","background-size":"auto","background-attachment":"scroll","background-type":"","background-media":"","overlay-type":"","overlay-color":"","overlay-opacity":"","overlay-gradient":""},"tablet":{"background-color":"var(--ast-global-color-5)","background-image":"","background-repeat":"repeat","background-position":"center center","background-size":"auto","background-attachment":"scroll","background-type":"","background-media":"","overlay-type":"","overlay-color":"","overlay-opacity":"","overlay-gradient":""},"mobile":{"background-color":"var(--ast-global-color-5)","background-image":"","background-repeat":"repeat","background-position":"center center","background-size":"auto","background-attachment":"scroll","background-type":"","background-media":"","overlay-type":"","overlay-color":"","overlay-opacity":"","overlay-gradient":""}},"footnotes":""},"class_list":["post-2055","page","type-page","status-publish","hentry"],"uagb_featured_image_src":{"full":false,"thumbnail":false,"medium":false,"medium_large":false,"large":false,"1536x1536":false,"2048x2048":false},"uagb_author_info":{"display_name":"mty","author_link":"https:\/\/gifukenjinkai.org.br\/21expo\/author\/mty\/"},"uagb_comment_info":0,"uagb_excerpt":"CLAUDIA COLAGRANDE(\u30af\u30e9\u30a6\u30b8\u30a2\uff65\u30b3\u30e9\u30b0\u30e9\u30f3\u30c7) claudiacolagrande Artista pl\u00e1stica, arte-educadora e arteterapeuta.H\u00e1 39 anos trabalha com artes visuais. A cultura a educa\u00e7\u00e3o e o [&hellip;]","_links":{"self":[{"href":"https:\/\/gifukenjinkai.org.br\/21expo\/wp-json\/wp\/v2\/pages\/2055","targetHints":{"allow":["GET"]}}],"collection":[{"href":"https:\/\/gifukenjinkai.org.br\/21expo\/wp-json\/wp\/v2\/pages"}],"about":[{"href":"https:\/\/gifukenjinkai.org.br\/21expo\/wp-json\/wp\/v2\/types\/page"}],"author":[{"embeddable":true,"href":"https:\/\/gifukenjinkai.org.br\/21expo\/wp-json\/wp\/v2\/users\/5"}],"replies":[{"embeddable":true,"href":"https:\/\/gifukenjinkai.org.br\/21expo\/wp-json\/wp\/v2\/comments?post=2055"}],"version-history":[{"count":4,"href":"https:\/\/gifukenjinkai.org.br\/21expo\/wp-json\/wp\/v2\/pages\/2055\/revisions"}],"predecessor-version":[{"id":2492,"href":"https:\/\/gifukenjinkai.org.br\/21expo\/wp-json\/wp\/v2\/pages\/2055\/revisions\/2492"}],"up":[{"embeddable":true,"href":"https:\/\/gifukenjinkai.org.br\/21expo\/wp-json\/wp\/v2\/pages\/76"}],"wp:attachment":[{"href":"https:\/\/gifukenjinkai.org.br\/21expo\/wp-json\/wp\/v2\/media?parent=2055"}],"curies":[{"name":"wp","href":"https:\/\/api.w.org\/{rel}","templated":true}]}}

CLAUDIA COLAGRANDE (クラウジア･コラグランデ)

<h2 class="wp-block-heading">CLAUDIA COLAGRANDE<br>(クラウジア･コラグランデ)</h2>



<p class="has-text-align-right" style="font-size:16px"> <a href="https://www.instagram.com/claudiacolagrande" data-type="link" data-id="https://www.instagram.com/anatrevisanart" target="_blank" rel="noreferrer noopener">claudiacolagrande</a></p>


<p>Artista plástica, arte-educadora e arteterapeuta.<br />Há 39 anos trabalha com artes visuais. A cultura a educação e o auto- conhecimento foram recursos utilizados em cada parte do caminho artístico.</p>
<p>Formação acadêmica<br />Faculdade Belas artes de São Paulo.<br />Pós graduação História da Arte, FAAP.<br />Pós graduação Arteterapia, Instituto Sedes Sapientiae.<br />História da arte no Ocidente, MAC.<br />História da arte do Brasil, MAC.<br />Ensino da arte e cultura contemporânea, ECA USP.<br />Mestrado em artes visuais, Faculdade Santa Marcelina, lato sensu.</p>
<p>Artes visuais<br />Atelie proprio- desde 1986<br />Artes visuais &#8211; criou e aplicou oficinas de criatividade para cegos.<br />Palestras de criatividade em artes visuais e história da arte.<br />Palestra sobre história da arte no Congresso de Marketing da Petrobras. <br />Oficina de arte para cegos em Torre Vedras, Portugal.<br />Oficina de criatividade para Roteirista em Belém do Pará.<br />Palestra sobre processo criativo na Inn Gallery.</p>
<p>E de 20 salões oficiais de 1988 a 2018.<br />Participou de 47 exposições coletivas de 1989 a 2018.<br />1a Bienal de Taubaté, 2018.<br />Exposições individuais em São Paulo.<br />Mulher Keala em 2021, na Tapetah.<br />Exposições internacionais na França, Portugal, Espanha, Itália, Japão, Los Angeles<br />Exposição projetada na rua em Belém do Pará &#8211; mulher Keala</p>
<p>Produção cultural em áudio visual<br />1998 &#8211; 2018<br />Colaboradora na publicação do livro Nunca treze a mesa, Companhia das Letras; de Orietta del Sole.<br />Design da capa do CD Música Comum, cantor Marco Mendes. Colaboradora dos anais em Arteterapia, congresso nacional.<br />Cenário da pré estreia do filme Feiticeiros de Waverly Place, Disney, cine Bombril.<br />Parecerista dos artigos de Arteterapia da revista da AATESP.<br />Story Producer Sunny Side Document, Revanche Produções, La Rochelle. Story Producer da série O Zoo da Zu, Boutique Filmes, Discovery Kids. Story board do Roteirista Eneas Carlos Pereira do longa metragem de animação Os Cupins.</p>
<p>Publicação dos livros: <br />Arteterapia na Pratica, diálogos com a arte- educação. WAK, 2010. RJ<br />Arteterapia para todos. WAK, 2015. RJ<br />Organização a artigos nos Anais do IX Congresso de Arteterapia, AATESP <br />Mulher Keala- Eu Sou. Giostri, 2021.</p>


<div style="height:64px" aria-hidden="true" class="wp-block-spacer"></div>


<ul class="wp-block-latest-posts__list is-grid columns-3 wp-block-latest-posts"><li><div class="wp-block-latest-posts__featured-image"><a href="https://gifukenjinkai.org.br/21expo/artist-al/claudiacolagrande/praondevaiabicicleta2/" aria-label="Pra Onde Vai a Bicicleta 2"><img loading="lazy" decoding="async" width="150" height="150" src="https://gifukenjinkai.org.br/wp_expo/wp-content/uploads/expo2025_sq480_ClaudiaColagrande_2_PraOndeVaiABicicleta2-150x150.png" class="attachment-thumbnail size-thumbnail wp-post-image" alt="" style="" srcset="https://gifukenjinkai.org.br/wp_expo/wp-content/uploads/expo2025_sq480_ClaudiaColagrande_2_PraOndeVaiABicicleta2-150x150.png 150w, https://gifukenjinkai.org.br/wp_expo/wp-content/uploads/expo2025_sq480_ClaudiaColagrande_2_PraOndeVaiABicicleta2-300x300.png 300w, https://gifukenjinkai.org.br/wp_expo/wp-content/uploads/expo2025_sq480_ClaudiaColagrande_2_PraOndeVaiABicicleta2.png 480w" sizes="auto, (max-width: 150px) 100vw, 150px" /></a></div><a class="wp-block-latest-posts__post-title" href="https://gifukenjinkai.org.br/21expo/artist-al/claudiacolagrande/praondevaiabicicleta2/">Pra Onde Vai a Bicicleta 2</a></li>
<li><div class="wp-block-latest-posts__featured-image"><a href="https://gifukenjinkai.org.br/21expo/artist-al/claudiacolagrande/praondevaiabicicleta1/" aria-label="Pra Onde Vai a Bicicleta 1"><img loading="lazy" decoding="async" width="150" height="150" src="https://gifukenjinkai.org.br/wp_expo/wp-content/uploads/expo2025_sq480_ClaudiaColagrande_1_PraOndeVaiABicicleta1-150x150.png" class="attachment-thumbnail size-thumbnail wp-post-image" alt="" style="" srcset="https://gifukenjinkai.org.br/wp_expo/wp-content/uploads/expo2025_sq480_ClaudiaColagrande_1_PraOndeVaiABicicleta1-150x150.png 150w, https://gifukenjinkai.org.br/wp_expo/wp-content/uploads/expo2025_sq480_ClaudiaColagrande_1_PraOndeVaiABicicleta1-300x300.png 300w, https://gifukenjinkai.org.br/wp_expo/wp-content/uploads/expo2025_sq480_ClaudiaColagrande_1_PraOndeVaiABicicleta1.png 480w" sizes="auto, (max-width: 150px) 100vw, 150px" /></a></div><a class="wp-block-latest-posts__post-title" href="https://gifukenjinkai.org.br/21expo/artist-al/claudiacolagrande/praondevaiabicicleta1/">Pra Onde Vai a Bicicleta 1</a></li>
</ul>


<p></p>

<p>CLAUDIA COLAGRANDE(クラウジア･コラグランデ) claudiacolagrande Artista plástica, arte-educadora e arteterapeuta.Há 39 anos trabalha com artes visuais. A cultura a educação e o [&hellip;]</p>

CLAUDIA COLAGRANDE(クラウジア･コラグランデ) claudiacolagrande Artista plástica, arte-educadora e arteterapeuta.Há 39 anos trabalha com artes visuais. A cultura a educação e o [&hellip;]
