{"id":2043,"date":"2025-11-09T11:57:50","date_gmt":"2025-11-09T14:57:50","guid":{"rendered":"https:\/\/gifukenjinkai.org.br\/21expo\/?page_id=2043"},"modified":"2025-11-11T09:45:19","modified_gmt":"2025-11-11T12:45:19","slug":"antoniorampazzo","status":"publish","type":"page","link":"https:\/\/gifukenjinkai.org.br\/21expo\/artist\/antoniorampazzo\/","title":{"rendered":"ANTONIO RAMPAZZO (\u30a2\u30f3\u30c8\u30cb\u30aa\uff65\u30cf\u30f3\u30d1\u30c3\u30c4\u30a9)"},"content":{"rendered":"\n<h2 class=\"wp-block-heading\">ANTONIO RAMPAZZO<br>(\u30a2\u30f3\u30c8\u30cb\u30aa\uff65\u30cf\u30f3\u30d1\u30c3\u30c4\u30a9)<\/h2>\n\n\n\n<p class=\"has-text-align-right\" style=\"font-size:16px\">\u3000<\/p>\n\n\n<p>Natural de Mineiros do Tiet\u00ea, SP, formado em Artes Pl\u00e1sticas pela Faculdade de Belas Artes de S\u00e3o Paulo; Especialista em Artes Pl\u00e1sticas &#8211; aquarela, pela FASM; Mestre em Educa\u00e7\u00e3o, Arte e Hist\u00f3ria da Cultura, pela Universidade Presbiteriana Mackenzie. Lecionou nos Cursos de Bacharelado em Artes Visuais e Bacharelado em Design Gr\u00e1fico, ambos no Centro Universit\u00e1rio Belas Artes de S\u00e3o Paulo por longos anos.<br \/>Como artista pl\u00e1stico, exp\u00f5e coletiva ou individualmente, gravuras, pinturas, aquarelas e fotografias em exposi\u00e7\u00f5es individuais e coletivas, no pa\u00eds e no exterior, com v\u00e1rios pr\u00eamios em Sal\u00f5es de Arte.<\/p>\n<p>Publica\u00e7\u00f5es<br \/>As quatro garrafas. Contos. Editora Giostri, SP. 2024.<br \/>Pequenas hist\u00f3rias Contos.Editora Mireveja, SP. 2021.<br \/>\u00cdntimas paisagens. Poesia, Editora Mireveja, SP. 2021.<br \/>Pelos trilhos &#8211; Fotografias. 2017. 376 p.:30,5 x 22,0 cm. Ipsis Gr\u00e1fica e Editora, SP. 2017, (Impresso \u00fanico, reservado) <br \/>Pequenos poemas e outros escritos. Mackenzie Editora, SP. 2000 \u2013 v. 1.; 213 p\u00e1ginas, 21&#215;14 cm. Poesia<br \/>Atalhos, trilhas, tra\u00e7os\u2026 Empresa Gr\u00e1fica da Revista dos Tribunais. SP. 1978 v.1. 76 p\u00e1ginas, 24&#215;16 cm. Poesia.<br \/>Cores neutras. Editora Grafistil, SP. 1977 \u2013 v.1. 55 p\u00e1ginas. il. 32 x 22,5 cm. Poesia.<\/p>\n<p>Exposi\u00e7\u00f5es:<br \/>2017 \u2013 ABA 30 anos. Pinacoteca Municipal \u201cMiguel Dutra\u201d, Piracicaba, SP. 03-06 a 01-07-2017.<br \/>2016 \u2013 Aquarelas ABA \u2013 2016. Aracaj\u00fa, SE. 15-04 a 14-05-2016.<br \/>2016 \u2013 Fabriano in Acquqrello. Fabriano, It\u00e1lia. 21-04 a 24-04-2016.<br \/>2015 &#8211; XIII Territ\u00f3rio da Arte de Araraquara. Mostra de Artes Visuais.<br \/>15 de maio a 30 de junho de 2015. Teatro |Municipal Pref. Clodoaldo Medina.<br \/>2015 \u2013 I Sal\u00e3o de Aquarelas. Pinacoteca Municipal \u201cMiguel Dutra\u201d. Piracicaba, S\u00e3o Paulo.De 27-05-2015 a 03-06-2015. Pr\u00eamio: Medalha \u201cMiguel Dutra\u201d. <br \/>2014 \u2013 XI Bienal Internacional de La Acuarela. Museo Nacional de la acuarela \u201cAlfredo Guati Rojo\u201d. Cidade do M\u00e9xico. M\u00e9xico. De 07-12-2014 a 11-01-2015. <br \/>2014 \u2013 Luz na fotografia. Espa\u00e7o Cultural \u00c1gua Branca. S. Paulo. 06-09 a 30-09-2014.<br \/>2014 \u2013 Interlocu\u00e7\u00f5es entre pr\u00e1tica e doc\u00eancia, professores pintores. Verve Galeria. S. P. 23-08 a 23-09-2014.<br \/>2014 \u2013 Fabriano InAcquarello 2014. Mostra internacional de Aquarelas. De 12 de junho a 06 de julho. Museo della Carta e della Filigrana. Fabriano. It\u00e1lia. Obra: Broadway. Aquarela. 02. 35,5 x 51 cm. 2012.<br \/>2014 \u2013 2\u00b0 Sal\u00e3o de outono da Am\u00e9rica Latina. Galeria Marta Traba, 08-05 a 01-06-2014. Memorial da Am\u00e9rica Latina. S. P.. 3 Obras: Relic\u00e1rios II \u2013 Capelas.<\/p>\n<p>Fotografias. <br \/>2014 \u2013 Encantamentos. Espa\u00e7o Cultural \u00c1gua Branca. S. P. 07-12-2013 a 03-01-2014.<br \/>2013 \u2013 Serra da Cantareira. Exposi\u00e7\u00e3o de Aquarelas. Espa\u00e7o Cultural parque da \u00c1gua Branca SP. De 02 a 31-05-2013.<br \/>2013 &#8211; 1\u00b0 Sal\u00e3o de Outono da Am\u00e9rica Latina. Galeria L\u2019Oeil da Alian\u00e7a Francesa. S\u00e3o Paulo. De 10 a 23-05-2013. Obras: Varia\u00e7\u00f5es Paradis\u00edacas V e XIV. Aquarela s\/ papel. 76 x x 56 cm. 2012.<br \/>2012 \u2013 3\u00ba Festival Internazionale Dell\u2019acquarello. Ballagio, It\u00e1lia. 2012.<br \/>2012 \u2013 A imagem na Gravura. Espa\u00e7o Cultural II. Parque da \u00c1gua Branca, SP. De 04 a 28-12-2012.<br \/>2010 &#8211; RELIC\u00c1RIOS. Mostra fotogr\u00e1fica. Sal\u00e3o da Fotografia Consigo. 02 a 26-06-2010. <br \/>2010 \u2013 Mostra: Dezesseis Poemas de Valderez de Barros Ilustrados por vinte e um Gravadores. Museu de Arte Contempor\u00e2nea do Rio Grande Do Sul. RG. De 01-04 a 16 de maio. 2010.<br \/>2008 \u2013 VIII Bienal Internacional de la Acuarela. Museo Alfredo Guardi Rojo \u2013 Cidade do M\u00e9xico, M\u00e9xico. Dezembro de 2008 a janeiro de 2009.<br \/>2008 &#8211; Dezesseis Poemas de Valderez de Barros Ilustrados por vinte e um Gravadores. Espa\u00e7o Cultural Monte Bianco. SP. De 10-12-2008 a 24-01-2009.<br \/>2008 &#8211; Pr\u00eamio Mostra Nacional \u2013 Aquarela Internacional \u2013 S\u00e3o Paulo, 2008. FASM. De 11- 08 a 04-09-2008. S\u00e3o Caetano do Sul. SP. De 13 a 31 de Ag\u00f4sto de 2008.<br \/>2008 -Exposi\u00e7\u00e3o Lugares. Fotografias. N\u00facleo de Design. Unicentro belas Artes. SP. De 05- 05 a 16-05-2008.<br \/>2007 \u2013 Vinte anos do N\u00facleo de Aquarelistas. FASM. Espa\u00e7o Eug\u00e9nie Villien. SP. De 08 a 24-10 de 2007.<br \/>2007 &#8211; Desenho da Figura Humana. Unicentro Belas Artes de SP. Agosto de 2007.<br \/>2007- Lugares. Fotografias de Antonio Rampazzo. Galeria Prof. Vicente Di Grado. Unicentro Belas Artes de S\u00e3o Paulo. SP. De 23-04 a 17-04-2007.<\/p>\n<p>Premia\u00e7\u00f5es:<br \/>Pr\u00eamio: Medalha \u201cMiguel Dutra\u201d. I Sal\u00e3o de Aquarelas de Piracicaba. Pinacoteca Miguel Dutra mar\u00e7o, 2015. Obra: Varia\u00e7\u00f5es Paradis\u00edacas XI. <br \/>Pr\u00eamio da Mostra Nacional &#8211; Aquarela internacional S\u00e3o Paulo 2008. Obras: Relic\u00e1rios 03, 05 e 06. Aquarelas s\/ papel. 50 x 70 cm. 2008. FASM, SP.<br \/>Medalha de prata: 21o Exposi\u00e7\u00e3o Sal\u00e3o Bunkyo de Artes Pl\u00e1sticas, 1992. S\u00e3o Paulo, SP \u2013 Brasil. Obra: Varia\u00e7\u00f5es Paradis\u00edacas II. Acr\u00edlica s\/ tela, 90 x 130cm. 1991.<br \/>Pr\u00eamio Prefeitura Municipal de Sorocaba e Medalha de Ouro: I Sal\u00e3o de Arte Contempor\u00e2nea. ACM, 1978. Sorocaba, SP. Brasil. Obra: Metamorfose Ambiental 41. Spray sobre tela. 100 x 70 cm. de 1976.<\/p>\n\n\n<p class=\"has-text-align-right\" style=\"font-size:16px\">\u3000<\/p>\n\n\n\n<div style=\"height:64px\" aria-hidden=\"true\" class=\"wp-block-spacer\"><\/div>\n\n\n<ul class=\"wp-block-latest-posts__list is-grid columns-3 wp-block-latest-posts\"><li><div class=\"wp-block-latest-posts__featured-image\"><a href=\"https:\/\/gifukenjinkai.org.br\/21expo\/artist-al\/antoniorampazzo\/espera-2\/\" aria-label=\"Espera\"><img loading=\"lazy\" decoding=\"async\" width=\"150\" height=\"150\" src=\"https:\/\/gifukenjinkai.org.br\/wp_expo\/wp-content\/uploads\/expo2025_sq480_Rampazzo_2_Espera-150x150.png\" class=\"attachment-thumbnail size-thumbnail wp-post-image\" alt=\"\" style=\"\" srcset=\"https:\/\/gifukenjinkai.org.br\/wp_expo\/wp-content\/uploads\/expo2025_sq480_Rampazzo_2_Espera-150x150.png 150w, https:\/\/gifukenjinkai.org.br\/wp_expo\/wp-content\/uploads\/expo2025_sq480_Rampazzo_2_Espera-300x300.png 300w, https:\/\/gifukenjinkai.org.br\/wp_expo\/wp-content\/uploads\/expo2025_sq480_Rampazzo_2_Espera.png 480w\" sizes=\"auto, (max-width: 150px) 100vw, 150px\" \/><\/a><\/div><a class=\"wp-block-latest-posts__post-title\" href=\"https:\/\/gifukenjinkai.org.br\/21expo\/artist-al\/antoniorampazzo\/espera-2\/\">Espera<\/a><\/li>\n<li><div class=\"wp-block-latest-posts__featured-image\"><a href=\"https:\/\/gifukenjinkai.org.br\/21expo\/artist-al\/antoniorampazzo\/portaldoparaiso\/\" aria-label=\"Portal do Para\u00edso\"><img loading=\"lazy\" decoding=\"async\" width=\"150\" height=\"150\" src=\"https:\/\/gifukenjinkai.org.br\/wp_expo\/wp-content\/uploads\/expo2025_sq480_Rampazzo_1_PortalDoParaiso-150x150.png\" class=\"attachment-thumbnail size-thumbnail wp-post-image\" alt=\"\" style=\"\" srcset=\"https:\/\/gifukenjinkai.org.br\/wp_expo\/wp-content\/uploads\/expo2025_sq480_Rampazzo_1_PortalDoParaiso-150x150.png 150w, https:\/\/gifukenjinkai.org.br\/wp_expo\/wp-content\/uploads\/expo2025_sq480_Rampazzo_1_PortalDoParaiso-300x300.png 300w, https:\/\/gifukenjinkai.org.br\/wp_expo\/wp-content\/uploads\/expo2025_sq480_Rampazzo_1_PortalDoParaiso.png 480w\" sizes=\"auto, (max-width: 150px) 100vw, 150px\" \/><\/a><\/div><a class=\"wp-block-latest-posts__post-title\" href=\"https:\/\/gifukenjinkai.org.br\/21expo\/artist-al\/antoniorampazzo\/portaldoparaiso\/\">Portal do Para\u00edso<\/a><\/li>\n<\/ul>\n\n\n<p><\/p>\n","protected":false},"excerpt":{"rendered":"<p>ANTONIO RAMPAZZO(\u30a2\u30f3\u30c8\u30cb\u30aa\uff65\u30cf\u30f3\u30d1\u30c3\u30c4\u30a9) \u3000 Natural de Mineiros do Tiet\u00ea, SP, formado em Artes Pl\u00e1sticas pela Faculdade de Belas Artes de S\u00e3o [&hellip;]<\/p>\n","protected":false},"author":5,"featured_media":0,"parent":76,"menu_order":0,"comment_status":"closed","ping_status":"closed","template":"","meta":{"_uag_custom_page_level_css":"","site-sidebar-layout":"default","site-content-layout":"","ast-site-content-layout":"default","site-content-style":"default","site-sidebar-style":"default","ast-global-header-display":"","ast-banner-title-visibility":"","ast-main-header-display":"","ast-hfb-above-header-display":"","ast-hfb-below-header-display":"","ast-hfb-mobile-header-display":"","site-post-title":"disabled","ast-breadcrumbs-content":"","ast-featured-img":"","footer-sml-layout":"","ast-disable-related-posts":"","theme-transparent-header-meta":"","adv-header-id-meta":"","stick-header-meta":"","header-above-stick-meta":"","header-main-stick-meta":"","header-below-stick-meta":"","astra-migrate-meta-layouts":"default","ast-page-background-enabled":"default","ast-page-background-meta":{"desktop":{"background-color":"var(--ast-global-color-4)","background-image":"","background-repeat":"repeat","background-position":"center center","background-size":"auto","background-attachment":"scroll","background-type":"","background-media":"","overlay-type":"","overlay-color":"","overlay-opacity":"","overlay-gradient":""},"tablet":{"background-color":"","background-image":"","background-repeat":"repeat","background-position":"center center","background-size":"auto","background-attachment":"scroll","background-type":"","background-media":"","overlay-type":"","overlay-color":"","overlay-opacity":"","overlay-gradient":""},"mobile":{"background-color":"","background-image":"","background-repeat":"repeat","background-position":"center center","background-size":"auto","background-attachment":"scroll","background-type":"","background-media":"","overlay-type":"","overlay-color":"","overlay-opacity":"","overlay-gradient":""}},"ast-content-background-meta":{"desktop":{"background-color":"var(--ast-global-color-5)","background-image":"","background-repeat":"repeat","background-position":"center center","background-size":"auto","background-attachment":"scroll","background-type":"","background-media":"","overlay-type":"","overlay-color":"","overlay-opacity":"","overlay-gradient":""},"tablet":{"background-color":"var(--ast-global-color-5)","background-image":"","background-repeat":"repeat","background-position":"center center","background-size":"auto","background-attachment":"scroll","background-type":"","background-media":"","overlay-type":"","overlay-color":"","overlay-opacity":"","overlay-gradient":""},"mobile":{"background-color":"var(--ast-global-color-5)","background-image":"","background-repeat":"repeat","background-position":"center center","background-size":"auto","background-attachment":"scroll","background-type":"","background-media":"","overlay-type":"","overlay-color":"","overlay-opacity":"","overlay-gradient":""}},"footnotes":""},"class_list":["post-2043","page","type-page","status-publish","hentry"],"uagb_featured_image_src":{"full":false,"thumbnail":false,"medium":false,"medium_large":false,"large":false,"1536x1536":false,"2048x2048":false},"uagb_author_info":{"display_name":"mty","author_link":"https:\/\/gifukenjinkai.org.br\/21expo\/author\/mty\/"},"uagb_comment_info":0,"uagb_excerpt":"ANTONIO RAMPAZZO(\u30a2\u30f3\u30c8\u30cb\u30aa\uff65\u30cf\u30f3\u30d1\u30c3\u30c4\u30a9) \u3000 Natural de Mineiros do Tiet\u00ea, SP, formado em Artes Pl\u00e1sticas pela Faculdade de Belas Artes de S\u00e3o [&hellip;]","_links":{"self":[{"href":"https:\/\/gifukenjinkai.org.br\/21expo\/wp-json\/wp\/v2\/pages\/2043","targetHints":{"allow":["GET"]}}],"collection":[{"href":"https:\/\/gifukenjinkai.org.br\/21expo\/wp-json\/wp\/v2\/pages"}],"about":[{"href":"https:\/\/gifukenjinkai.org.br\/21expo\/wp-json\/wp\/v2\/types\/page"}],"author":[{"embeddable":true,"href":"https:\/\/gifukenjinkai.org.br\/21expo\/wp-json\/wp\/v2\/users\/5"}],"replies":[{"embeddable":true,"href":"https:\/\/gifukenjinkai.org.br\/21expo\/wp-json\/wp\/v2\/comments?post=2043"}],"version-history":[{"count":5,"href":"https:\/\/gifukenjinkai.org.br\/21expo\/wp-json\/wp\/v2\/pages\/2043\/revisions"}],"predecessor-version":[{"id":2478,"href":"https:\/\/gifukenjinkai.org.br\/21expo\/wp-json\/wp\/v2\/pages\/2043\/revisions\/2478"}],"up":[{"embeddable":true,"href":"https:\/\/gifukenjinkai.org.br\/21expo\/wp-json\/wp\/v2\/pages\/76"}],"wp:attachment":[{"href":"https:\/\/gifukenjinkai.org.br\/21expo\/wp-json\/wp\/v2\/media?parent=2043"}],"curies":[{"name":"wp","href":"https:\/\/api.w.org\/{rel}","templated":true}]}}

ANTONIO RAMPAZZO (アントニオ･ハンパッツォ)

<h2 class="wp-block-heading">ANTONIO RAMPAZZO<br>(アントニオ･ハンパッツォ)</h2>



<p class="has-text-align-right" style="font-size:16px">　</p>


<p>Natural de Mineiros do Tietê, SP, formado em Artes Plásticas pela Faculdade de Belas Artes de São Paulo; Especialista em Artes Plásticas &#8211; aquarela, pela FASM; Mestre em Educação, Arte e História da Cultura, pela Universidade Presbiteriana Mackenzie. Lecionou nos Cursos de Bacharelado em Artes Visuais e Bacharelado em Design Gráfico, ambos no Centro Universitário Belas Artes de São Paulo por longos anos.<br />Como artista plástico, expõe coletiva ou individualmente, gravuras, pinturas, aquarelas e fotografias em exposições individuais e coletivas, no país e no exterior, com vários prêmios em Salões de Arte.</p>
<p>Publicações<br />As quatro garrafas. Contos. Editora Giostri, SP. 2024.<br />Pequenas histórias Contos.Editora Mireveja, SP. 2021.<br />Íntimas paisagens. Poesia, Editora Mireveja, SP. 2021.<br />Pelos trilhos &#8211; Fotografias. 2017. 376 p.:30,5 x 22,0 cm. Ipsis Gráfica e Editora, SP. 2017, (Impresso único, reservado) <br />Pequenos poemas e outros escritos. Mackenzie Editora, SP. 2000 – v. 1.; 213 páginas, 21&#215;14 cm. Poesia<br />Atalhos, trilhas, traços… Empresa Gráfica da Revista dos Tribunais. SP. 1978 v.1. 76 páginas, 24&#215;16 cm. Poesia.<br />Cores neutras. Editora Grafistil, SP. 1977 – v.1. 55 páginas. il. 32 x 22,5 cm. Poesia.</p>
<p>Exposições:<br />2017 – ABA 30 anos. Pinacoteca Municipal “Miguel Dutra”, Piracicaba, SP. 03-06 a 01-07-2017.<br />2016 – Aquarelas ABA – 2016. Aracajú, SE. 15-04 a 14-05-2016.<br />2016 – Fabriano in Acquqrello. Fabriano, Itália. 21-04 a 24-04-2016.<br />2015 &#8211; XIII Território da Arte de Araraquara. Mostra de Artes Visuais.<br />15 de maio a 30 de junho de 2015. Teatro |Municipal Pref. Clodoaldo Medina.<br />2015 – I Salão de Aquarelas. Pinacoteca Municipal “Miguel Dutra”. Piracicaba, São Paulo.De 27-05-2015 a 03-06-2015. Prêmio: Medalha “Miguel Dutra”. <br />2014 – XI Bienal Internacional de La Acuarela. Museo Nacional de la acuarela “Alfredo Guati Rojo”. Cidade do México. México. De 07-12-2014 a 11-01-2015. <br />2014 – Luz na fotografia. Espaço Cultural Água Branca. S. Paulo. 06-09 a 30-09-2014.<br />2014 – Interlocuções entre prática e docência, professores pintores. Verve Galeria. S. P. 23-08 a 23-09-2014.<br />2014 – Fabriano InAcquarello 2014. Mostra internacional de Aquarelas. De 12 de junho a 06 de julho. Museo della Carta e della Filigrana. Fabriano. Itália. Obra: Broadway. Aquarela. 02. 35,5 x 51 cm. 2012.<br />2014 – 2° Salão de outono da América Latina. Galeria Marta Traba, 08-05 a 01-06-2014. Memorial da América Latina. S. P.. 3 Obras: Relicários II – Capelas.</p>
<p>Fotografias. <br />2014 – Encantamentos. Espaço Cultural Água Branca. S. P. 07-12-2013 a 03-01-2014.<br />2013 – Serra da Cantareira. Exposição de Aquarelas. Espaço Cultural parque da Água Branca SP. De 02 a 31-05-2013.<br />2013 &#8211; 1° Salão de Outono da América Latina. Galeria L’Oeil da Aliança Francesa. São Paulo. De 10 a 23-05-2013. Obras: Variações Paradisíacas V e XIV. Aquarela s/ papel. 76 x x 56 cm. 2012.<br />2012 – 3º Festival Internazionale Dell’acquarello. Ballagio, Itália. 2012.<br />2012 – A imagem na Gravura. Espaço Cultural II. Parque da Água Branca, SP. De 04 a 28-12-2012.<br />2010 &#8211; RELICÁRIOS. Mostra fotográfica. Salão da Fotografia Consigo. 02 a 26-06-2010. <br />2010 – Mostra: Dezesseis Poemas de Valderez de Barros Ilustrados por vinte e um Gravadores. Museu de Arte Contemporânea do Rio Grande Do Sul. RG. De 01-04 a 16 de maio. 2010.<br />2008 – VIII Bienal Internacional de la Acuarela. Museo Alfredo Guardi Rojo – Cidade do México, México. Dezembro de 2008 a janeiro de 2009.<br />2008 &#8211; Dezesseis Poemas de Valderez de Barros Ilustrados por vinte e um Gravadores. Espaço Cultural Monte Bianco. SP. De 10-12-2008 a 24-01-2009.<br />2008 &#8211; Prêmio Mostra Nacional – Aquarela Internacional – São Paulo, 2008. FASM. De 11- 08 a 04-09-2008. São Caetano do Sul. SP. De 13 a 31 de Agôsto de 2008.<br />2008 -Exposição Lugares. Fotografias. Núcleo de Design. Unicentro belas Artes. SP. De 05- 05 a 16-05-2008.<br />2007 – Vinte anos do Núcleo de Aquarelistas. FASM. Espaço Eugénie Villien. SP. De 08 a 24-10 de 2007.<br />2007 &#8211; Desenho da Figura Humana. Unicentro Belas Artes de SP. Agosto de 2007.<br />2007- Lugares. Fotografias de Antonio Rampazzo. Galeria Prof. Vicente Di Grado. Unicentro Belas Artes de São Paulo. SP. De 23-04 a 17-04-2007.</p>
<p>Premiações:<br />Prêmio: Medalha “Miguel Dutra”. I Salão de Aquarelas de Piracicaba. Pinacoteca Miguel Dutra março, 2015. Obra: Variações Paradisíacas XI. <br />Prêmio da Mostra Nacional &#8211; Aquarela internacional São Paulo 2008. Obras: Relicários 03, 05 e 06. Aquarelas s/ papel. 50 x 70 cm. 2008. FASM, SP.<br />Medalha de prata: 21o Exposição Salão Bunkyo de Artes Plásticas, 1992. São Paulo, SP – Brasil. Obra: Variações Paradisíacas II. Acrílica s/ tela, 90 x 130cm. 1991.<br />Prêmio Prefeitura Municipal de Sorocaba e Medalha de Ouro: I Salão de Arte Contemporânea. ACM, 1978. Sorocaba, SP. Brasil. Obra: Metamorfose Ambiental 41. Spray sobre tela. 100 x 70 cm. de 1976.</p>


<p class="has-text-align-right" style="font-size:16px">　</p>



<div style="height:64px" aria-hidden="true" class="wp-block-spacer"></div>


<ul class="wp-block-latest-posts__list is-grid columns-3 wp-block-latest-posts"><li><div class="wp-block-latest-posts__featured-image"><a href="https://gifukenjinkai.org.br/21expo/artist-al/antoniorampazzo/espera-2/" aria-label="Espera"><img loading="lazy" decoding="async" width="150" height="150" src="https://gifukenjinkai.org.br/wp_expo/wp-content/uploads/expo2025_sq480_Rampazzo_2_Espera-150x150.png" class="attachment-thumbnail size-thumbnail wp-post-image" alt="" style="" srcset="https://gifukenjinkai.org.br/wp_expo/wp-content/uploads/expo2025_sq480_Rampazzo_2_Espera-150x150.png 150w, https://gifukenjinkai.org.br/wp_expo/wp-content/uploads/expo2025_sq480_Rampazzo_2_Espera-300x300.png 300w, https://gifukenjinkai.org.br/wp_expo/wp-content/uploads/expo2025_sq480_Rampazzo_2_Espera.png 480w" sizes="auto, (max-width: 150px) 100vw, 150px" /></a></div><a class="wp-block-latest-posts__post-title" href="https://gifukenjinkai.org.br/21expo/artist-al/antoniorampazzo/espera-2/">Espera</a></li>
<li><div class="wp-block-latest-posts__featured-image"><a href="https://gifukenjinkai.org.br/21expo/artist-al/antoniorampazzo/portaldoparaiso/" aria-label="Portal do Paraíso"><img loading="lazy" decoding="async" width="150" height="150" src="https://gifukenjinkai.org.br/wp_expo/wp-content/uploads/expo2025_sq480_Rampazzo_1_PortalDoParaiso-150x150.png" class="attachment-thumbnail size-thumbnail wp-post-image" alt="" style="" srcset="https://gifukenjinkai.org.br/wp_expo/wp-content/uploads/expo2025_sq480_Rampazzo_1_PortalDoParaiso-150x150.png 150w, https://gifukenjinkai.org.br/wp_expo/wp-content/uploads/expo2025_sq480_Rampazzo_1_PortalDoParaiso-300x300.png 300w, https://gifukenjinkai.org.br/wp_expo/wp-content/uploads/expo2025_sq480_Rampazzo_1_PortalDoParaiso.png 480w" sizes="auto, (max-width: 150px) 100vw, 150px" /></a></div><a class="wp-block-latest-posts__post-title" href="https://gifukenjinkai.org.br/21expo/artist-al/antoniorampazzo/portaldoparaiso/">Portal do Paraíso</a></li>
</ul>


<p></p>

<p>ANTONIO RAMPAZZO(アントニオ･ハンパッツォ) 　 Natural de Mineiros do Tietê, SP, formado em Artes Plásticas pela Faculdade de Belas Artes de São [&hellip;]</p>

ANTONIO RAMPAZZO(アントニオ･ハンパッツォ) 　 Natural de Mineiros do Tietê, SP, formado em Artes Plásticas pela Faculdade de Belas Artes de São [&hellip;]
